-- https://www.phpmyadmin.net/
--

START TRANSACTION;



--
-- Database: `espoir_tech`
--

-- --------------------------------------------------------

--
-- Table structure for table `about_us_page_banner`
--

CREATE TABLE `about_us_page_banner` (
  `id` bigint(20) NOT NULL,
  `deleted_at` datetime(6) DEFAULT NULL,
  `title` varchar(500) DEFAULT NULL,
  `file` longtext DEFAULT NULL,
  `status` tinyint(1) NOT NULL,
  `created_at` datetime(6) NOT NULL,
  `updated_at` datetime(6) NOT NULL
) ENGINE=InnoDB DEFAULT CHARSET=utf8mb4 COLLATE=utf8mb4_general_ci;

--
-- Dumping data for table `about_us_page_banner`
--

INSERT INTO `about_us_page_banner` (`id`, `deleted_at`, `title`, `file`, `status`, `created_at`, `updated_at`) VALUES
(1, NULL, 'Vigyana', NULL, 1, '2025-07-24 11:43:19.576065', '2025-07-24 11:43:19.576078');

-- --------------------------------------------------------

--
-- Table structure for table `about_us_page_ourteam`
--

CREATE TABLE `about_us_page_ourteam` (
  `id` bigint(20) NOT NULL,
  `deleted_at` datetime(6) DEFAULT NULL,
  `name` varchar(500) DEFAULT NULL,
  `role` longtext DEFAULT NULL,
  `file` longtext DEFAULT NULL,
  `status` tinyint(1) NOT NULL,
  `created_at` datetime(6) NOT NULL,
  `updated_at` datetime(6) NOT NULL
) ENGINE=InnoDB DEFAULT CHARSET=utf8mb4 COLLATE=utf8mb4_general_ci;

-- --------------------------------------------------------

--
-- Table structure for table `about_us_page_somethingnew`
--

CREATE TABLE `about_us_page_somethingnew` (
  `id` bigint(20) NOT NULL,
  `deleted_at` datetime(6) DEFAULT NULL,
  `title` varchar(500) DEFAULT NULL,
  `file` longtext DEFAULT NULL,
  `line_1` longtext DEFAULT NULL,
  `line_2` longtext DEFAULT NULL,
  `status` tinyint(1) NOT NULL,
  `created_at` datetime(6) NOT NULL,
  `updated_at` datetime(6) NOT NULL
) ENGINE=InnoDB DEFAULT CHARSET=utf8mb4 COLLATE=utf8mb4_general_ci;

--
-- Dumping data for table `about_us_page_somethingnew`
--

INSERT INTO `about_us_page_somethingnew` (`id`, `deleted_at`, `title`, `file`, `line_1`, `line_2`, `status`, `created_at`, `updated_at`) VALUES
(1, NULL, 'Vigyana', NULL, 'The future of content creation is being rapidly reshaped by AI, allowing for hyper-personalized experiences and streamlined workflows.', 'As technology evolves, creators will increasingly leverage these tools to amplify their creativity and connect with audiences in innovative ways.', 1, '2025-07-24 11:43:19.649760', '2025-07-24 11:43:19.649774');

-- --------------------------------------------------------

--
-- Table structure for table `about_us_page_values`
--

CREATE TABLE `about_us_page_values` (
  `id` bigint(20) NOT NULL,
  `deleted_at` datetime(6) DEFAULT NULL,
  `title` varchar(500) DEFAULT NULL,
  `description` longtext DEFAULT NULL,
  `status` tinyint(1) NOT NULL,
  `created_at` datetime(6) NOT NULL,
  `updated_at` datetime(6) NOT NULL
) ENGINE=InnoDB DEFAULT CHARSET=utf8mb4 COLLATE=utf8mb4_general_ci;

-- --------------------------------------------------------

--
-- Table structure for table `about_us_page_whychooseus`
--

CREATE TABLE `about_us_page_whychooseus` (
  `id` bigint(20) NOT NULL,
  `deleted_at` datetime(6) DEFAULT NULL,
  `title` varchar(500) DEFAULT NULL,
  `description` longtext DEFAULT NULL,
  `file` longtext DEFAULT NULL,
  `status` tinyint(1) NOT NULL,
  `created_at` datetime(6) NOT NULL,
  `updated_at` datetime(6) NOT NULL
) ENGINE=InnoDB DEFAULT CHARSET=utf8mb4 COLLATE=utf8mb4_general_ci;

-- --------------------------------------------------------

--
-- Table structure for table `app_setup`
--

CREATE TABLE `app_setup` (
  `id` bigint(20) NOT NULL,
  `deleted_at` datetime(6) DEFAULT NULL,
  `credit_price` double NOT NULL,
  `status` tinyint(1) NOT NULL,
  `created_at` datetime(6) NOT NULL,
  `updated_at` datetime(6) NOT NULL,
  `email` longtext DEFAULT NULL,
  `contact_no` longtext DEFAULT NULL,
  `location` longtext DEFAULT NULL,
  `current_users` longtext NOT NULL,
  `generated_results` longtext NOT NULL,
  `ratings` longtext NOT NULL,
  `satisfied_users` longtext NOT NULL
) ENGINE=InnoDB DEFAULT CHARSET=utf8mb4 COLLATE=utf8mb4_general_ci;

--
-- Dumping data for table `app_setup`
--

INSERT INTO `app_setup` (`id`, `deleted_at`, `credit_price`, `status`, `created_at`, `updated_at`, `email`, `contact_no`, `location`, `current_users`, `generated_results`, `ratings`, `satisfied_users`) VALUES
(1, NULL, 2.5, 1, '2025-07-24 11:43:22.878510', '2025-07-24 11:43:22.878523', 'vigyana@gmail.com', '8421245175', 'Pune', '51K', '30M', '8.5/10', '80K');

-- --------------------------------------------------------

--
-- Table structure for table `auth_group`
--

CREATE TABLE `auth_group` (
  `id` int(11) NOT NULL,
  `name` varchar(150) NOT NULL
) ENGINE=InnoDB DEFAULT CHARSET=utf8mb4 COLLATE=utf8mb4_general_ci;

-- --------------------------------------------------------

--
-- Table structure for table `auth_group_permissions`
--

CREATE TABLE `auth_group_permissions` (
  `id` bigint(20) NOT NULL,
  `group_id` int(11) NOT NULL,
  `permission_id` int(11) NOT NULL
) ENGINE=InnoDB DEFAULT CHARSET=utf8mb4 COLLATE=utf8mb4_general_ci;

-- --------------------------------------------------------

--
-- Table structure for table `auth_permission`
--

CREATE TABLE `auth_permission` (
  `id` int(11) NOT NULL,
  `name` varchar(255) NOT NULL,
  `content_type_id` int(11) NOT NULL,
  `codename` varchar(100) NOT NULL
) ENGINE=InnoDB DEFAULT CHARSET=utf8mb4 COLLATE=utf8mb4_general_ci;

--
-- Dumping data for table `auth_permission`
--

INSERT INTO `auth_permission` (`id`, `name`, `content_type_id`, `codename`) VALUES
(1, 'Can add log entry', 1, 'add_logentry'),
(2, 'Can change log entry', 1, 'change_logentry'),
(3, 'Can delete log entry', 1, 'delete_logentry'),
(4, 'Can view log entry', 1, 'view_logentry'),
(5, 'Can add permission', 2, 'add_permission'),
(6, 'Can change permission', 2, 'change_permission'),
(7, 'Can delete permission', 2, 'delete_permission'),
(8, 'Can view permission', 2, 'view_permission'),
(9, 'Can add group', 3, 'add_group'),
(10, 'Can change group', 3, 'change_group'),
(11, 'Can delete group', 3, 'delete_group'),
(12, 'Can view group', 3, 'view_group'),
(13, 'Can add content type', 4, 'add_contenttype'),
(14, 'Can change content type', 4, 'change_contenttype'),
(15, 'Can delete content type', 4, 'delete_contenttype'),
(16, 'Can view content type', 4, 'view_contenttype'),
(17, 'Can add session', 5, 'add_session'),
(18, 'Can change session', 5, 'change_session'),
(19, 'Can delete session', 5, 'delete_session'),
(20, 'Can view session', 5, 'view_session'),
(21, 'Can add country', 6, 'add_country'),
(22, 'Can change country', 6, 'change_country'),
(23, 'Can delete country', 6, 'delete_country'),
(24, 'Can view country', 6, 'view_country'),
(25, 'Can add state', 7, 'add_state'),
(26, 'Can change state', 7, 'change_state'),
(27, 'Can delete state', 7, 'delete_state'),
(28, 'Can view state', 7, 'view_state'),
(29, 'Can add city', 8, 'add_city'),
(30, 'Can change city', 8, 'change_city'),
(31, 'Can delete city', 8, 'delete_city'),
(32, 'Can view city', 8, 'view_city'),
(33, 'Can add pincode', 9, 'add_pincode'),
(34, 'Can change pincode', 9, 'change_pincode'),
(35, 'Can delete pincode', 9, 'delete_pincode'),
(36, 'Can view pincode', 9, 'view_pincode'),
(37, 'Can add app setup', 10, 'add_appsetup'),
(38, 'Can change app setup', 10, 'change_appsetup'),
(39, 'Can delete app setup', 10, 'delete_appsetup'),
(40, 'Can view app setup', 10, 'view_appsetup'),
(41, 'Can add discount codes', 11, 'add_discountcodes'),
(42, 'Can change discount codes', 11, 'change_discountcodes'),
(43, 'Can delete discount codes', 11, 'delete_discountcodes'),
(44, 'Can view discount codes', 11, 'view_discountcodes'),
(45, 'Can add input types', 12, 'add_inputtypes'),
(46, 'Can change input types', 12, 'change_inputtypes'),
(47, 'Can delete input types', 12, 'delete_inputtypes'),
(48, 'Can view input types', 12, 'view_inputtypes'),
(49, 'Can add type', 13, 'add_type'),
(50, 'Can change type', 13, 'change_type'),
(51, 'Can delete type', 13, 'delete_type'),
(52, 'Can view type', 13, 'view_type'),
(53, 'Can add subtype', 14, 'add_subtype'),
(54, 'Can change subtype', 14, 'change_subtype'),
(55, 'Can delete subtype', 14, 'delete_subtype'),
(56, 'Can view subtype', 14, 'view_subtype'),
(57, 'Can add forms', 15, 'add_forms'),
(58, 'Can change forms', 15, 'change_forms'),
(59, 'Can delete forms', 15, 'delete_forms'),
(60, 'Can view forms', 15, 'view_forms'),
(61, 'Can add subscription plans', 16, 'add_subscriptionplans'),
(62, 'Can change subscription plans', 16, 'change_subscriptionplans'),
(63, 'Can delete subscription plans', 16, 'delete_subscriptionplans'),
(64, 'Can view subscription plans', 16, 'view_subscriptionplans'),
(65, 'Can add subscription plans details', 17, 'add_subscriptionplansdetails'),
(66, 'Can change subscription plans details', 17, 'change_subscriptionplansdetails'),
(67, 'Can delete subscription plans details', 17, 'delete_subscriptionplansdetails'),
(68, 'Can view subscription plans details', 17, 'view_subscriptionplansdetails'),
(69, 'Can add groups', 18, 'add_groups'),
(70, 'Can change groups', 18, 'change_groups'),
(71, 'Can delete groups', 18, 'delete_groups'),
(72, 'Can view groups', 18, 'view_groups'),
(73, 'Can add inputs', 19, 'add_inputs'),
(74, 'Can change inputs', 19, 'change_inputs'),
(75, 'Can delete inputs', 19, 'delete_inputs'),
(76, 'Can view inputs', 19, 'view_inputs'),
(77, 'Can add groups', 20, 'add_groups'),
(78, 'Can change groups', 20, 'change_groups'),
(79, 'Can delete groups', 20, 'delete_groups'),
(80, 'Can view groups', 20, 'view_groups'),
(81, 'Can add inputs', 21, 'add_inputs'),
(82, 'Can change inputs', 21, 'change_inputs'),
(83, 'Can delete inputs', 21, 'delete_inputs'),
(84, 'Can view inputs', 21, 'view_inputs'),
(85, 'Can add btn inputs', 22, 'add_btninputs'),
(86, 'Can change btn inputs', 22, 'change_btninputs'),
(87, 'Can delete btn inputs', 22, 'delete_btninputs'),
(88, 'Can view btn inputs', 22, 'view_btninputs'),
(89, 'Can add btn groups', 23, 'add_btngroups'),
(90, 'Can change btn groups', 23, 'change_btngroups'),
(91, 'Can delete btn groups', 23, 'delete_btngroups'),
(92, 'Can view btn groups', 23, 'view_btngroups'),
(93, 'Can add groups', 24, 'add_groups'),
(94, 'Can change groups', 24, 'change_groups'),
(95, 'Can delete groups', 24, 'delete_groups'),
(96, 'Can view groups', 24, 'view_groups'),
(97, 'Can add inputs', 25, 'add_inputs'),
(98, 'Can change inputs', 25, 'change_inputs'),
(99, 'Can delete inputs', 25, 'delete_inputs'),
(100, 'Can view inputs', 25, 'view_inputs'),
(101, 'Can add groups', 26, 'add_groups'),
(102, 'Can change groups', 26, 'change_groups'),
(103, 'Can delete groups', 26, 'delete_groups'),
(104, 'Can view groups', 26, 'view_groups'),
(105, 'Can add inputs', 27, 'add_inputs'),
(106, 'Can change inputs', 27, 'change_inputs'),
(107, 'Can delete inputs', 27, 'delete_inputs'),
(108, 'Can view inputs', 27, 'view_inputs'),
(109, 'Can add btn inputs', 28, 'add_btninputs'),
(110, 'Can change btn inputs', 28, 'change_btninputs'),
(111, 'Can delete btn inputs', 28, 'delete_btninputs'),
(112, 'Can view btn inputs', 28, 'view_btninputs'),
(113, 'Can add btn groups', 29, 'add_btngroups'),
(114, 'Can change btn groups', 29, 'change_btngroups'),
(115, 'Can delete btn groups', 29, 'delete_btngroups'),
(116, 'Can view btn groups', 29, 'view_btngroups'),
(117, 'Can add btn groups', 30, 'add_btngroups'),
(118, 'Can change btn groups', 30, 'change_btngroups'),
(119, 'Can delete btn groups', 30, 'delete_btngroups'),
(120, 'Can view btn groups', 30, 'view_btngroups'),
(121, 'Can add groups', 31, 'add_groups'),
(122, 'Can change groups', 31, 'change_groups'),
(123, 'Can delete groups', 31, 'delete_groups'),
(124, 'Can view groups', 31, 'view_groups'),
(125, 'Can add inputs', 32, 'add_inputs'),
(126, 'Can change inputs', 32, 'change_inputs'),
(127, 'Can delete inputs', 32, 'delete_inputs'),
(128, 'Can view inputs', 32, 'view_inputs'),
(129, 'Can add btn inputs', 33, 'add_btninputs'),
(130, 'Can change btn inputs', 33, 'change_btninputs'),
(131, 'Can delete btn inputs', 33, 'delete_btninputs'),
(132, 'Can view btn inputs', 33, 'view_btninputs'),
(133, 'Can add groups', 34, 'add_groups'),
(134, 'Can change groups', 34, 'change_groups'),
(135, 'Can delete groups', 34, 'delete_groups'),
(136, 'Can view groups', 34, 'view_groups'),
(137, 'Can add menu', 35, 'add_menu'),
(138, 'Can change menu', 35, 'change_menu'),
(139, 'Can delete menu', 35, 'delete_menu'),
(140, 'Can view menu', 35, 'view_menu'),
(141, 'Can add inputs', 36, 'add_inputs'),
(142, 'Can change inputs', 36, 'change_inputs'),
(143, 'Can delete inputs', 36, 'delete_inputs'),
(144, 'Can view inputs', 36, 'view_inputs'),
(145, 'Can add groups', 37, 'add_groups'),
(146, 'Can change groups', 37, 'change_groups'),
(147, 'Can delete groups', 37, 'delete_groups'),
(148, 'Can view groups', 37, 'view_groups'),
(149, 'Can add menu', 38, 'add_menu'),
(150, 'Can change menu', 38, 'change_menu'),
(151, 'Can delete menu', 38, 'delete_menu'),
(152, 'Can view menu', 38, 'view_menu'),
(153, 'Can add inputs', 39, 'add_inputs'),
(154, 'Can change inputs', 39, 'change_inputs'),
(155, 'Can delete inputs', 39, 'delete_inputs'),
(156, 'Can view inputs', 39, 'view_inputs'),
(157, 'Can add btn groups', 40, 'add_btngroups'),
(158, 'Can change btn groups', 40, 'change_btngroups'),
(159, 'Can delete btn groups', 40, 'delete_btngroups'),
(160, 'Can view btn groups', 40, 'view_btngroups'),
(161, 'Can add groups', 41, 'add_groups'),
(162, 'Can change groups', 41, 'change_groups'),
(163, 'Can delete groups', 41, 'delete_groups'),
(164, 'Can view groups', 41, 'view_groups'),
(165, 'Can add inputs', 42, 'add_inputs'),
(166, 'Can change inputs', 42, 'change_inputs'),
(167, 'Can delete inputs', 42, 'delete_inputs'),
(168, 'Can view inputs', 42, 'view_inputs'),
(169, 'Can add btn inputs', 43, 'add_btninputs'),
(170, 'Can change btn inputs', 43, 'change_btninputs'),
(171, 'Can delete btn inputs', 43, 'delete_btninputs'),
(172, 'Can view btn inputs', 43, 'view_btninputs'),
(173, 'Can add btn groups', 44, 'add_btngroups'),
(174, 'Can change btn groups', 44, 'change_btngroups'),
(175, 'Can delete btn groups', 44, 'delete_btngroups'),
(176, 'Can view btn groups', 44, 'view_btngroups'),
(177, 'Can add groups', 45, 'add_groups'),
(178, 'Can change groups', 45, 'change_groups'),
(179, 'Can delete groups', 45, 'delete_groups'),
(180, 'Can view groups', 45, 'view_groups'),
(181, 'Can add inputs', 46, 'add_inputs'),
(182, 'Can change inputs', 46, 'change_inputs'),
(183, 'Can delete inputs', 46, 'delete_inputs'),
(184, 'Can view inputs', 46, 'view_inputs'),
(185, 'Can add btn inputs', 47, 'add_btninputs'),
(186, 'Can change btn inputs', 47, 'change_btninputs'),
(187, 'Can delete btn inputs', 47, 'delete_btninputs'),
(188, 'Can view btn inputs', 47, 'view_btninputs'),
(189, 'Can add btn groups', 48, 'add_btngroups'),
(190, 'Can change btn groups', 48, 'change_btngroups'),
(191, 'Can delete btn groups', 48, 'delete_btngroups'),
(192, 'Can view btn groups', 48, 'view_btngroups'),
(193, 'Can add groups', 49, 'add_groups'),
(194, 'Can change groups', 49, 'change_groups'),
(195, 'Can delete groups', 49, 'delete_groups'),
(196, 'Can view groups', 49, 'view_groups'),
(197, 'Can add inputs', 50, 'add_inputs'),
(198, 'Can change inputs', 50, 'change_inputs'),
(199, 'Can delete inputs', 50, 'delete_inputs'),
(200, 'Can view inputs', 50, 'view_inputs'),
(201, 'Can add btn inputs', 51, 'add_btninputs'),
(202, 'Can change btn inputs', 51, 'change_btninputs'),
(203, 'Can delete btn inputs', 51, 'delete_btninputs'),
(204, 'Can view btn inputs', 51, 'view_btninputs'),
(205, 'Can add btn groups', 52, 'add_btngroups'),
(206, 'Can change btn groups', 52, 'change_btngroups'),
(207, 'Can delete btn groups', 52, 'delete_btngroups'),
(208, 'Can view btn groups', 52, 'view_btngroups'),
(209, 'Can add groups', 53, 'add_groups'),
(210, 'Can change groups', 53, 'change_groups'),
(211, 'Can delete groups', 53, 'delete_groups'),
(212, 'Can view groups', 53, 'view_groups'),
(213, 'Can add inputs', 54, 'add_inputs'),
(214, 'Can change inputs', 54, 'change_inputs'),
(215, 'Can delete inputs', 54, 'delete_inputs'),
(216, 'Can view inputs', 54, 'view_inputs'),
(217, 'Can add btn inputs', 55, 'add_btninputs'),
(218, 'Can change btn inputs', 55, 'change_btninputs'),
(219, 'Can delete btn inputs', 55, 'delete_btninputs'),
(220, 'Can view btn inputs', 55, 'view_btninputs'),
(221, 'Can add btn groups', 56, 'add_btngroups'),
(222, 'Can change btn groups', 56, 'change_btngroups'),
(223, 'Can delete btn groups', 56, 'delete_btngroups'),
(224, 'Can view btn groups', 56, 'view_btngroups'),
(225, 'Can add groups', 57, 'add_groups'),
(226, 'Can change groups', 57, 'change_groups'),
(227, 'Can delete groups', 57, 'delete_groups'),
(228, 'Can view groups', 57, 'view_groups'),
(229, 'Can add inputs', 58, 'add_inputs'),
(230, 'Can change inputs', 58, 'change_inputs'),
(231, 'Can delete inputs', 58, 'delete_inputs'),
(232, 'Can view inputs', 58, 'view_inputs'),
(233, 'Can add btn inputs', 59, 'add_btninputs'),
(234, 'Can change btn inputs', 59, 'change_btninputs'),
(235, 'Can delete btn inputs', 59, 'delete_btninputs'),
(236, 'Can view btn inputs', 59, 'view_btninputs'),
(237, 'Can add btn groups', 60, 'add_btngroups'),
(238, 'Can change btn groups', 60, 'change_btngroups'),
(239, 'Can delete btn groups', 60, 'delete_btngroups'),
(240, 'Can view btn groups', 60, 'view_btngroups'),
(241, 'Can add groups', 61, 'add_groups'),
(242, 'Can change groups', 61, 'change_groups'),
(243, 'Can delete groups', 61, 'delete_groups'),
(244, 'Can view groups', 61, 'view_groups'),
(245, 'Can add inputs', 62, 'add_inputs'),
(246, 'Can change inputs', 62, 'change_inputs'),
(247, 'Can delete inputs', 62, 'delete_inputs'),
(248, 'Can view inputs', 62, 'view_inputs'),
(249, 'Can add btn inputs', 63, 'add_btninputs'),
(250, 'Can change btn inputs', 63, 'change_btninputs'),
(251, 'Can delete btn inputs', 63, 'delete_btninputs'),
(252, 'Can view btn inputs', 63, 'view_btninputs'),
(253, 'Can add btn groups', 64, 'add_btngroups'),
(254, 'Can change btn groups', 64, 'change_btngroups'),
(255, 'Can delete btn groups', 64, 'delete_btngroups'),
(256, 'Can view btn groups', 64, 'view_btngroups'),
(257, 'Can add groups', 65, 'add_groups'),
(258, 'Can change groups', 65, 'change_groups'),
(259, 'Can delete groups', 65, 'delete_groups'),
(260, 'Can view groups', 65, 'view_groups'),
(261, 'Can add inputs', 66, 'add_inputs'),
(262, 'Can change inputs', 66, 'change_inputs'),
(263, 'Can delete inputs', 66, 'delete_inputs'),
(264, 'Can view inputs', 66, 'view_inputs'),
(265, 'Can add btn inputs', 67, 'add_btninputs'),
(266, 'Can change btn inputs', 67, 'change_btninputs'),
(267, 'Can delete btn inputs', 67, 'delete_btninputs'),
(268, 'Can view btn inputs', 67, 'view_btninputs'),
(269, 'Can add btn groups', 68, 'add_btngroups'),
(270, 'Can change btn groups', 68, 'change_btngroups'),
(271, 'Can delete btn groups', 68, 'delete_btngroups'),
(272, 'Can view btn groups', 68, 'view_btngroups'),
(273, 'Can add groups', 69, 'add_groups'),
(274, 'Can change groups', 69, 'change_groups'),
(275, 'Can delete groups', 69, 'delete_groups'),
(276, 'Can view groups', 69, 'view_groups'),
(277, 'Can add inputs', 70, 'add_inputs'),
(278, 'Can change inputs', 70, 'change_inputs'),
(279, 'Can delete inputs', 70, 'delete_inputs'),
(280, 'Can view inputs', 70, 'view_inputs'),
(281, 'Can add btn inputs', 71, 'add_btninputs'),
(282, 'Can change btn inputs', 71, 'change_btninputs'),
(283, 'Can delete btn inputs', 71, 'delete_btninputs'),
(284, 'Can view btn inputs', 71, 'view_btninputs'),
(285, 'Can add btn groups', 72, 'add_btngroups'),
(286, 'Can change btn groups', 72, 'change_btngroups'),
(287, 'Can delete btn groups', 72, 'delete_btngroups'),
(288, 'Can view btn groups', 72, 'view_btngroups'),
(289, 'Can add groups', 73, 'add_groups'),
(290, 'Can change groups', 73, 'change_groups'),
(291, 'Can delete groups', 73, 'delete_groups'),
(292, 'Can view groups', 73, 'view_groups'),
(293, 'Can add inputs', 74, 'add_inputs'),
(294, 'Can change inputs', 74, 'change_inputs'),
(295, 'Can delete inputs', 74, 'delete_inputs'),
(296, 'Can view inputs', 74, 'view_inputs'),
(297, 'Can add btn inputs', 75, 'add_btninputs'),
(298, 'Can change btn inputs', 75, 'change_btninputs'),
(299, 'Can delete btn inputs', 75, 'delete_btninputs'),
(300, 'Can view btn inputs', 75, 'view_btninputs'),
(301, 'Can add btn groups', 76, 'add_btngroups'),
(302, 'Can change btn groups', 76, 'change_btngroups'),
(303, 'Can delete btn groups', 76, 'delete_btngroups'),
(304, 'Can view btn groups', 76, 'view_btngroups'),
(305, 'Can add groups', 77, 'add_groups'),
(306, 'Can change groups', 77, 'change_groups'),
(307, 'Can delete groups', 77, 'delete_groups'),
(308, 'Can view groups', 77, 'view_groups'),
(309, 'Can add inputs', 78, 'add_inputs'),
(310, 'Can change inputs', 78, 'change_inputs'),
(311, 'Can delete inputs', 78, 'delete_inputs'),
(312, 'Can view inputs', 78, 'view_inputs'),
(313, 'Can add btn inputs', 79, 'add_btninputs'),
(314, 'Can change btn inputs', 79, 'change_btninputs'),
(315, 'Can delete btn inputs', 79, 'delete_btninputs'),
(316, 'Can view btn inputs', 79, 'view_btninputs'),
(317, 'Can add btn groups', 80, 'add_btngroups'),
(318, 'Can change btn groups', 80, 'change_btngroups'),
(319, 'Can delete btn groups', 80, 'delete_btngroups'),
(320, 'Can view btn groups', 80, 'view_btngroups'),
(321, 'Can add groups', 81, 'add_groups'),
(322, 'Can change groups', 81, 'change_groups'),
(323, 'Can delete groups', 81, 'delete_groups'),
(324, 'Can view groups', 81, 'view_groups'),
(325, 'Can add inputs', 82, 'add_inputs'),
(326, 'Can change inputs', 82, 'change_inputs'),
(327, 'Can delete inputs', 82, 'delete_inputs'),
(328, 'Can view inputs', 82, 'view_inputs'),
(329, 'Can add btn inputs', 83, 'add_btninputs'),
(330, 'Can change btn inputs', 83, 'change_btninputs'),
(331, 'Can delete btn inputs', 83, 'delete_btninputs'),
(332, 'Can view btn inputs', 83, 'view_btninputs'),
(333, 'Can add btn groups', 84, 'add_btngroups'),
(334, 'Can change btn groups', 84, 'change_btngroups'),
(335, 'Can delete btn groups', 84, 'delete_btngroups'),
(336, 'Can view btn groups', 84, 'view_btngroups'),
(337, 'Can add groups', 85, 'add_groups'),
(338, 'Can change groups', 85, 'change_groups'),
(339, 'Can delete groups', 85, 'delete_groups'),
(340, 'Can view groups', 85, 'view_groups'),
(341, 'Can add inputs', 86, 'add_inputs'),
(342, 'Can change inputs', 86, 'change_inputs'),
(343, 'Can delete inputs', 86, 'delete_inputs'),
(344, 'Can view inputs', 86, 'view_inputs'),
(345, 'Can add btn inputs', 87, 'add_btninputs'),
(346, 'Can change btn inputs', 87, 'change_btninputs'),
(347, 'Can delete btn inputs', 87, 'delete_btninputs'),
(348, 'Can view btn inputs', 87, 'view_btninputs'),
(349, 'Can add btn groups', 88, 'add_btngroups'),
(350, 'Can change btn groups', 88, 'change_btngroups'),
(351, 'Can delete btn groups', 88, 'delete_btngroups'),
(352, 'Can view btn groups', 88, 'view_btngroups'),
(353, 'Can add groups', 89, 'add_groups'),
(354, 'Can change groups', 89, 'change_groups'),
(355, 'Can delete groups', 89, 'delete_groups'),
(356, 'Can view groups', 89, 'view_groups'),
(357, 'Can add inputs', 90, 'add_inputs'),
(358, 'Can change inputs', 90, 'change_inputs'),
(359, 'Can delete inputs', 90, 'delete_inputs'),
(360, 'Can view inputs', 90, 'view_inputs'),
(361, 'Can add btn inputs', 91, 'add_btninputs'),
(362, 'Can change btn inputs', 91, 'change_btninputs'),
(363, 'Can delete btn inputs', 91, 'delete_btninputs'),
(364, 'Can view btn inputs', 91, 'view_btninputs'),
(365, 'Can add btn groups', 92, 'add_btngroups'),
(366, 'Can change btn groups', 92, 'change_btngroups'),
(367, 'Can delete btn groups', 92, 'delete_btngroups'),
(368, 'Can view btn groups', 92, 'view_btngroups'),
(369, 'Can add groups', 93, 'add_groups'),
(370, 'Can change groups', 93, 'change_groups'),
(371, 'Can delete groups', 93, 'delete_groups'),
(372, 'Can view groups', 93, 'view_groups'),
(373, 'Can add inputs', 94, 'add_inputs'),
(374, 'Can change inputs', 94, 'change_inputs'),
(375, 'Can delete inputs', 94, 'delete_inputs'),
(376, 'Can view inputs', 94, 'view_inputs'),
(377, 'Can add btn inputs', 95, 'add_btninputs'),
(378, 'Can change btn inputs', 95, 'change_btninputs'),
(379, 'Can delete btn inputs', 95, 'delete_btninputs'),
(380, 'Can view btn inputs', 95, 'view_btninputs'),
(381, 'Can add btn groups', 96, 'add_btngroups'),
(382, 'Can change btn groups', 96, 'change_btngroups'),
(383, 'Can delete btn groups', 96, 'delete_btngroups'),
(384, 'Can view btn groups', 96, 'view_btngroups'),
(385, 'Can add groups', 97, 'add_groups'),
(386, 'Can change groups', 97, 'change_groups'),
(387, 'Can delete groups', 97, 'delete_groups'),
(388, 'Can view groups', 97, 'view_groups'),
(389, 'Can add inputs', 98, 'add_inputs'),
(390, 'Can change inputs', 98, 'change_inputs'),
(391, 'Can delete inputs', 98, 'delete_inputs'),
(392, 'Can view inputs', 98, 'view_inputs'),
(393, 'Can add btn inputs', 99, 'add_btninputs'),
(394, 'Can change btn inputs', 99, 'change_btninputs'),
(395, 'Can delete btn inputs', 99, 'delete_btninputs'),
(396, 'Can view btn inputs', 99, 'view_btninputs'),
(397, 'Can add btn groups', 100, 'add_btngroups'),
(398, 'Can change btn groups', 100, 'change_btngroups'),
(399, 'Can delete btn groups', 100, 'delete_btngroups'),
(400, 'Can view btn groups', 100, 'view_btngroups'),
(401, 'Can add groups', 101, 'add_groups'),
(402, 'Can change groups', 101, 'change_groups'),
(403, 'Can delete groups', 101, 'delete_groups'),
(404, 'Can view groups', 101, 'view_groups'),
(405, 'Can add inputs', 102, 'add_inputs'),
(406, 'Can change inputs', 102, 'change_inputs'),
(407, 'Can delete inputs', 102, 'delete_inputs'),
(408, 'Can view inputs', 102, 'view_inputs'),
(409, 'Can add btn inputs', 103, 'add_btninputs'),
(410, 'Can change btn inputs', 103, 'change_btninputs'),
(411, 'Can delete btn inputs', 103, 'delete_btninputs'),
(412, 'Can view btn inputs', 103, 'view_btninputs'),
(413, 'Can add btn groups', 104, 'add_btngroups'),
(414, 'Can change btn groups', 104, 'change_btngroups'),
(415, 'Can delete btn groups', 104, 'delete_btngroups'),
(416, 'Can view btn groups', 104, 'view_btngroups'),
(417, 'Can add groups', 105, 'add_groups'),
(418, 'Can change groups', 105, 'change_groups'),
(419, 'Can delete groups', 105, 'delete_groups'),
(420, 'Can view groups', 105, 'view_groups'),
(421, 'Can add inputs', 106, 'add_inputs'),
(422, 'Can change inputs', 106, 'change_inputs'),
(423, 'Can delete inputs', 106, 'delete_inputs'),
(424, 'Can view inputs', 106, 'view_inputs'),
(425, 'Can add btn inputs', 107, 'add_btninputs'),
(426, 'Can change btn inputs', 107, 'change_btninputs'),
(427, 'Can delete btn inputs', 107, 'delete_btninputs'),
(428, 'Can view btn inputs', 107, 'view_btninputs'),
(429, 'Can add btn groups', 108, 'add_btngroups'),
(430, 'Can change btn groups', 108, 'change_btngroups'),
(431, 'Can delete btn groups', 108, 'delete_btngroups'),
(432, 'Can view btn groups', 108, 'view_btngroups'),
(433, 'Can add groups', 109, 'add_groups'),
(434, 'Can change groups', 109, 'change_groups'),
(435, 'Can delete groups', 109, 'delete_groups'),
(436, 'Can view groups', 109, 'view_groups'),
(437, 'Can add inputs', 110, 'add_inputs'),
(438, 'Can change inputs', 110, 'change_inputs'),
(439, 'Can delete inputs', 110, 'delete_inputs'),
(440, 'Can view inputs', 110, 'view_inputs'),
(441, 'Can add btn inputs', 111, 'add_btninputs'),
(442, 'Can change btn inputs', 111, 'change_btninputs'),
(443, 'Can delete btn inputs', 111, 'delete_btninputs'),
(444, 'Can view btn inputs', 111, 'view_btninputs'),
(445, 'Can add btn groups', 112, 'add_btngroups'),
(446, 'Can change btn groups', 112, 'change_btngroups'),
(447, 'Can delete btn groups', 112, 'delete_btngroups'),
(448, 'Can view btn groups', 112, 'view_btngroups'),
(449, 'Can add groups', 113, 'add_groups'),
(450, 'Can change groups', 113, 'change_groups'),
(451, 'Can delete groups', 113, 'delete_groups'),
(452, 'Can view groups', 113, 'view_groups'),
(453, 'Can add inputs', 114, 'add_inputs'),
(454, 'Can change inputs', 114, 'change_inputs'),
(455, 'Can delete inputs', 114, 'delete_inputs'),
(456, 'Can view inputs', 114, 'view_inputs'),
(457, 'Can add btn inputs', 115, 'add_btninputs'),
(458, 'Can change btn inputs', 115, 'change_btninputs'),
(459, 'Can delete btn inputs', 115, 'delete_btninputs'),
(460, 'Can view btn inputs', 115, 'view_btninputs'),
(461, 'Can add btn groups', 116, 'add_btngroups'),
(462, 'Can change btn groups', 116, 'change_btngroups'),
(463, 'Can delete btn groups', 116, 'delete_btngroups'),
(464, 'Can view btn groups', 116, 'view_btngroups'),
(465, 'Can add groups', 117, 'add_groups'),
(466, 'Can change groups', 117, 'change_groups'),
(467, 'Can delete groups', 117, 'delete_groups'),
(468, 'Can view groups', 117, 'view_groups'),
(469, 'Can add inputs', 118, 'add_inputs'),
(470, 'Can change inputs', 118, 'change_inputs'),
(471, 'Can delete inputs', 118, 'delete_inputs'),
(472, 'Can view inputs', 118, 'view_inputs'),
(473, 'Can add btn inputs', 119, 'add_btninputs'),
(474, 'Can change btn inputs', 119, 'change_btninputs'),
(475, 'Can delete btn inputs', 119, 'delete_btninputs'),
(476, 'Can view btn inputs', 119, 'view_btninputs'),
(477, 'Can add btn groups', 120, 'add_btngroups'),
(478, 'Can change btn groups', 120, 'change_btngroups'),
(479, 'Can delete btn groups', 120, 'delete_btngroups'),
(480, 'Can view btn groups', 120, 'view_btngroups'),
(481, 'Can add groups', 121, 'add_groups'),
(482, 'Can change groups', 121, 'change_groups'),
(483, 'Can delete groups', 121, 'delete_groups'),
(484, 'Can view groups', 121, 'view_groups'),
(485, 'Can add inputs', 122, 'add_inputs'),
(486, 'Can change inputs', 122, 'change_inputs'),
(487, 'Can delete inputs', 122, 'delete_inputs'),
(488, 'Can view inputs', 122, 'view_inputs'),
(489, 'Can add btn inputs', 123, 'add_btninputs'),
(490, 'Can change btn inputs', 123, 'change_btninputs'),
(491, 'Can delete btn inputs', 123, 'delete_btninputs'),
(492, 'Can view btn inputs', 123, 'view_btninputs'),
(493, 'Can add groups', 124, 'add_groups'),
(494, 'Can change groups', 124, 'change_groups'),
(495, 'Can delete groups', 124, 'delete_groups'),
(496, 'Can view groups', 124, 'view_groups'),
(497, 'Can add inputs', 125, 'add_inputs'),
(498, 'Can change inputs', 125, 'change_inputs'),
(499, 'Can delete inputs', 125, 'delete_inputs'),
(500, 'Can view inputs', 125, 'view_inputs'),
(501, 'Can add groups', 126, 'add_groups'),
(502, 'Can change groups', 126, 'change_groups'),
(503, 'Can delete groups', 126, 'delete_groups'),
(504, 'Can view groups', 126, 'view_groups'),
(505, 'Can add banner', 127, 'add_banner'),
(506, 'Can change banner', 127, 'change_banner'),
(507, 'Can delete banner', 127, 'delete_banner'),
(508, 'Can view banner', 127, 'view_banner'),
(509, 'Can add generate your results', 128, 'add_generateyourresults'),
(510, 'Can change generate your results', 128, 'change_generateyourresults'),
(511, 'Can delete generate your results', 128, 'delete_generateyourresults'),
(512, 'Can view generate your results', 128, 'view_generateyourresults'),
(513, 'Can add our features', 129, 'add_ourfeatures'),
(514, 'Can change our features', 129, 'change_ourfeatures'),
(515, 'Can delete our features', 129, 'delete_ourfeatures'),
(516, 'Can view our features', 129, 'view_ourfeatures'),
(517, 'Can add working process', 130, 'add_workingprocess'),
(518, 'Can change working process', 130, 'change_workingprocess'),
(519, 'Can delete working process', 130, 'delete_workingprocess'),
(520, 'Can view working process', 130, 'view_workingprocess'),
(521, 'Can add social media', 131, 'add_socialmedia'),
(522, 'Can change social media', 131, 'change_socialmedia'),
(523, 'Can delete social media', 131, 'delete_socialmedia'),
(524, 'Can view social media', 131, 'view_socialmedia'),
(525, 'Can add banner', 132, 'add_banner'),
(526, 'Can change banner', 132, 'change_banner'),
(527, 'Can delete banner', 132, 'delete_banner'),
(528, 'Can view banner', 132, 'view_banner'),
(529, 'Can add something new', 133, 'add_somethingnew'),
(530, 'Can change something new', 133, 'change_somethingnew'),
(531, 'Can delete something new', 133, 'delete_somethingnew'),
(532, 'Can view something new', 133, 'view_somethingnew'),
(533, 'Can add values', 134, 'add_values'),
(534, 'Can change values', 134, 'change_values'),
(535, 'Can delete values', 134, 'delete_values'),
(536, 'Can view values', 134, 'view_values'),
(537, 'Can add why choose us', 135, 'add_whychooseus'),
(538, 'Can change why choose us', 135, 'change_whychooseus'),
(539, 'Can delete why choose us', 135, 'delete_whychooseus'),
(540, 'Can view why choose us', 135, 'view_whychooseus'),
(541, 'Can add our team', 136, 'add_ourteam'),
(542, 'Can change our team', 136, 'change_ourteam'),
(543, 'Can delete our team', 136, 'delete_ourteam'),
(544, 'Can view our team', 136, 'view_ourteam'),
(545, 'Can add contact us', 137, 'add_contactus'),
(546, 'Can change contact us', 137, 'change_contactus'),
(547, 'Can delete contact us', 137, 'delete_contactus'),
(548, 'Can view contact us', 137, 'view_contactus'),
(549, 'Can add users', 138, 'add_users'),
(550, 'Can change users', 138, 'change_users'),
(551, 'Can delete users', 138, 'delete_users'),
(552, 'Can view users', 138, 'view_users'),
(553, 'Can add roles', 139, 'add_roles'),
(554, 'Can change roles', 139, 'change_roles'),
(555, 'Can delete roles', 139, 'delete_roles'),
(556, 'Can view roles', 139, 'view_roles'),
(557, 'Can add verify otp', 140, 'add_verifyotp'),
(558, 'Can change verify otp', 140, 'change_verifyotp'),
(559, 'Can delete verify otp', 140, 'delete_verifyotp'),
(560, 'Can view verify otp', 140, 'view_verifyotp'),
(561, 'Can add institute members', 141, 'add_institutemembers'),
(562, 'Can change institute members', 141, 'change_institutemembers'),
(563, 'Can delete institute members', 141, 'delete_institutemembers'),
(564, 'Can view institute members', 141, 'view_institutemembers'),
(565, 'Can add institute details', 142, 'add_institutedetails'),
(566, 'Can change institute details', 142, 'change_institutedetails'),
(567, 'Can delete institute details', 142, 'delete_institutedetails'),
(568, 'Can view institute details', 142, 'view_institutedetails'),
(569, 'Can add user subscription details', 143, 'add_usersubscriptiondetails'),
(570, 'Can change user subscription details', 143, 'change_usersubscriptiondetails'),
(571, 'Can delete user subscription details', 143, 'delete_usersubscriptiondetails'),
(572, 'Can view user subscription details', 143, 'view_usersubscriptiondetails'),
(573, 'Can add user subscription history', 144, 'add_usersubscriptionhistory'),
(574, 'Can change user subscription history', 144, 'change_usersubscriptionhistory'),
(575, 'Can delete user subscription history', 144, 'delete_usersubscriptionhistory'),
(576, 'Can view user subscription history', 144, 'view_usersubscriptionhistory'),
(577, 'Can add user reports', 145, 'add_userreports'),
(578, 'Can change user reports', 145, 'change_userreports'),
(579, 'Can delete user reports', 145, 'delete_userreports'),
(580, 'Can view user reports', 145, 'view_userreports');

-- --------------------------------------------------------

--
-- Table structure for table `auth_user_groups`
--

CREATE TABLE `auth_user_groups` (
  `id` bigint(20) NOT NULL,
  `users_id` bigint(20) NOT NULL,
  `group_id` int(11) NOT NULL
) ENGINE=InnoDB DEFAULT CHARSET=utf8mb4 COLLATE=utf8mb4_general_ci;

-- --------------------------------------------------------

--
-- Table structure for table `auth_user_user_permissions`
--

CREATE TABLE `auth_user_user_permissions` (
  `id` bigint(20) NOT NULL,
  `users_id` bigint(20) NOT NULL,
  `permission_id` int(11) NOT NULL
) ENGINE=InnoDB DEFAULT CHARSET=utf8mb4 COLLATE=utf8mb4_general_ci;

-- --------------------------------------------------------

--
-- Table structure for table `citation_groups`
--

CREATE TABLE `citation_groups` (
  `id` bigint(20) NOT NULL,
  `deleted_at` datetime(6) DEFAULT NULL,
  `name` varchar(500) DEFAULT NULL,
  `description` longtext DEFAULT NULL,
  `status` tinyint(1) NOT NULL,
  `created_at` datetime(6) NOT NULL,
  `updated_at` datetime(6) NOT NULL
) ENGINE=InnoDB DEFAULT CHARSET=utf8mb4 COLLATE=utf8mb4_general_ci;

--
-- Dumping data for table `citation_groups`
--

INSERT INTO `citation_groups` (`id`, `deleted_at`, `name`, `description`, `status`, `created_at`, `updated_at`) VALUES
(1, NULL, 'A. Semantic Contextual Expansion', 'Vigyana can expand on your research topic by exploring semantically related concepts and terminologies that may not be explicitly mentioned in the initial input. This method helps in identifying citations that are conceptually relevant but not directly linked by obvious keywords.', 1, '2025-06-30 05:28:53.763520', '2025-07-08 06:29:16.440378'),
(2, NULL, 'B. Citation Network Exploration', 'Utilize Vigyana to map out a citation network starting from a few known key papers, then dynamically explore outward by following cited and citing papers. This approach leverages the structure of existing research networks to discover seminal and peripheral works that are contextually relevant.', 1, '2025-06-30 05:29:42.480841', '2025-07-08 06:29:08.648718'),
(3, NULL, 'C. Cross-disciplinary Citation Mining', 'Vigyana can identify and extract citations from adjacent fields that may impact or enhance the understanding of the primary research topic. This method fosters interdisciplinary innovation by linking seemingly disparate research areas.', 1, '2025-06-30 05:30:10.735212', '2025-07-08 06:28:58.755073'),
(4, NULL, 'D. Authorship Pattern Analysis', 'By analyzing the patterns of authorship and collaboration, Vigyana can suggest potential citations based on authors’ previous works, collaboration networks, and influence in the field, providing a deeper layer of contextual relevance.', 1, '2025-06-30 05:30:37.359669', '2025-07-08 06:28:49.686615');

-- --------------------------------------------------------

--
-- Table structure for table `city`
--

CREATE TABLE `city` (
  `id` bigint(20) NOT NULL,
  `deleted_at` datetime(6) DEFAULT NULL,
  `name` varchar(255) NOT NULL,
  `status` tinyint(1) NOT NULL,
  `created_at` datetime(6) NOT NULL,
  `updated_at` datetime(6) NOT NULL,
  `country_id` bigint(20) NOT NULL,
  `state_id` bigint(20) NOT NULL
) ENGINE=InnoDB DEFAULT CHARSET=utf8mb4 COLLATE=utf8mb4_general_ci;

-- --------------------------------------------------------

--
-- Table structure for table `contact_us`
--

CREATE TABLE `contact_us` (
  `id` bigint(20) NOT NULL,
  `deleted_at` datetime(6) DEFAULT NULL,
  `name` varchar(255) NOT NULL,
  `email` varchar(255) NOT NULL,
  `subject` varchar(255) NOT NULL,
  `contact_no` varchar(255) NOT NULL,
  `message` longtext DEFAULT NULL,
  `status` tinyint(1) NOT NULL,
  `created_at` datetime(6) NOT NULL,
  `updated_at` datetime(6) NOT NULL
) ENGINE=InnoDB DEFAULT CHARSET=utf8mb4 COLLATE=utf8mb4_general_ci;

-- --------------------------------------------------------

--
-- Table structure for table `country`
--

CREATE TABLE `country` (
  `id` bigint(20) NOT NULL,
  `deleted_at` datetime(6) DEFAULT NULL,
  `name` varchar(255) NOT NULL,
  `status` tinyint(1) NOT NULL,
  `created_at` datetime(6) NOT NULL,
  `updated_at` datetime(6) NOT NULL
) ENGINE=InnoDB DEFAULT CHARSET=utf8mb4 COLLATE=utf8mb4_general_ci;

-- --------------------------------------------------------

--
-- Table structure for table `discount_codes`
--

CREATE TABLE `discount_codes` (
  `id` bigint(20) NOT NULL,
  `deleted_at` datetime(6) DEFAULT NULL,
  `name` varchar(255) NOT NULL,
  `discount` int(11) NOT NULL,
  `status` tinyint(1) NOT NULL,
  `created_at` datetime(6) NOT NULL,
  `updated_at` datetime(6) NOT NULL
) ENGINE=InnoDB DEFAULT CHARSET=utf8mb4 COLLATE=utf8mb4_general_ci;

-- --------------------------------------------------------

--
-- Table structure for table `django_admin_log`
--

CREATE TABLE `django_admin_log` (
  `id` int(11) NOT NULL,
  `action_time` datetime(6) NOT NULL,
  `object_id` longtext DEFAULT NULL,
  `object_repr` varchar(200) NOT NULL,
  `action_flag` smallint(5) UNSIGNED NOT NULL CHECK (`action_flag` >= 0),
  `change_message` longtext NOT NULL,
  `content_type_id` int(11) DEFAULT NULL,
  `user_id` bigint(20) NOT NULL
) ENGINE=InnoDB DEFAULT CHARSET=utf8mb4 COLLATE=utf8mb4_general_ci;

-- --------------------------------------------------------

--
-- Table structure for table `django_content_type`
--

CREATE TABLE `django_content_type` (
  `id` int(11) NOT NULL,
  `app_label` varchar(100) NOT NULL,
  `model` varchar(100) NOT NULL
) ENGINE=InnoDB DEFAULT CHARSET=utf8mb4 COLLATE=utf8mb4_general_ci;

--
-- Dumping data for table `django_content_type`
--

INSERT INTO `django_content_type` (`id`, `app_label`, `model`) VALUES
(132, 'about_us_page', 'banner'),
(136, 'about_us_page', 'ourteam'),
(133, 'about_us_page', 'somethingnew'),
(134, 'about_us_page', 'values'),
(135, 'about_us_page', 'whychooseus'),
(1, 'admin', 'logentry'),
(3, 'auth', 'group'),
(2, 'auth', 'permission'),
(124, 'citation', 'groups'),
(125, 'citation', 'inputs'),
(137, 'common', 'contactus'),
(4, 'contenttypes', 'contenttype'),
(127, 'home_page', 'banner'),
(128, 'home_page', 'generateyourresults'),
(129, 'home_page', 'ourfeatures'),
(131, 'home_page', 'socialmedia'),
(130, 'home_page', 'workingprocess'),
(10, 'masters', 'appsetup'),
(8, 'masters', 'city'),
(6, 'masters', 'country'),
(11, 'masters', 'discountcodes'),
(9, 'masters', 'pincode'),
(7, 'masters', 'state'),
(15, 'q_and_a', 'forms'),
(12, 'q_and_a', 'inputtypes'),
(14, 'q_and_a', 'subtype'),
(13, 'q_and_a', 'type'),
(126, 'reports', 'groups'),
(5, 'sessions', 'session'),
(16, 'subscription_plans', 'subscriptionplans'),
(17, 'subscription_plans', 'subscriptionplansdetails'),
(142, 'users_management', 'institutedetails'),
(141, 'users_management', 'institutemembers'),
(139, 'users_management', 'roles'),
(145, 'users_management', 'userreports'),
(138, 'users_management', 'users'),
(143, 'users_management', 'usersubscriptiondetails'),
(144, 'users_management', 'usersubscriptionhistory'),
(140, 'users_management', 'verifyotp'),
(18, '_11', 'groups'),
(19, '_11', 'inputs'),
(23, '_12', 'btngroups'),
(22, '_12', 'btninputs'),
(20, '_12', 'groups'),
(21, '_12', 'inputs'),
(24, '_13', 'groups'),
(25, '_13', 'inputs'),
(40, '_228', 'btngroups'),
(43, '_228', 'btninputs'),
(41, '_228', 'groups'),
(42, '_228', 'inputs'),
(29, '_24', 'btngroups'),
(28, '_24', 'btninputs'),
(26, '_24', 'groups'),
(27, '_24', 'inputs'),
(30, '_25', 'btngroups'),
(33, '_25', 'btninputs'),
(31, '_25', 'groups'),
(32, '_25', 'inputs'),
(34, '_26', 'groups'),
(36, '_26', 'inputs'),
(35, '_26', 'menu'),
(37, '_27', 'groups'),
(39, '_27', 'inputs'),
(38, '_27', 'menu'),
(52, '_310', 'btngroups'),
(55, '_310', 'btninputs'),
(53, '_310', 'groups'),
(54, '_310', 'inputs'),
(56, '_311', 'btngroups'),
(59, '_311', 'btninputs'),
(57, '_311', 'groups'),
(58, '_311', 'inputs'),
(60, '_312', 'btngroups'),
(63, '_312', 'btninputs'),
(61, '_312', 'groups'),
(62, '_312', 'inputs'),
(64, '_313', 'btngroups'),
(67, '_313', 'btninputs'),
(65, '_313', 'groups'),
(66, '_313', 'inputs'),
(68, '_314', 'btngroups'),
(71, '_314', 'btninputs'),
(69, '_314', 'groups'),
(70, '_314', 'inputs'),
(72, '_315', 'btngroups'),
(75, '_315', 'btninputs'),
(73, '_315', 'groups'),
(74, '_315', 'inputs'),
(76, '_316', 'btngroups'),
(79, '_316', 'btninputs'),
(77, '_316', 'groups'),
(78, '_316', 'inputs'),
(80, '_317', 'btngroups'),
(83, '_317', 'btninputs'),
(81, '_317', 'groups'),
(82, '_317', 'inputs'),
(84, '_318', 'btngroups'),
(87, '_318', 'btninputs'),
(85, '_318', 'groups'),
(86, '_318', 'inputs'),
(88, '_319', 'btngroups'),
(91, '_319', 'btninputs'),
(89, '_319', 'groups'),
(90, '_319', 'inputs'),
(92, '_320', 'btngroups'),
(95, '_320', 'btninputs'),
(93, '_320', 'groups'),
(94, '_320', 'inputs'),
(96, '_321', 'btngroups'),
(99, '_321', 'btninputs'),
(97, '_321', 'groups'),
(98, '_321', 'inputs'),
(100, '_322', 'btngroups'),
(103, '_322', 'btninputs'),
(101, '_322', 'groups'),
(102, '_322', 'inputs'),
(104, '_327', 'btngroups'),
(107, '_327', 'btninputs'),
(105, '_327', 'groups'),
(106, '_327', 'inputs'),
(44, '_38', 'btngroups'),
(47, '_38', 'btninputs'),
(45, '_38', 'groups'),
(46, '_38', 'inputs'),
(48, '_39', 'btngroups'),
(51, '_39', 'btninputs'),
(49, '_39', 'groups'),
(50, '_39', 'inputs'),
(108, '_423', 'btngroups'),
(111, '_423', 'btninputs'),
(109, '_423', 'groups'),
(110, '_423', 'inputs'),
(112, '_424', 'btngroups'),
(115, '_424', 'btninputs'),
(113, '_424', 'groups'),
(114, '_424', 'inputs'),
(116, '_425', 'btngroups'),
(119, '_425', 'btninputs'),
(117, '_425', 'groups'),
(118, '_425', 'inputs'),
(120, '_426', 'btngroups'),
(123, '_426', 'btninputs'),
(121, '_426', 'groups'),
(122, '_426', 'inputs');

-- --------------------------------------------------------

--
-- Table structure for table `django_migrations`
--

CREATE TABLE `django_migrations` (
  `id` bigint(20) NOT NULL,
  `app` varchar(255) NOT NULL,
  `name` varchar(255) NOT NULL,
  `applied` datetime(6) NOT NULL
) ENGINE=InnoDB DEFAULT CHARSET=utf8mb4 COLLATE=utf8mb4_general_ci;

--
-- Dumping data for table `django_migrations`
--

INSERT INTO `django_migrations` (`id`, `app`, `name`, `applied`) VALUES
(1, 'q_and_a', '0001_initial', '2025-07-24 11:43:11.073297'),
(2, '_11', '0001_initial', '2025-07-24 11:43:11.149182'),
(3, '_11', '0002_inputs_file', '2025-07-24 11:43:11.155647'),
(4, '_11', '0003_alter_inputs_file', '2025-07-24 11:43:11.181262'),
(5, '_11', '0004_alter_inputs_file', '2025-07-24 11:43:11.185770'),
(6, '_11', '0005_inputs_key', '2025-07-24 11:43:11.194263'),
(7, 'q_and_a', '0002_auto_20250506_1654', '2025-07-24 11:43:11.204981'),
(8, '_12', '0001_initial', '2025-07-24 11:43:11.282613'),
(9, '_12', '0002_alter_groups_form_alter_inputs_group_and_more', '2025-07-24 11:43:11.537646'),
(10, '_12', '0003_rename_group_btninputs_btngroup', '2025-07-24 11:43:11.542316'),
(11, '_12', '0004_alter_btninputs_btngroup', '2025-07-24 11:43:11.621939'),
(12, '_12', '0005_inputs_file', '2025-07-24 11:43:11.629012'),
(13, '_12', '0006_btninputs_file', '2025-07-24 11:43:11.635117'),
(14, '_12', '0007_alter_btninputs_file_alter_inputs_file', '2025-07-24 11:43:11.684209'),
(15, '_12', '0008_rename_btngroup_btninputs_group', '2025-07-24 11:43:11.688790'),
(16, '_12', '0009_btninputs_key', '2025-07-24 11:43:11.695963'),
(17, '_13', '0001_initial', '2025-07-24 11:43:11.786092'),
(18, '_13', '0002_alter_groups_form', '2025-07-24 11:43:11.929342'),
(19, '_13', '0003_inputs_file', '2025-07-24 11:43:11.936917'),
(20, '_13', '0004_alter_inputs_file', '2025-07-24 11:43:11.966554'),
(21, '_13', '0005_inputs_key', '2025-07-24 11:43:11.977171'),
(22, '_13', '0006_alter_groups_image', '2025-07-24 11:43:12.008933'),
(23, 'q_and_a', '0003_subtype_file', '2025-07-24 11:43:12.018609'),
(24, 'q_and_a', '0004_auto_20250707_1830', '2025-07-24 11:43:12.043167'),
(25, 'q_and_a', '0005_auto_20250707_1930', '2025-07-24 11:43:12.109501'),
(26, 'q_and_a', '0006_auto_20250724_1015', '2025-07-24 11:43:12.131726'),
(27, '_228', '0001_initial', '2025-07-24 11:43:12.320548'),
(28, '_24', '0001_initial', '2025-07-24 11:43:12.496988'),
(29, '_24', '0002_alter_btninputs_group', '2025-07-24 11:43:12.662425'),
(30, '_24', '0003_btninputs_file', '2025-07-24 11:43:12.668949'),
(31, '_24', '0004_alter_btninputs_file', '2025-07-24 11:43:12.697406'),
(32, '_24', '0005_btninputs_key', '2025-07-24 11:43:12.704845'),
(33, '_25', '0001_initial', '2025-07-24 11:43:12.882672'),
(34, '_25', '0002_btninputs_key', '2025-07-24 11:43:12.889133'),
(35, '_26', '0001_initial', '2025-07-24 11:43:13.079672'),
(36, '_26', '0002_inputs_key', '2025-07-24 11:43:13.093279'),
(37, '_27', '0001_initial', '2025-07-24 11:43:13.236758'),
(38, '_27', '0002_inputs_key', '2025-07-24 11:43:13.247070'),
(39, '_310', '0001_initial', '2025-07-24 11:43:13.486427'),
(40, '_310', '0002_btninputs_file', '2025-07-24 11:43:13.493579'),
(41, '_310', '0003_alter_btninputs_file', '2025-07-24 11:43:13.523266'),
(42, '_310', '0004_btninputs_key', '2025-07-24 11:43:13.530833'),
(43, '_311', '0001_initial', '2025-07-24 11:43:13.713255'),
(44, '_311', '0002_btninputs_file', '2025-07-24 11:43:13.720842'),
(45, '_311', '0003_alter_btninputs_file', '2025-07-24 11:43:13.747951'),
(46, '_311', '0004_btninputs_key', '2025-07-24 11:43:13.758247'),
(47, '_312', '0001_initial', '2025-07-24 11:43:13.968458'),
(48, '_312', '0002_btninputs_file', '2025-07-24 11:43:13.979246'),
(49, '_312', '0003_alter_btninputs_file', '2025-07-24 11:43:14.009122'),
(50, '_312', '0004_btninputs_key', '2025-07-24 11:43:14.019081'),
(51, '_313', '0001_initial', '2025-07-24 11:43:14.239031'),
(52, '_313', '0002_btninputs_file', '2025-07-24 11:43:14.247075'),
(53, '_313', '0003_alter_btninputs_file', '2025-07-24 11:43:14.271738'),
(54, '_313', '0004_btninputs_key', '2025-07-24 11:43:14.280767'),
(55, '_314', '0001_initial', '2025-07-24 11:43:14.479261'),
(56, '_314', '0002_btninputs_file', '2025-07-24 11:43:14.487442'),
(57, '_314', '0003_alter_btninputs_file', '2025-07-24 11:43:14.511920'),
(58, '_314', '0004_btninputs_key', '2025-07-24 11:43:14.520527'),
(59, '_315', '0001_initial', '2025-07-24 11:43:14.750968'),
(60, '_315', '0002_btninputs_file', '2025-07-24 11:43:14.762988'),
(61, '_315', '0003_alter_btninputs_file', '2025-07-24 11:43:14.793867'),
(62, '_315', '0004_btninputs_key', '2025-07-24 11:43:14.803381'),
(63, '_316', '0001_initial', '2025-07-24 11:43:15.024487'),
(64, '_316', '0002_btninputs_file', '2025-07-24 11:43:15.033725'),
(65, '_316', '0003_alter_btninputs_file', '2025-07-24 11:43:15.065148'),
(66, '_316', '0004_btninputs_key', '2025-07-24 11:43:15.076101'),
(67, '_317', '0001_initial', '2025-07-24 11:43:15.329806'),
(68, '_317', '0002_btninputs_file', '2025-07-24 11:43:15.339560'),
(69, '_317', '0003_alter_btninputs_file', '2025-07-24 11:43:15.371949'),
(70, '_317', '0004_btninputs_key', '2025-07-24 11:43:15.382549'),
(71, '_318', '0001_initial', '2025-07-24 11:43:15.613077'),
(72, '_318', '0002_btninputs_file', '2025-07-24 11:43:15.623640'),
(73, '_318', '0003_alter_btninputs_file', '2025-07-24 11:43:15.653212'),
(74, '_318', '0004_btninputs_key', '2025-07-24 11:43:15.665484'),
(75, '_319', '0001_initial', '2025-07-24 11:43:15.895628'),
(76, '_319', '0002_btninputs_file', '2025-07-24 11:43:15.906013'),
(77, '_319', '0003_alter_btninputs_file', '2025-07-24 11:43:15.935025'),
(78, '_319', '0004_btninputs_key', '2025-07-24 11:43:15.948243'),
(79, '_320', '0001_initial', '2025-07-24 11:43:16.328472'),
(80, '_320', '0002_btninputs_file', '2025-07-24 11:43:16.339098'),
(81, '_320', '0003_alter_btninputs_file', '2025-07-24 11:43:16.370164'),
(82, '_320', '0004_btninputs_key', '2025-07-24 11:43:16.382530'),
(83, '_321', '0001_initial', '2025-07-24 11:43:16.661593'),
(84, '_321', '0002_btninputs_file', '2025-07-24 11:43:16.672376'),
(85, '_321', '0003_alter_btninputs_file', '2025-07-24 11:43:16.703057'),
(86, '_321', '0004_btninputs_key', '2025-07-24 11:43:16.715226'),
(87, '_322', '0001_initial', '2025-07-24 11:43:16.962731'),
(88, '_322', '0002_btninputs_file', '2025-07-24 11:43:16.973525'),
(89, '_322', '0003_alter_btninputs_file', '2025-07-24 11:43:17.005474'),
(90, '_322', '0004_btninputs_key', '2025-07-24 11:43:17.016707'),
(91, '_327', '0001_initial', '2025-07-24 11:43:17.290715'),
(92, '_38', '0001_initial', '2025-07-24 11:43:17.574587'),
(93, '_38', '0002_btninputs_file', '2025-07-24 11:43:17.589839'),
(94, '_38', '0003_alter_btninputs_file', '2025-07-24 11:43:17.623556'),
(95, '_38', '0004_btninputs_key', '2025-07-24 11:43:17.635636'),
(96, '_39', '0001_initial', '2025-07-24 11:43:17.896146'),
(97, '_39', '0002_btninputs_file', '2025-07-24 11:43:17.908946'),
(98, '_39', '0003_alter_btninputs_file', '2025-07-24 11:43:17.938303'),
(99, '_39', '0004_btninputs_key', '2025-07-24 11:43:17.951253'),
(100, '_423', '0001_initial', '2025-07-24 11:43:18.415808'),
(101, '_423', '0002_alter_btninputs_file', '2025-07-24 11:43:18.459765'),
(102, '_423', '0003_btninputs_key', '2025-07-24 11:43:18.476016'),
(103, '_424', '0001_initial', '2025-07-24 11:43:18.756022'),
(104, '_424', '0002_alter_btninputs_file', '2025-07-24 11:43:18.791867'),
(105, '_424', '0003_btninputs_key', '2025-07-24 11:43:18.806517'),
(106, '_425', '0001_initial', '2025-07-24 11:43:19.103468'),
(107, '_425', '0002_alter_btninputs_file', '2025-07-24 11:43:19.152404'),
(108, '_425', '0003_btninputs_key', '2025-07-24 11:43:19.168158'),
(109, '_426', '0001_initial', '2025-07-24 11:43:19.472964'),
(110, '_426', '0002_alter_btninputs_file', '2025-07-24 11:43:19.503943'),
(111, '_426', '0003_btninputs_key', '2025-07-24 11:43:19.520210'),
(112, 'about_us_page', '0001_initial', '2025-07-24 11:43:19.534533'),
(113, 'about_us_page', '0002_auto_20250715_1239', '2025-07-24 11:43:19.587190'),
(114, 'about_us_page', '0003_somethingnew', '2025-07-24 11:43:19.602901'),
(115, 'about_us_page', '0004_auto_20250715_1300', '2025-07-24 11:43:19.660505'),
(116, 'about_us_page', '0005_values', '2025-07-24 11:43:19.677479'),
(117, 'about_us_page', '0006_whychooseus', '2025-07-24 11:43:19.693080'),
(118, 'about_us_page', '0007_ourteam', '2025-07-24 11:43:19.708519'),
(119, 'contenttypes', '0001_initial', '2025-07-24 11:43:19.733283'),
(120, 'contenttypes', '0002_remove_content_type_name', '2025-07-24 11:43:19.815290'),
(121, 'auth', '0001_initial', '2025-07-24 11:43:19.926860'),
(122, 'auth', '0002_alter_permission_name_max_length', '2025-07-24 11:43:19.959074'),
(123, 'auth', '0003_alter_user_email_max_length', '2025-07-24 11:43:19.973397'),
(124, 'auth', '0004_alter_user_username_opts', '2025-07-24 11:43:19.988814'),
(125, 'auth', '0005_alter_user_last_login_null', '2025-07-24 11:43:20.002232'),
(126, 'auth', '0006_require_contenttypes_0002', '2025-07-24 11:43:20.012191'),
(127, 'auth', '0007_alter_validators_add_error_messages', '2025-07-24 11:43:20.025834'),
(128, 'auth', '0008_alter_user_username_max_length', '2025-07-24 11:43:20.040445'),
(129, 'auth', '0009_alter_user_last_name_max_length', '2025-07-24 11:43:20.053461'),
(130, 'auth', '0010_alter_group_name_max_length', '2025-07-24 11:43:20.072584'),
(131, 'auth', '0011_update_proxy_permissions', '2025-07-24 11:43:20.127255'),
(132, 'auth', '0012_alter_user_first_name_max_length', '2025-07-24 11:43:20.140902'),
(133, 'users_management', '0001_initial', '2025-07-24 11:43:20.436540'),
(134, 'admin', '0001_initial', '2025-07-24 11:43:20.500739'),
(135, 'admin', '0002_logentry_remove_auto_add', '2025-07-24 11:43:20.518710'),
(136, 'admin', '0003_logentry_add_action_flag_choices', '2025-07-24 11:43:20.534548'),
(137, 'users_management', '0002_alter_users_managers_remove_users_deleted_at', '2025-07-24 11:43:20.586325'),
(138, 'users_management', '0003_alter_users_role', '2025-07-24 11:43:20.790059'),
(139, 'users_management', '0004_users_name', '2025-07-24 11:43:20.821632'),
(140, 'admin_pannel', '0001_initial', '2025-07-24 11:43:21.251086'),
(141, 'admin_pannel', '0002_remove_btninputs_group_remove_groups_form_and_more', '2025-07-24 11:43:21.691548'),
(142, 'admin_pannel', '0003_initial', '2025-07-24 11:43:21.765300'),
(143, 'admin_pannel', '0004_subscriptionplans_status', '2025-07-24 11:43:21.776568'),
(144, 'admin_pannel', '0005_alter_subscriptionplansdetails_subscription_plan', '2025-07-24 11:43:21.788918'),
(145, 'admin_pannel', '0006_remove_subscriptionplansdetails_subscription_plan_and_more', '2025-07-24 11:43:21.847673'),
(146, 'citation', '0001_initial', '2025-07-24 11:43:21.945615'),
(147, 'citation', '0002_alter_inputs_file', '2025-07-24 11:43:21.963320'),
(148, 'common', '0001_initial', '2025-07-24 11:43:21.984151'),
(149, 'common', '0002_alter_contactus_contact_no_alter_contactus_email_and_more', '2025-07-24 11:43:22.244348'),
(150, 'home_page', '0001_initial', '2025-07-24 11:43:22.251487'),
(151, 'home_page', '0002_generateyourresults', '2025-07-24 11:43:22.262083'),
(152, 'home_page', '0003_auto_20250715_1142', '2025-07-24 11:43:22.318912'),
(153, 'home_page', '0004_auto_20250715_1145', '2025-07-24 11:43:22.377070'),
(154, 'home_page', '0005_ourfeatures', '2025-07-24 11:43:22.388397'),
(155, 'home_page', '0006_auto_20250715_1208', '2025-07-24 11:43:22.450870'),
(156, 'home_page', '0007_workingprocess', '2025-07-24 11:43:22.460067'),
(157, 'home_page', '0008_socialmedia', '2025-07-24 11:43:22.470196'),
(158, 'masters', '0001_initial', '2025-07-24 11:43:22.676356'),
(159, 'masters', '0002_appsetup', '2025-07-24 11:43:22.684907'),
(160, 'masters', '0003_alter_appsetup_credit_price', '2025-07-24 11:43:22.706371'),
(161, 'masters', '0004_discountcodes', '2025-07-24 11:43:22.724528'),
(162, 'masters', '0005_appsetup_email', '2025-07-24 11:43:22.733127'),
(163, 'masters', '0006_appsetup_conatct_no_appsetup_location', '2025-07-24 11:43:22.745559'),
(164, 'masters', '0007_rename_conatct_no_appsetup_contact_no', '2025-07-24 11:43:22.753373'),
(165, 'masters', '0008_appsetup_current_users_appsetup_generated_results_and_more', '2025-07-24 11:43:22.779600'),
(166, 'masters', '0009_alter_appsetup_current_users_and_more', '2025-07-24 11:43:22.826090'),
(167, 'masters', '0010_auto_20250724_1236', '2025-07-24 11:43:22.884416'),
(168, 'q_and_a', '0007_auto_20250724_1042', '2025-07-24 11:43:22.992890'),
(169, 'reports', '0001_initial', '2025-07-24 11:43:23.001865'),
(170, 'reports', '0002_alter_groups_file', '2025-07-24 11:43:23.019483'),
(171, 'reports', '0003_auto_20250701_1236', '2025-07-24 11:43:23.082730'),
(172, 'sessions', '0001_initial', '2025-07-24 11:43:23.105159'),
(173, 'users_management', '0005_alter_institutedetails_user', '2025-07-24 11:43:23.289479'),
(174, 'users_management', '0006_alter_institutedetails_website', '2025-07-24 11:43:23.334502'),
(175, 'users_management', '0007_alter_institutedetails_website', '2025-07-24 11:43:23.364196'),
(176, 'users_management', '0008_usersubscriptiondetails', '2025-07-24 11:43:23.408318'),
(177, 'users_management', '0009_alter_usersubscriptiondetails_expriry_date', '2025-07-24 11:43:23.441859'),
(178, 'users_management', '0010_usersubscriptiondetails_remaining_count', '2025-07-24 11:43:23.455509'),
(179, 'users_management', '0011_usersubscriptionhistory', '2025-07-24 11:43:23.491989'),
(180, 'users_management', '0012_usersubscriptionhistory_amount', '2025-07-24 11:43:23.506818'),
(181, 'users_management', '0013_usersubscriptiondetails_amount', '2025-07-24 11:43:23.520116'),
(182, 'users_management', '0014_users_department', '2025-07-24 11:43:23.554307'),
(183, 'users_management', '0015_alter_institutemembers_institute_and_more', '2025-07-24 11:43:23.801117'),
(184, 'users_management', '0016_alter_institutemembers_institute_and_more', '2025-07-24 11:43:24.030347'),
(185, 'users_management', '0017_userreports', '2025-07-24 11:43:24.065052'),
(186, 'users_management', '0018_alter_userreports_request_alter_userreports_response', '2025-07-24 11:43:24.122255'),
(187, 'users_management', '0019_userreports_subtype_userreports_type', '2025-07-24 11:43:24.382672'),
(188, 'users_management', '0020_users_discount', '2025-07-24 11:43:24.415146'),
(189, 'users_management', '0021_alter_users_discount', '2025-07-24 11:43:24.450948'),
(190, 'users_management', '0022_usersubscriptionhistory_discount_and_more', '2025-07-24 11:43:24.476143'),
(191, 'users_management', '0023_alter_userreports_subtype_alter_userreports_type', '2025-07-24 11:43:24.590866'),
(192, 'users_management', '0024_userreports_other', '2025-07-24 11:43:24.606068'),
(193, 'users_management', '0025_auto_20250707_1823', '2025-07-24 11:43:24.678543'),
(194, 'subscription_plans', '0001_initial', '2025-07-24 11:43:24.835065'),
(195, 'subscription_plans', '0002_auto_20250724_1314', '2025-07-24 11:43:24.899348');

-- --------------------------------------------------------

--
-- Table structure for table `forms`
--

CREATE TABLE `forms` (
  `id` bigint(20) NOT NULL,
  `deleted_at` datetime(6) DEFAULT NULL,
  `status` tinyint(1) NOT NULL,
  `created_at` datetime(6) NOT NULL,
  `updated_at` datetime(6) NOT NULL,
  `subtype_id` bigint(20) NOT NULL,
  `type_id` bigint(20) NOT NULL
) ENGINE=InnoDB DEFAULT CHARSET=utf8mb4 COLLATE=utf8mb4_general_ci;

--
-- Dumping data for table `forms`
--

INSERT INTO `forms` (`id`, `deleted_at`, `status`, `created_at`, `updated_at`, `subtype_id`, `type_id`) VALUES
(1, NULL, 1, '2025-07-24 11:43:22.941119', '2025-07-24 11:43:22.941134', 1, 1),
(2, NULL, 1, '2025-07-24 11:43:22.943831', '2025-07-24 11:43:22.943841', 2, 1),
(3, NULL, 1, '2025-07-24 11:43:22.946012', '2025-07-24 11:43:22.946023', 3, 1),
(4, NULL, 1, '2025-07-24 11:43:22.947854', '2025-07-24 11:43:22.947865', 4, 2),
(5, NULL, 1, '2025-07-24 11:43:22.949346', '2025-07-24 11:43:22.949355', 5, 2),
(6, NULL, 1, '2025-07-24 11:43:22.950836', '2025-07-24 11:43:22.950846', 6, 2),
(7, NULL, 1, '2025-07-24 11:43:22.952488', '2025-07-24 11:43:22.952499', 7, 2),
(8, NULL, 1, '2025-07-24 11:43:22.954045', '2025-07-24 11:43:22.954057', 8, 3),
(9, NULL, 1, '2025-07-24 11:43:22.955422', '2025-07-24 11:43:22.955431', 9, 3),
(10, NULL, 1, '2025-07-24 11:43:22.956781', '2025-07-24 11:43:22.956790', 10, 3),
(11, NULL, 1, '2025-07-24 11:43:22.958146', '2025-07-24 11:43:22.958155', 11, 3),
(12, NULL, 1, '2025-07-24 11:43:22.959500', '2025-07-24 11:43:22.959510', 12, 3),
(13, NULL, 1, '2025-07-24 11:43:22.961124', '2025-07-24 11:43:22.961137', 13, 3),
(14, NULL, 1, '2025-07-24 11:43:22.962828', '2025-07-24 11:43:22.962837', 14, 3),
(15, NULL, 1, '2025-07-24 11:43:22.964901', '2025-07-24 11:43:22.964912', 15, 3),
(16, NULL, 1, '2025-07-24 11:43:22.966835', '2025-07-24 11:43:22.966844', 16, 3),
(17, NULL, 1, '2025-07-24 11:43:22.968970', '2025-07-24 11:43:22.968979', 17, 3),
(18, NULL, 1, '2025-07-24 11:43:22.970843', '2025-07-24 11:43:22.970853', 18, 3),
(19, NULL, 1, '2025-07-24 11:43:22.972466', '2025-07-24 11:43:22.972476', 19, 3),
(20, NULL, 1, '2025-07-24 11:43:22.974092', '2025-07-24 11:43:22.974101', 20, 3),
(21, NULL, 1, '2025-07-24 11:43:22.975875', '2025-07-24 11:43:22.975885', 21, 3),
(22, NULL, 1, '2025-07-24 11:43:22.977355', '2025-07-24 11:43:22.977365', 22, 3),
(23, NULL, 1, '2025-07-24 11:43:22.978997', '2025-07-24 11:43:22.979006', 23, 4),
(24, NULL, 1, '2025-07-24 11:43:22.980550', '2025-07-24 11:43:22.980559', 24, 4),
(25, NULL, 1, '2025-07-24 11:43:22.981967', '2025-07-24 11:43:22.981978', 25, 4),
(27, NULL, 1, '2025-07-24 11:43:22.985365', '2025-07-24 11:43:22.985375', 27, 3),
(28, NULL, 1, '2025-07-24 11:43:22.987091', '2025-07-24 11:43:22.987100', 28, 2);

-- --------------------------------------------------------

--
-- Table structure for table `home_page_banner`
--

CREATE TABLE `home_page_banner` (
  `id` bigint(20) NOT NULL,
  `deleted_at` datetime(6) DEFAULT NULL,
  `title` varchar(500) DEFAULT NULL,
  `file` longtext DEFAULT NULL,
  `line_1` longtext DEFAULT NULL,
  `line_2` longtext DEFAULT NULL,
  `status` tinyint(1) NOT NULL,
  `created_at` datetime(6) NOT NULL,
  `updated_at` datetime(6) NOT NULL
) ENGINE=InnoDB DEFAULT CHARSET=utf8mb4 COLLATE=utf8mb4_general_ci;

--
-- Dumping data for table `home_page_banner`
--

INSERT INTO `home_page_banner` (`id`, `deleted_at`, `title`, `file`, `line_1`, `line_2`, `status`, `created_at`, `updated_at`) VALUES
(1, NULL, 'Vigyana', NULL, 'An apt platform for Methodological Research', 'Leveraging Critical Thinking and Al', 1, '2025-07-24 11:43:22.315108', '2025-07-24 11:43:22.315122');

-- --------------------------------------------------------

--
-- Table structure for table `home_page_generateyourresults`
--

CREATE TABLE `home_page_generateyourresults` (
  `id` bigint(20) NOT NULL,
  `deleted_at` datetime(6) DEFAULT NULL,
  `title` varchar(500) DEFAULT NULL,
  `description` longtext DEFAULT NULL,
  `status` tinyint(1) NOT NULL,
  `created_at` datetime(6) NOT NULL,
  `updated_at` datetime(6) NOT NULL
) ENGINE=InnoDB DEFAULT CHARSET=utf8mb4 COLLATE=utf8mb4_general_ci;

--
-- Dumping data for table `home_page_generateyourresults`
--

INSERT INTO `home_page_generateyourresults` (`id`, `deleted_at`, `title`, `description`, `status`, `created_at`, `updated_at`) VALUES
(1, NULL, 'Generates Quality Reports', 'Lorem Ipsum is simply dummy text of the printing & typesetting industry. Lorem Ipsum has been the industry\'s standard dummy text ever since the 1500s.', 1, '2025-07-24 11:43:22.370373', '2025-07-24 11:43:22.370390'),
(2, NULL, 'Generates Quality Reports', 'Lorem Ipsum is simply dummy text of the printing & typesetting industry. Lorem Ipsum has been the industry\'s standard dummy text ever since the 1500s.', 1, '2025-07-24 11:43:22.372023', '2025-07-24 11:43:22.372035'),
(3, NULL, 'Generates Quality Reports', 'Lorem Ipsum is simply dummy text of the printing & typesetting industry. Lorem Ipsum has been the industry\'s standard dummy text ever since the 1500s.', 1, '2025-07-24 11:43:22.374541', '2025-07-24 11:43:22.374554');

-- --------------------------------------------------------

--
-- Table structure for table `home_page_ourfeatures`
--

CREATE TABLE `home_page_ourfeatures` (
  `id` bigint(20) NOT NULL,
  `deleted_at` datetime(6) DEFAULT NULL,
  `title` varchar(500) DEFAULT NULL,
  `file` longtext DEFAULT NULL,
  `status` tinyint(1) NOT NULL,
  `created_at` datetime(6) NOT NULL,
  `updated_at` datetime(6) NOT NULL
) ENGINE=InnoDB DEFAULT CHARSET=utf8mb4 COLLATE=utf8mb4_general_ci;

--
-- Dumping data for table `home_page_ourfeatures`
--

INSERT INTO `home_page_ourfeatures` (`id`, `deleted_at`, `title`, `file`, `status`, `created_at`, `updated_at`) VALUES
(1, NULL, 'Research / Publication Ideas', NULL, 1, '2025-07-24 11:43:22.443587', '2025-07-24 11:43:22.443604'),
(2, NULL, 'Critical Thinking and Investigation', NULL, 1, '2025-07-24 11:43:22.444921', '2025-07-24 11:43:22.444935'),
(3, NULL, 'Research Methodology', NULL, 1, '2025-07-24 11:43:22.446854', '2025-07-24 11:43:22.446868'),
(4, NULL, 'Indian Knowledge System', NULL, 1, '2025-07-24 11:43:22.447837', '2025-07-24 11:43:22.447846');

-- --------------------------------------------------------

--
-- Table structure for table `home_page_socialmedia`
--

CREATE TABLE `home_page_socialmedia` (
  `id` bigint(20) NOT NULL,
  `deleted_at` datetime(6) DEFAULT NULL,
  `name` varchar(500) DEFAULT NULL,
  `file` longtext DEFAULT NULL,
  `link` longtext DEFAULT NULL,
  `status` tinyint(1) NOT NULL,
  `created_at` datetime(6) NOT NULL,
  `updated_at` datetime(6) NOT NULL
) ENGINE=InnoDB DEFAULT CHARSET=utf8mb4 COLLATE=utf8mb4_general_ci;

-- --------------------------------------------------------

--
-- Table structure for table `home_page_workingprocess`
--

CREATE TABLE `home_page_workingprocess` (
  `id` bigint(20) NOT NULL,
  `deleted_at` datetime(6) DEFAULT NULL,
  `title` varchar(500) DEFAULT NULL,
  `description` longtext DEFAULT NULL,
  `status` tinyint(1) NOT NULL,
  `created_at` datetime(6) NOT NULL,
  `updated_at` datetime(6) NOT NULL
) ENGINE=InnoDB DEFAULT CHARSET=utf8mb4 COLLATE=utf8mb4_general_ci;

-- --------------------------------------------------------

--
-- Table structure for table `input_types`
--

CREATE TABLE `input_types` (
  `id` bigint(20) NOT NULL,
  `deleted_at` datetime(6) DEFAULT NULL,
  `type` varchar(500) DEFAULT NULL,
  `file_type` varchar(500) DEFAULT NULL,
  `status` tinyint(1) NOT NULL,
  `created_at` datetime(6) NOT NULL,
  `updated_at` datetime(6) NOT NULL
) ENGINE=InnoDB DEFAULT CHARSET=utf8mb4 COLLATE=utf8mb4_general_ci;

--
-- Dumping data for table `input_types`
--

INSERT INTO `input_types` (`id`, `deleted_at`, `type`, `file_type`, `status`, `created_at`, `updated_at`) VALUES
(1, NULL, 'text', NULL, 1, '2025-07-24 11:43:11.199175', '2025-07-24 11:43:11.199188'),
(2, NULL, 'number', NULL, 1, '2025-07-24 11:43:11.200068', '2025-07-24 11:43:11.200077'),
(3, NULL, 'button', NULL, 1, '2025-07-24 11:43:11.200791', '2025-07-24 11:43:11.200800'),
(4, NULL, 'file', 'pdf', 1, '2025-07-24 11:43:11.201454', '2025-07-24 11:43:11.201462'),
(5, NULL, 'file', 'csv', 1, '2025-07-24 11:43:11.202155', '2025-07-24 11:43:11.202163'),
(6, NULL, 'file', 'png', 1, '2025-07-24 11:43:11.203028', '2025-07-24 11:43:11.203038');

-- --------------------------------------------------------

--
-- Table structure for table `institute_details`
--

CREATE TABLE `institute_details` (
  `id` bigint(20) NOT NULL,
  `deleted_at` datetime(6) DEFAULT NULL,
  `name` varchar(500) DEFAULT NULL,
  `website` longtext DEFAULT NULL,
  `pan` longtext DEFAULT NULL,
  `gst` longtext DEFAULT NULL,
  `status` tinyint(1) NOT NULL,
  `created_at` datetime(6) NOT NULL,
  `updated_at` datetime(6) NOT NULL,
  `user_id` bigint(20) NOT NULL
) ENGINE=InnoDB DEFAULT CHARSET=utf8mb4 COLLATE=utf8mb4_general_ci;

-- --------------------------------------------------------

--
-- Table structure for table `institute_members`
--

CREATE TABLE `institute_members` (
  `id` bigint(20) NOT NULL,
  `deleted_at` datetime(6) DEFAULT NULL,
  `status` tinyint(1) NOT NULL,
  `created_at` datetime(6) NOT NULL,
  `updated_at` datetime(6) NOT NULL,
  `institute_id` bigint(20) NOT NULL,
  `user_id` bigint(20) NOT NULL
) ENGINE=InnoDB DEFAULT CHARSET=utf8mb4 COLLATE=utf8mb4_general_ci;

-- --------------------------------------------------------

--
-- Table structure for table `pincode`
--

CREATE TABLE `pincode` (
  `id` bigint(20) NOT NULL,
  `deleted_at` datetime(6) DEFAULT NULL,
  `name` varchar(20) NOT NULL,
  `status` tinyint(1) NOT NULL,
  `created_at` datetime(6) NOT NULL,
  `updated_at` datetime(6) NOT NULL,
  `city_id` bigint(20) NOT NULL,
  `country_id` bigint(20) NOT NULL,
  `state_id` bigint(20) NOT NULL
) ENGINE=InnoDB DEFAULT CHARSET=utf8mb4 COLLATE=utf8mb4_general_ci;

-- --------------------------------------------------------

--
-- Table structure for table `roles`
--

CREATE TABLE `roles` (
  `id` bigint(20) NOT NULL,
  `deleted_at` datetime(6) DEFAULT NULL,
  `name` varchar(500) DEFAULT NULL,
  `status` tinyint(1) NOT NULL,
  `created_at` datetime(6) NOT NULL,
  `updated_at` datetime(6) NOT NULL
) ENGINE=InnoDB DEFAULT CHARSET=utf8mb4 COLLATE=utf8mb4_general_ci;

--
-- Dumping data for table `roles`
--

INSERT INTO `roles` (`id`, `deleted_at`, `name`, `status`, `created_at`, `updated_at`) VALUES
(1, NULL, 'Trial', 1, '2025-07-24 11:43:24.670337', '2025-07-24 11:43:24.670351'),
(2, NULL, 'Individual', 1, '2025-07-24 11:43:24.671462', '2025-07-24 11:43:24.671471'),
(3, NULL, 'Institutional', 1, '2025-07-24 11:43:24.674080', '2025-07-24 11:43:24.674097'),
(4, NULL, 'Member', 1, '2025-07-24 11:43:24.675253', '2025-07-24 11:43:24.675266');

-- --------------------------------------------------------

--
-- Table structure for table `state`
--

CREATE TABLE `state` (
  `id` bigint(20) NOT NULL,
  `deleted_at` datetime(6) DEFAULT NULL,
  `name` varchar(255) NOT NULL,
  `status` tinyint(1) NOT NULL,
  `created_at` datetime(6) NOT NULL,
  `updated_at` datetime(6) NOT NULL,
  `country_id` bigint(20) NOT NULL
) ENGINE=InnoDB DEFAULT CHARSET=utf8mb4 COLLATE=utf8mb4_general_ci;

-- --------------------------------------------------------

--
-- Table structure for table `subscription_plans`
--

CREATE TABLE `subscription_plans` (
  `id` bigint(20) NOT NULL,
  `deleted_at` datetime(6) DEFAULT NULL,
  `amount` double DEFAULT NULL,
  `days` int(11) DEFAULT NULL,
  `credit_count` int(11) DEFAULT NULL,
  `status` tinyint(1) NOT NULL,
  `created_at` datetime(6) NOT NULL,
  `updated_at` datetime(6) NOT NULL,
  `role_id` bigint(20) DEFAULT NULL
) ENGINE=InnoDB DEFAULT CHARSET=utf8mb4 COLLATE=utf8mb4_general_ci;

--
-- Dumping data for table `subscription_plans`
--

INSERT INTO `subscription_plans` (`id`, `deleted_at`, `amount`, `days`, `credit_count`, `status`, `created_at`, `updated_at`, `role_id`) VALUES
(1, NULL, 0, 20, 20, 1, '2025-07-24 11:43:24.894133', '2025-07-24 11:43:24.894147', 1),
(2, NULL, 1000, 30, 100, 1, '2025-07-24 11:43:24.895539', '2025-07-24 11:43:24.895549', 2),
(3, NULL, 10000, 365, 1000, 1, '2025-07-24 11:43:24.896618', '2025-07-24 11:43:24.896627', 3);

-- --------------------------------------------------------

--
-- Table structure for table `subscription_plan_details`
--

CREATE TABLE `subscription_plan_details` (
  `id` bigint(20) NOT NULL,
  `deleted_at` datetime(6) DEFAULT NULL,
  `description` longtext DEFAULT NULL,
  `status` tinyint(1) NOT NULL,
  `created_at` datetime(6) NOT NULL,
  `updated_at` datetime(6) NOT NULL,
  `subscription_plan_id` bigint(20) NOT NULL
) ENGINE=InnoDB DEFAULT CHARSET=utf8mb4 COLLATE=utf8mb4_general_ci;

-- --------------------------------------------------------

--
-- Table structure for table `subtype`
--

CREATE TABLE `subtype` (
  `id` bigint(20) NOT NULL,
  `deleted_at` datetime(6) DEFAULT NULL,
  `no` varchar(500) DEFAULT NULL,
  `name` varchar(500) DEFAULT NULL,
  `title` varchar(500) DEFAULT NULL,
  `description` longtext DEFAULT NULL,
  `status` tinyint(1) NOT NULL,
  `created_at` datetime(6) NOT NULL,
  `updated_at` datetime(6) NOT NULL,
  `type_id` bigint(20) NOT NULL,
  `file` varchar(100) DEFAULT NULL
) ENGINE=InnoDB DEFAULT CHARSET=utf8mb4 COLLATE=utf8mb4_general_ci;

--
-- Dumping data for table `subtype`
--

INSERT INTO `subtype` (`id`, `deleted_at`, `no`, `name`, `title`, `description`, `status`, `created_at`, `updated_at`, `type_id`, `file`) VALUES
(1, NULL, '', 'Identification and Finetuning of Ideas', 'The Logical Flow of the Key Concepts (Content) of Your Research or Publications', 'Documenting and swiftly elaborating on initial research ideas allow for timely validation and refinement, enhancing the potential for innovative and impactful research outcomes-saving a lot of resources. This step ensures you to perform it with the help of Critical Thinking & Al.', 1, '2025-07-24 11:43:12.052494', '2025-07-24 11:43:12.052520', 1, ''),
(2, NULL, '', 'Validation of Ideas', 'Instant Validation of Your \"Fine-tuned Idea\" - for Research & Publications', 'Documenting and swiftly elaborating on initial research ideas allow for timely validation and refinement, enhancing the potential for innovative and impactful research outcomes-saving a lot of resources. This step ensures you to perform it with the help of Critical Thinking & Al.', 1, '2025-07-24 11:43:12.055446', '2025-07-24 11:43:12.055465', 1, ''),
(3, NULL, '', 'Logical Flow of the Research', 'Instant Validation of Fine-tuning Your Research / Publication Idea.', 'Documenting and swiftly elaborating on initial research ideas allow for timely validation and refinement, enhancing the potential for innovative and impactful research outcomes-saving a lot of resources. This step ensures you to perform it with the help of Critical Thinking & Al.', 1, '2025-07-24 11:43:12.057905', '2025-07-24 11:43:12.057920', 1, ''),
(4, NULL, '', 'Critical Thinking and AI', '02: Element Level Critical Thinking through AI', 'Step-02 refines your research ideas, and cultivates a more rigorous and nuanced approach to academic inquiry. Hi-impact researchers have one attribute in common - they perform Critical Thinking at the Element Level. This section helps you to do the same with Your ideas, thoughts and Concepts', 1, '2025-07-24 11:43:12.059672', '2025-07-24 11:43:12.059686', 2, ''),
(5, NULL, '', 'Bloom\'s Taxonomy in Research', 'Bloom\'s Taxonomy in Research', 'This feature helps you explore the frontiers of research with over 30 specialized Al tools designed to enhance your scholarly work. Input your concepts or topics, and receive transformative insights and strategic guidance tailored to elevate your research outcomes.', 1, '2025-07-24 11:43:12.061102', '2025-07-24 11:43:12.061113', 2, ''),
(6, NULL, '', 'Higher Order Thinking', '02b: Higher Order Thinking', 'This feature helps you explore the frontiers of research with over 30 specialized Al tools designed to enhance your scholarly work. Input your concepts or topics, and receive transformative insights and strategic guidance tailored to elevate your research outcomes.', 1, '2025-07-24 11:43:12.062489', '2025-07-24 11:43:12.062507', 2, ''),
(7, NULL, '', 'Inspired Higher Order Thinking', '02c: Inspired Higher Order Thinking', 'Drawing on the thinking styles of pioneering scientists and philosopher, this feature integrates their intellectual legacies into modern research. This robust framework fosters deeper insights and comprehensive solutions across various fields.', 1, '2025-07-24 11:43:12.063904', '2025-07-24 11:43:12.063916', 2, ''),
(8, NULL, '', 'Literature Review', '03a: Literature Review', 'This step helps you streamline and enhance your literature review process. Here you can effortlessly gather and analyze a vast array of academic sources, ensuring a comprehensive and insightful overview of your research topic.', 1, '2025-07-24 11:43:12.065207', '2025-07-24 11:43:12.065216', 3, ''),
(9, NULL, '', 'Formulate Research Problem', '03b: Formulate Research Problem', 'This step assists you in critical stage of formulating a research problem. Here you refine vague ideas into clear, researchable questions, ensuring your study begins with a strong foundation that guides your entire research journey.', 1, '2025-07-24 11:43:12.066874', '2025-07-24 11:43:12.066890', 3, ''),
(10, NULL, '', 'Identifying Variables', '03c: Identifying Variables', 'This step simplifies the complex task of discerning and categorizing key variables, ensuring clarity and precision in your study\'s design, setting the stage for robust and meaningful findings.', 1, '2025-07-24 11:43:12.068481', '2025-07-24 11:43:12.068498', 3, ''),
(11, NULL, '', 'Constructing Hypothesis', '03d: Constructing Hypothesis', 'This step guides you through the process of formulating clear, testable hypothesis, ensuring they are well-grounded in theory and relevant literature, and pave the way for insightful and impactful discoveries.', 1, '2025-07-24 11:43:12.073002', '2025-07-24 11:43:12.073038', 3, ''),
(12, NULL, '', 'Research Design', '04a: Research Design', 'This step provides step-by-step guidance through the research design process, from selecting the appropriate design suggestions to determining the most effective data collection and analysis techniques.', 1, '2025-07-24 11:43:12.079280', '2025-07-24 11:43:12.079297', 3, ''),
(13, NULL, '', 'Study Design', '04b: Study Design', 'This step offers structured guidance in selecting the right study type, developing a coherent structure, and ensuring alignment with your research objectives and questions.', 1, '2025-07-24 11:43:12.080877', '2025-07-24 11:43:12.080890', 3, ''),
(14, NULL, '', 'Data Collection Methods', '05a: Selecting a Method for Data Collection', 'This step aids you in navigating the complexities of various data collection methods, helping you to choose the one that best fits your study\'s objectives and context.', 1, '2025-07-24 11:43:12.082378', '2025-07-24 11:43:12.082391', 3, ''),
(15, NULL, '', 'Attitudinal Scales', '05b: Collecting Data using Attitudinal Scales', 'This step assists you in selecting, designing, and implementing the most appropriate attitudinal scales, ensuring that they accurately capture the nuances of respondent\'s attitudes and perceptions.', 1, '2025-07-24 11:43:12.083720', '2025-07-24 11:43:12.083733', 3, ''),
(16, NULL, '', 'Validity / Reliability', '06a: Selecting Samples', 'This step aids in the strategic of a representative sample, ensuring that it accurately reflects the population and meets the specific needs of your study.', 1, '2025-07-24 11:43:12.085675', '2025-07-24 11:43:12.085686', 3, ''),
(17, NULL, '', 'Sample Selection', '07a: Writing Research Proposal', 'Here, you\'ll find invaluable insights and strategies, utilizing Vigyana\'s unique capabilities, to create proposals that are not only academically compelling but also tailored to meet the stringent requirements of funding bodies, ensuring your research stands out for its excellence and innovation.', 1, '2025-07-24 11:43:12.088015', '2025-07-24 11:43:12.088045', 3, ''),
(18, NULL, '', 'Write Research Proposal', '08a: Data Collection', 'Data collection is a crucial phase in the research journey. This section provides you with advanced strategies and insights, leveraging Vigyana\'s innovative tools, to effectively gather, organize, and analyze data, ensuring your research is underpinned by robust and reliable information, critical for insightful and impactful results.', 1, '2025-07-24 11:43:12.089861', '2025-07-24 11:43:12.089880', 3, ''),
(19, NULL, '', 'Data Collection', '09a: Processing Data', 'Employing critical thinking alongside artificial intelligence in research data processing fosters a synergetic approach, enhancing accuracy and depth of analysis, and paving the way for ground breaking discoveries.', 1, '2025-07-24 11:43:12.091192', '2025-07-24 11:43:12.091203', 3, ''),
(20, NULL, '', 'Data Processing', '09b: Displaying Data', 'Integrating critical thinking with artificial intelligence in the presentation of research data ensures a nuanced and insightful interpretation, allowing for more effective communication of complex findings. This approach not only enhances the clarity and relevance of the data but also facilitates broader understanding and engagement among diverse audiences.', 1, '2025-07-24 11:43:12.092516', '2025-07-24 11:43:12.092529', 3, ''),
(21, NULL, '', 'Displaying Data', '10a: Writing of Research Report', 'Incorporating critical thinking and artificial intelligence in writing research reports enables a more structures, analytical, and comprehensive presentation of findings, ensuring clarity and depth. This approach not only enhances the report\'s accuracy and insightfulness but also makes it more adaptable and responsive to evolving research paradigms.', 1, '2025-07-24 11:43:12.093850', '2025-07-24 11:43:12.093861', 3, ''),
(22, NULL, '', 'Research Report', '10b: Preparing for Viva-Voce Examination', 'Utilizing critical thinking and artificial intelligence in preparing for the viva-voce examination equips candidates with a deeper understanding and anticipatory analysis of potential queries, fostering a more confident and comprehensive defence. This integration ensures a thorough preparation, enabling the demonstration of not only the depth of research but also the adaptability and robustness of the methodologies employed.', 1, '2025-07-24 11:43:12.095262', '2025-07-24 11:43:12.095272', 3, ''),
(23, NULL, '', 'Mining Past for new Knowledge', 'IKS-1: Mining the Past for New Knowledge', 'Exploring the Ancient Indian Knowledge system through the lens of critical thinking and artificial intelligence can unlock a wealth of wisdom, revealing insights that are both timeless and relevant in contemporary contexts. This approach allows for a nuanced understanding of ancient practices and philosophies, potentially leading to innovative applications in modern science and technology.', 1, '2025-07-24 11:43:12.096630', '2025-07-24 11:43:12.096645', 4, ''),
(24, NULL, '', 'Building a New Future', 'IKS-2: Building a New Future with the Wisdom from Past', 'The Ancient Indian Knowledge system, rich & invaluable, holds potential for futuristic applications when analyzed with critical thinking and AI, offering a unique blend of historical wisdom and modern technology. This approach can lead to innovative solutions in various fields, drawing on ancient insights to address contemporary challenges and shape future advancements.', 1, '2025-07-24 11:43:12.098008', '2025-07-24 11:43:12.098022', 4, ''),
(25, NULL, '', 'Inter-Disciplinary Research', 'Inter-Disciplinary Research', 'This step helps you streamline and enhance your literature review process. Here you can effortlessly gather and analyze a vast array of academic sources, ensuring a comprehensive and insightful overview of your research topic.', 1, '2025-07-24 11:43:12.099750', '2025-07-24 11:43:12.099763', 4, ''),
(27, NULL, '', 'Prepare for Viva-Voce', 'Prepare for Viva-Voce', 'Prepare for Viva-Voce', 1, '2025-07-24 11:43:12.105293', '2025-07-24 11:43:12.105340', 3, ''),
(28, NULL, '', 'Data Analysis', 'Data Analysis', 'Data Analysis', 1, '2025-07-24 11:43:12.129383', '2025-07-24 11:43:12.129400', 2, '');

-- --------------------------------------------------------

--
-- Table structure for table `type`
--

CREATE TABLE `type` (
  `id` bigint(20) NOT NULL,
  `deleted_at` datetime(6) DEFAULT NULL,
  `name` varchar(255) NOT NULL,
  `status` tinyint(1) NOT NULL,
  `created_at` datetime(6) NOT NULL,
  `updated_at` datetime(6) NOT NULL
) ENGINE=InnoDB DEFAULT CHARSET=utf8mb4 COLLATE=utf8mb4_general_ci;

--
-- Dumping data for table `type`
--

INSERT INTO `type` (`id`, `deleted_at`, `name`, `status`, `created_at`, `updated_at`) VALUES
(1, NULL, 'Research / Publication Ideas', 1, '2025-07-24 11:43:12.030983', '2025-07-24 11:43:12.031004'),
(2, NULL, 'Critical Thinking & Investigation', 1, '2025-07-24 11:43:12.032578', '2025-07-24 11:43:12.032625'),
(3, NULL, 'Research Methodology', 1, '2025-07-24 11:43:12.034629', '2025-07-24 11:43:12.034650'),
(4, NULL, 'Indian Knowledge System', 1, '2025-07-24 11:43:12.039865', '2025-07-24 11:43:12.039893');

-- --------------------------------------------------------

--
-- Table structure for table `user_reports`
--

CREATE TABLE `user_reports` (
  `id` bigint(20) NOT NULL,
  `deleted_at` datetime(6) DEFAULT NULL,
  `request` longtext DEFAULT NULL,
  `response` longtext DEFAULT NULL,
  `status` tinyint(1) NOT NULL,
  `created_at` datetime(6) NOT NULL,
  `updated_at` datetime(6) NOT NULL,
  `user_id` bigint(20) NOT NULL,
  `subtype_id` bigint(20) DEFAULT NULL,
  `type_id` bigint(20) DEFAULT NULL,
  `other` longtext DEFAULT NULL
) ENGINE=InnoDB DEFAULT CHARSET=utf8mb4 COLLATE=utf8mb4_general_ci;

--
-- Dumping data for table `user_reports`
--

INSERT INTO `user_reports` (`id`, `deleted_at`, `request`, `response`, `status`, `created_at`, `updated_at`, `user_id`, `subtype_id`, `type_id`, `other`) VALUES
(1, NULL, '/public/questions/2025-07-24_18-19-23/request.txt', '/public/questions/2025-07-24_18-19-23/response.txt', 1, '2025-07-24 12:49:34.069806', '2025-07-24 12:49:34.069822', 2, 1, 1, NULL),
(2, NULL, '/public/questions/2025-07-25_10-17-34/request.txt', '/public/questions/2025-07-25_10-17-34/response.txt', 1, '2025-07-25 04:47:48.851203', '2025-07-25 04:47:48.851215', 2, 1, 1, NULL);

-- --------------------------------------------------------

--
-- Table structure for table `user_subscription_details`
--

CREATE TABLE `user_subscription_details` (
  `id` bigint(20) NOT NULL,
  `deleted_at` datetime(6) DEFAULT NULL,
  `credit_count` int(11) DEFAULT NULL,
  `expriry_date` longtext DEFAULT NULL,
  `status` tinyint(1) NOT NULL,
  `created_at` datetime(6) NOT NULL,
  `updated_at` datetime(6) NOT NULL,
  `user_id` bigint(20) NOT NULL,
  `remaining_count` int(11) DEFAULT NULL,
  `amount` int(11) DEFAULT NULL
) ENGINE=InnoDB DEFAULT CHARSET=utf8mb4 COLLATE=utf8mb4_general_ci;

--
-- Dumping data for table `user_subscription_details`
--

INSERT INTO `user_subscription_details` (`id`, `deleted_at`, `credit_count`, `expriry_date`, `status`, `created_at`, `updated_at`, `user_id`, `remaining_count`, `amount`) VALUES
(1, NULL, 10, '2025-08-03', 1, '2025-07-24 12:17:46.457657', '2025-07-25 04:47:48.847626', 2, 8, 0);

-- --------------------------------------------------------

--
-- Table structure for table `user_subscription_history`
--

CREATE TABLE `user_subscription_history` (
  `id` bigint(20) NOT NULL,
  `deleted_at` datetime(6) DEFAULT NULL,
  `credit_count` int(11) DEFAULT NULL,
  `days` int(11) DEFAULT NULL,
  `razorpay_id` longtext DEFAULT NULL,
  `status` tinyint(1) NOT NULL,
  `created_at` datetime(6) NOT NULL,
  `updated_at` datetime(6) NOT NULL,
  `user_id` bigint(20) NOT NULL,
  `amount` int(11) DEFAULT NULL,
  `discount` int(11) DEFAULT NULL,
  `discount_code` longtext DEFAULT NULL
) ENGINE=InnoDB DEFAULT CHARSET=utf8mb4 COLLATE=utf8mb4_general_ci;

-- --------------------------------------------------------

--
-- Table structure for table `_11_groups`
--

CREATE TABLE `_11_groups` (
  `id` bigint(20) NOT NULL,
  `deleted_at` datetime(6) DEFAULT NULL,
  `name` varchar(500) DEFAULT NULL,
  `description` longtext DEFAULT NULL,
  `status` tinyint(1) NOT NULL,
  `created_at` datetime(6) NOT NULL,
  `updated_at` datetime(6) NOT NULL,
  `form_id` bigint(20) NOT NULL
) ENGINE=InnoDB DEFAULT CHARSET=utf8mb4 COLLATE=utf8mb4_general_ci;

--
-- Dumping data for table `_11_groups`
--

INSERT INTO `_11_groups` (`id`, `deleted_at`, `name`, `description`, `status`, `created_at`, `updated_at`, `form_id`) VALUES
(131, NULL, 'A. If You Already Have a Rough Idea for Research.', '', 1, '2025-06-24 11:09:02.912665', '2025-06-24 11:09:02.912716', 1),
(132, NULL, 'Fine Tuning of Your Research Idea', '', 1, '2025-06-24 11:09:02.917006', '2025-06-24 11:09:02.917021', 1),
(133, NULL, 'B. If You Don\'t Have a Research Ide - But Have Deep Interest in Academics', '', 1, '2025-06-24 11:09:02.921907', '2025-06-24 11:09:02.921924', 1);

-- --------------------------------------------------------

--
-- Table structure for table `_12_btngroups`
--

CREATE TABLE `_12_btngroups` (
  `id` bigint(20) NOT NULL,
  `deleted_at` datetime(6) DEFAULT NULL,
  `name` varchar(500) DEFAULT NULL,
  `description` longtext DEFAULT NULL,
  `status` tinyint(1) NOT NULL,
  `created_at` datetime(6) NOT NULL,
  `updated_at` datetime(6) NOT NULL,
  `form_id` bigint(20) NOT NULL
) ENGINE=InnoDB DEFAULT CHARSET=utf8mb4 COLLATE=utf8mb4_general_ci;

--
-- Dumping data for table `_12_btngroups`
--

INSERT INTO `_12_btngroups` (`id`, `deleted_at`, `name`, `description`, `status`, `created_at`, `updated_at`, `form_id`) VALUES
(55, NULL, 'Instant Validation of the Fine-tuned Research Idea.', '', 1, '2025-07-04 05:48:54.209216', '2025-07-04 05:48:54.209235', 2);

-- --------------------------------------------------------

--
-- Table structure for table `_12_groups`
--

CREATE TABLE `_12_groups` (
  `id` bigint(20) NOT NULL,
  `deleted_at` datetime(6) DEFAULT NULL,
  `name` varchar(500) DEFAULT NULL,
  `description` longtext DEFAULT NULL,
  `status` tinyint(1) NOT NULL,
  `created_at` datetime(6) NOT NULL,
  `updated_at` datetime(6) NOT NULL,
  `form_id` bigint(20) NOT NULL
) ENGINE=InnoDB DEFAULT CHARSET=utf8mb4 COLLATE=utf8mb4_general_ci;

--
-- Dumping data for table `_12_groups`
--

INSERT INTO `_12_groups` (`id`, `deleted_at`, `name`, `description`, `status`, `created_at`, `updated_at`, `form_id`) VALUES
(56, NULL, 'The Details of Fine-Tuned Research Idea.', '', 1, '2025-07-04 05:48:54.193327', '2025-07-04 05:48:54.193435', 2);

-- --------------------------------------------------------

--
-- Table structure for table `_12_inputs`
--

CREATE TABLE `_12_inputs` (
  `id` bigint(20) NOT NULL,
  `deleted_at` datetime(6) DEFAULT NULL,
  `name` varchar(500) DEFAULT NULL,
  `placeholder` longtext DEFAULT NULL,
  `remark` longtext DEFAULT NULL,
  `required` tinyint(1) NOT NULL,
  `status` tinyint(1) NOT NULL,
  `created_at` datetime(6) NOT NULL,
  `updated_at` datetime(6) NOT NULL,
  `group_id` bigint(20) NOT NULL,
  `input_type_id` bigint(20) NOT NULL,
  `file` varchar(100) DEFAULT NULL
) ENGINE=InnoDB DEFAULT CHARSET=utf8mb4 COLLATE=utf8mb4_general_ci;

--
-- Dumping data for table `_12_inputs`
--

INSERT INTO `_12_inputs` (`id`, `deleted_at`, `name`, `placeholder`, `remark`, `required`, `status`, `created_at`, `updated_at`, `group_id`, `input_type_id`, `file`) VALUES
(166, NULL, 'The Fine-Tuned Idea for Research or Publication', '', '', 1, 1, '2025-07-04 05:48:54.194795', '2025-07-04 05:48:54.194825', 56, 1, ''),
(167, NULL, 'The domain or the field of study relevant to the idea', '', '', 1, 1, '2025-07-04 05:48:54.195726', '2025-07-04 05:48:54.195745', 56, 1, ''),
(168, NULL, 'Objective/Expected Outcome: The intended outcome or impact', '', '', 1, 1, '2025-07-04 05:48:54.196779', '2025-07-04 05:48:54.196796', 56, 1, '');

-- --------------------------------------------------------

--
-- Table structure for table `_13_groups`
--

CREATE TABLE `_13_groups` (
  `id` bigint(20) NOT NULL,
  `deleted_at` datetime(6) DEFAULT NULL,
  `name` varchar(500) DEFAULT NULL,
  `description` longtext DEFAULT NULL,
  `image` varchar(100) DEFAULT NULL,
  `status` tinyint(1) NOT NULL,
  `created_at` datetime(6) NOT NULL,
  `updated_at` datetime(6) NOT NULL,
  `form_id` bigint(20) NOT NULL
) ENGINE=InnoDB DEFAULT CHARSET=utf8mb4 COLLATE=utf8mb4_general_ci;

--
-- Dumping data for table `_13_groups`
--

INSERT INTO `_13_groups` (`id`, `deleted_at`, `name`, `description`, `image`, `status`, `created_at`, `updated_at`, `form_id`) VALUES
(28, NULL, 'The Logical Flow of Your Research / Publication', 'At Step-00, you can transform your fleeting sparks of creativity into substantial concepts, by simply inputting your initial idea, specifying the domain, and outlining your expected outcomes- and validate your ideas for further research. With i-Max Vigyana, you\'ll receive instant, tailored outputs including a comprehensive literature review, hypothesis formulation, and insights into the feasibility and challenges of your research, all aimed at nurturing and advancing your academic endeavours.', '13/image.png', 1, '2025-06-11 12:54:08.208059', '2025-06-11 12:54:08.208074', 3);

-- --------------------------------------------------------

--
-- Table structure for table `_24_btngroups`
--

CREATE TABLE `_24_btngroups` (
  `id` bigint(20) NOT NULL,
  `deleted_at` datetime(6) DEFAULT NULL,
  `description_o` longtext DEFAULT NULL,
  `description_t` longtext DEFAULT NULL,
  `status` tinyint(1) NOT NULL,
  `created_at` datetime(6) NOT NULL,
  `updated_at` datetime(6) NOT NULL,
  `form_id` bigint(20) NOT NULL
) ENGINE=InnoDB DEFAULT CHARSET=utf8mb4 COLLATE=utf8mb4_general_ci;

--
-- Dumping data for table `_24_btngroups`
--

INSERT INTO `_24_btngroups` (`id`, `deleted_at`, `description_o`, `description_t`, `status`, `created_at`, `updated_at`, `form_id`) VALUES
(33, NULL, 'The Step-02 is designed to enhance the critical thinking capabilities of scholars at all levels of their research process. By simply inputting an idea or concept, i-Max Vigyana\'s advanced critical thinking engine provides comprehensive analysis, raises probing questions, and offers diverse perspectives, thereby deepening your understanding and analytical skills.', 'Critical Thinking Engine Algorithm (2200 Plus Einstein Level Thinking Pathways) is embedded into each button of Vigyana - that means, you get the result of critical thinking by inputting the right data & by dicking the buttons.', 1, '2025-06-26 11:39:01.109154', '2025-06-26 11:39:01.109163', 4);

-- --------------------------------------------------------

--
-- Table structure for table `_24_groups`
--

CREATE TABLE `_24_groups` (
  `id` bigint(20) NOT NULL,
  `deleted_at` datetime(6) DEFAULT NULL,
  `name` varchar(500) DEFAULT NULL,
  `description` longtext DEFAULT NULL,
  `status` tinyint(1) NOT NULL,
  `created_at` datetime(6) NOT NULL,
  `updated_at` datetime(6) NOT NULL,
  `form_id` bigint(20) NOT NULL
) ENGINE=InnoDB DEFAULT CHARSET=utf8mb4 COLLATE=utf8mb4_general_ci;

--
-- Dumping data for table `_24_groups`
--

INSERT INTO `_24_groups` (`id`, `deleted_at`, `name`, `description`, `status`, `created_at`, `updated_at`, `form_id`) VALUES
(73, NULL, 'A. Critical Thinking at Intellectual Standards Level', 'Here you can test your Concepts, Theories, Ideas, Thoughts, or Hypotheses against stringent intellectual standards with the help of Artificial Intelligence. Fill the text box (boxes) below and dick the button corresponding to the intellectual standard:', 1, '2025-06-26 11:39:01.104309', '2025-06-26 11:39:01.104329', 4),
(74, NULL, 'B. Critical Thinking at Elements of Thought / Reasoning Level', 'Here you can test your Concepts, Theories, Ideas, Thoughts, or Hypotheses for Higher-Order Thinking, that leads to High-Impact Research. You can test them along with various elements of thought/reasoning with the help of Artificial Intelligence. a. Fill the text box (boxes) above with your Concept/Theory/Idea/Thought/Hypotheses. b. Then, fill the text box (boxes) on the right side and dick the button corresponding to the elements of thought/ reasoning that you want to analyse.', 1, '2025-06-26 11:39:01.105941', '2025-06-26 11:39:01.105951', 4);

-- --------------------------------------------------------

--
-- Table structure for table `_24_inputs`
--

CREATE TABLE `_24_inputs` (
  `id` bigint(20) NOT NULL,
  `deleted_at` datetime(6) DEFAULT NULL,
  `name` varchar(500) DEFAULT NULL,
  `placeholder` longtext DEFAULT NULL,
  `remark` longtext DEFAULT NULL,
  `required` tinyint(1) NOT NULL,
  `status` tinyint(1) NOT NULL,
  `created_at` datetime(6) NOT NULL,
  `updated_at` datetime(6) NOT NULL,
  `group_id` bigint(20) NOT NULL,
  `input_type_id` bigint(20) NOT NULL
) ENGINE=InnoDB DEFAULT CHARSET=utf8mb4 COLLATE=utf8mb4_general_ci;

--
-- Dumping data for table `_24_inputs`
--

INSERT INTO `_24_inputs` (`id`, `deleted_at`, `name`, `placeholder`, `remark`, `required`, `status`, `created_at`, `updated_at`, `group_id`, `input_type_id`) VALUES
(397, NULL, 'Concept/Idea/Theory to be analysed -1', '', '', 0, 1, '2025-06-26 11:39:01.104843', '2025-06-26 11:39:01.104853', 73, 1),
(398, NULL, 'Concept/Idea/Theory to be analysed-2', '', '', 0, 1, '2025-06-26 11:39:01.105224', '2025-06-26 11:39:01.105234', 73, 1),
(399, NULL, 'Concept/Idea/Theory to be analysed - 3', '', '', 0, 1, '2025-06-26 11:39:01.105579', '2025-06-26 11:39:01.105589', 73, 1),
(400, NULL, 'What is the PURPOSE of your thought/reasoning?', '', '', 0, 1, '2025-06-26 11:39:01.106313', '2025-06-26 11:39:01.106322', 74, 1),
(401, NULL, 'What are your QUESTIONS that support your thought/reasoning?', '', '', 0, 1, '2025-06-26 11:39:01.106657', '2025-06-26 11:39:01.106666', 74, 1),
(402, NULL, 'What DATA, INFORMATION, EVIDENCE do you use to support your thought/reasoning?', '', '', 0, 1, '2025-06-26 11:39:01.107008', '2025-06-26 11:39:01.107017', 74, 1),
(403, NULL, 'What CONCEPT/IDEA shape your thought/reasoning?', '', '', 0, 1, '2025-06-26 11:39:01.107360', '2025-06-26 11:39:01.107369', 74, 1),
(404, NULL, 'Which POINT OF VIEW leads you to the current thought/reasoning?', '', '', 0, 1, '2025-06-26 11:39:01.107699', '2025-06-26 11:39:01.107708', 74, 1),
(405, NULL, 'What are the INFERENCES/INTERPRETATIONS that support your thought/reasoning?', '', '', 0, 1, '2025-06-26 11:39:01.108050', '2025-06-26 11:39:01.108060', 74, 1),
(406, NULL, 'What are the main ASSUMPTIONS behind your thought/reasoning?', '', '', 0, 1, '2025-06-26 11:39:01.108396', '2025-06-26 11:39:01.108405', 74, 1),
(407, NULL, 'What are the IMPLICATIONS / CONSEQUENCES of your thought/reasoning?', '', '', 0, 1, '2025-06-26 11:39:01.108736', '2025-06-26 11:39:01.108746', 74, 1);

-- --------------------------------------------------------

--
-- Table structure for table `_25_btngroups`
--

CREATE TABLE `_25_btngroups` (
  `id` bigint(20) NOT NULL,
  `deleted_at` datetime(6) DEFAULT NULL,
  `name` varchar(500) DEFAULT NULL,
  `description` longtext DEFAULT NULL,
  `status` tinyint(1) NOT NULL,
  `created_at` datetime(6) NOT NULL,
  `updated_at` datetime(6) NOT NULL,
  `form_id` bigint(20) NOT NULL
) ENGINE=InnoDB DEFAULT CHARSET=utf8mb4 COLLATE=utf8mb4_general_ci;

--
-- Dumping data for table `_25_btngroups`
--

INSERT INTO `_25_btngroups` (`id`, `deleted_at`, `name`, `description`, `status`, `created_at`, `updated_at`, `form_id`) VALUES
(11, NULL, 'Blooms\'s Cognitive Compass: Elevate Your Research Thinking', 'This tool helps you align your research with Bloom\'s Taxonomy, providing structured insights into the cognitive demands of your work. By selecting a level, you can assess whether your research achieves basic understanding or ventures into complex evaluation and creation, guiding you towards a more comprehensive and higher-level academic inquiry.', 1, '2025-07-21 06:57:42.333891', '2025-07-21 06:57:42.333906', 5);

-- --------------------------------------------------------

--
-- Table structure for table `_25_groups`
--

CREATE TABLE `_25_groups` (
  `id` bigint(20) NOT NULL,
  `deleted_at` datetime(6) DEFAULT NULL,
  `name` varchar(500) DEFAULT NULL,
  `description` longtext DEFAULT NULL,
  `status` tinyint(1) NOT NULL,
  `created_at` datetime(6) NOT NULL,
  `updated_at` datetime(6) NOT NULL,
  `form_id` bigint(20) NOT NULL
) ENGINE=InnoDB DEFAULT CHARSET=utf8mb4 COLLATE=utf8mb4_general_ci;

--
-- Dumping data for table `_25_groups`
--

INSERT INTO `_25_groups` (`id`, `deleted_at`, `name`, `description`, `status`, `created_at`, `updated_at`, `form_id`) VALUES
(11, NULL, 'The Meta-Cognitive Progress for Research', 'This tool helps you align your research with Bloom\'s Taxonomy, providing structured insights into the cognitive demands of your work. By selecting a level, you can assess whether your research achieves basic understanding or ventures into complex evaluation and creation, guiding you towards a more comprehensive and higher-level academic inquiry.', 1, '2025-07-21 06:57:42.321136', '2025-07-21 06:57:42.321158', 5);

-- --------------------------------------------------------

--
-- Table structure for table `_25_inputs`
--

CREATE TABLE `_25_inputs` (
  `id` bigint(20) NOT NULL,
  `deleted_at` datetime(6) DEFAULT NULL,
  `name` varchar(500) DEFAULT NULL,
  `placeholder` longtext DEFAULT NULL,
  `remark` longtext DEFAULT NULL,
  `required` tinyint(1) NOT NULL,
  `status` tinyint(1) NOT NULL,
  `created_at` datetime(6) NOT NULL,
  `updated_at` datetime(6) NOT NULL,
  `group_id` bigint(20) NOT NULL,
  `input_type_id` bigint(20) NOT NULL
) ENGINE=InnoDB DEFAULT CHARSET=utf8mb4 COLLATE=utf8mb4_general_ci;

--
-- Dumping data for table `_25_inputs`
--

INSERT INTO `_25_inputs` (`id`, `deleted_at`, `name`, `placeholder`, `remark`, `required`, `status`, `created_at`, `updated_at`, `group_id`, `input_type_id`) VALUES
(51, NULL, 'Research Problem', '', '', 1, 1, '2025-07-21 06:57:42.321703', '2025-07-21 06:57:42.321717', 11, 1),
(52, NULL, 'Hypothesis', '', '', 1, 1, '2025-07-21 06:57:42.322170', '2025-07-21 06:57:42.322183', 11, 1),
(53, NULL, 'Domain(s)', '', '', 1, 1, '2025-07-21 06:57:42.322607', '2025-07-21 06:57:42.322620', 11, 1),
(54, NULL, 'Uniqueness of the Research', '', '', 1, 1, '2025-07-21 06:57:42.332742', '2025-07-21 06:57:42.332763', 11, 1),
(55, NULL, 'What do you want to establish?', '', '', 1, 1, '2025-07-21 06:57:42.333317', '2025-07-21 06:57:42.333336', 11, 1);

-- --------------------------------------------------------

--
-- Table structure for table `_26_groups`
--

CREATE TABLE `_26_groups` (
  `id` bigint(20) NOT NULL,
  `deleted_at` datetime(6) DEFAULT NULL,
  `name` varchar(500) DEFAULT NULL,
  `description` longtext DEFAULT NULL,
  `status` tinyint(1) NOT NULL,
  `created_at` datetime(6) NOT NULL,
  `updated_at` datetime(6) NOT NULL,
  `menu_id` bigint(20) NOT NULL
) ENGINE=InnoDB DEFAULT CHARSET=utf8mb4 COLLATE=utf8mb4_general_ci;

--
-- Dumping data for table `_26_groups`
--

INSERT INTO `_26_groups` (`id`, `deleted_at`, `name`, `description`, `status`, `created_at`, `updated_at`, `menu_id`) VALUES
(807, NULL, 'A. Concept A to Concept B: Reasoning', 'This tool helps researchers to reason. Start from an initial concept (A) and bring to the conclusion (B) that you would like to achieve.', 1, '2025-07-08 11:05:37.239982', '2025-07-08 11:05:37.240002', 272),
(808, NULL, 'B. Concept A to Concept B: Inter- disciplinary Research', 'This tool significantly benefits researchers to analyse and integrate concepts across various disciplines. Input Concept A, and Concept B in text boxes. Applications include Interdisciplinary Research Integration, Systematic Literature Reviews, Policy Analysis and Development etc.', 1, '2025-07-08 11:05:37.244656', '2025-07-08 11:05:37.244675', 272),
(809, NULL, 'C. Concept A to Concept B: Critique, Argue & Compare.', 'This tool enables researchers to critically evaluate any concept, idea, or hypothesis through valid reasoning. By entering a concept into the designated text box (CONCEPT A), the tool provides a critique or argument related to that concept. If you wish to compare and critique two concepts, simply input the second concept (CONCEPT B) into the additional text box for comparison.', 1, '2025-07-08 11:05:37.247563', '2025-07-08 11:05:37.247579', 272),
(810, NULL, 'A. Concept A to Concept B: Reasoning', 'This tool helps researchers to reason. Start from an initial concept (A) and bring to the conclusion (B) that you would like to achieve.', 1, '2025-07-08 11:05:37.250566', '2025-07-08 11:05:37.250579', 273),
(811, NULL, 'B. Concept A to Concept B: Inter- disciplinary Research', 'This tool significantly benefits researchers to analyse and integrate concepts across various disciplines. Input Concept A, and Concept B in text boxes. Applications include Interdisciplinary Research Integration, Systematic Literature Reviews, Policy Analysis and Development etc.', 1, '2025-07-08 11:05:37.255871', '2025-07-08 11:05:37.255891', 273),
(812, NULL, 'C. Concept A to Concept B: Critique, Argue & Compare.', 'This tool enables researchers to critically evaluate any concept, idea, or hypothesis through valid reasoning. By entering a concept into the designated text box (CONCEPT A), the tool provides a critique or argument related to that concept. If you wish to compare and critique two concepts, simply input the second concept (CONCEPT B) into the additional text box for comparison.', 1, '2025-07-08 11:05:37.258167', '2025-07-08 11:05:37.258183', 273),
(813, NULL, 'A. Conceptual Coherence Validator', 'This tool ensures that individual concepts used in the research are coherent and support the broader argument or interpretation.', 1, '2025-07-08 11:05:37.261110', '2025-07-08 11:05:37.261124', 274),
(814, NULL, 'B. Concept Deconstruction and Rebuild', 'This tool deconstructs a central concept in the research, allowing researchers to rebuild it with modifications that address gaps or challenges.', 1, '2025-07-08 11:05:37.266458', '2025-07-08 11:05:37.266471', 274),
(815, NULL, 'C. Conceptual Linkage Explorer', 'This tool helps researchers discover connections between seemingly unrelated concepts, fostering creativity and novel insights', 1, '2025-07-08 11:05:37.271007', '2025-07-08 11:05:37.271019', 274),
(816, NULL, 'A. Argument Strength Evaluator', 'This tool analyses the strength and persuasiveness of research arguments, providing insights into their effectiveness and areas for enhancement.', 1, '2025-07-08 11:05:37.275630', '2025-07-08 11:05:37.275641', 275),
(817, NULL, 'B. Counter-argument Development Tool', 'This tool assists researchers in developing strong counter-arguments to anticipate and address potential criticisms effectively.', 1, '2025-07-08 11:05:37.279779', '2025-07-08 11:05:37.279791', 275),
(818, NULL, 'C. Rationality Checker', 'This tool assesses the rationality of arguments and decisions within research, promoting more scientifically sound conclusions.', 1, '2025-07-08 11:05:37.285314', '2025-07-08 11:05:37.285328', 275),
(819, NULL, 'A. Dialectical Hypothesis Tester', 'This tool tests the robustness of the hypothesis by challenging it with opposing arguments and data, encouraging researchers to strengthen or modify their hypothesis.', 1, '2025-07-08 11:05:37.290359', '2025-07-08 11:05:37.290373', 276),
(820, NULL, 'B. Antithesis Discovery Tool', 'This tool Identifies the antithesis to the researcher\'s current argument by finding opposing studies, data, or theories in the literature.', 1, '2025-07-08 11:05:37.296015', '2025-07-08 11:05:37.296032', 276),
(821, NULL, 'C. Reverse Hypothesis Engineering', 'This tool helps researchers reverse-engineer research conclusions to generate new hypotheses by tracing results back to unexplored premises and assumptions.', 1, '2025-07-08 11:05:37.301332', '2025-07-08 11:05:37.301345', 276),
(822, NULL, 'A. Boundary Complexity Analyser', 'This tool analyses whether the boundaries of the research add unnecessary complexity or, conversely, oversimplify the scope, offering strategies to balance complexity.', 1, '2025-07-08 11:05:37.306627', '2025-07-08 11:05:37.306645', 277),
(823, NULL, 'B. Boundary Critique for Systems', 'This tool critically evaluates the boundaries of the system to ensure that important elements are included, questioning what is inside and outside the system\'s scope.', 1, '2025-07-08 11:05:37.312073', '2025-07-08 11:05:37.312091', 277),
(824, NULL, 'C. Research Outcome Deconstructor', 'This tool breaks down research outcomes to reveal the underlying factors that contributed to the success or failure of the research, helping improve future designs.', 1, '2025-07-08 11:05:37.320371', '2025-07-08 11:05:37.320385', 277),
(825, NULL, 'A. Causality Validator', 'This tool ensures that the conclusions drawn from research data are based on valid causal relationships, not just correlations.', 1, '2025-07-08 11:05:37.326175', '2025-07-08 11:05:37.326188', 278),
(826, NULL, 'B. Assumption Disruptor', 'This tool Identifies and questions the hidden assumptions behind research hypotheses, forcing researchers to critically assess the foundations of their work.', 1, '2025-07-08 11:05:37.330762', '2025-07-08 11:05:37.330775', 278),
(827, NULL, 'C. Devil\'s Advocate Data Challenger', 'This tool scrutinizes the data used in research, posing skeptical challenges regarding the accuracy, interpretation, & relevance of the data.', 1, '2025-07-08 11:05:37.335201', '2025-07-08 11:05:37.335214', 278),
(828, NULL, 'A. Alternate Perspective Generator', 'This tool forces researchers to consider their research topic from an entirely different perspective (e.g., opposing academic schools of thought, different cultural views).', 1, '2025-07-08 11:05:37.340343', '2025-07-08 11:05:37.340355', 279),
(829, NULL, 'B. Paradigm Disruptor', 'This tool challenges the researcher to critically evaluate whether their work follows conventional paradigms and whether alternative paradigms could offer fresh insights.', 1, '2025-07-08 11:05:37.345166', '2025-07-08 11:05:37.345183', 279),
(830, NULL, 'C. Stakeholder Objection Forecaster', 'This tool predicts potential objections from different stakeholders (academics, policymakers, the public) and helps researchers pre-emptively address them.', 1, '2025-07-08 11:05:37.349688', '2025-07-08 11:05:37.349706', 279),
(831, NULL, 'A. Deductive Reasoning Optimizer', 'This tool enhances the structure and validity of deductive reasoning within research. It analyses the logical flow from premises to conclusion, ensuring that the arguments are valid, consistent, and free from logical errors.', 1, '2025-07-08 11:05:37.354442', '2025-07-08 11:05:37.354453', 280),
(832, NULL, 'B. Inductive Reasoning Validator', 'This tool evaluates inductive reasoning by examining how well generalizations or conclusions are supported by specific data, identifying over generalization, weak evidence, or gaps in the reasoning.', 1, '2025-07-08 11:05:37.358726', '2025-07-08 11:05:37.358743', 280),
(833, NULL, 'C. Research Heuristic Advisor', 'This tool offers guidance on using heuristics in research decision-making, while identifying potential pitfalls and suggesting corrections.', 1, '2025-07-08 11:05:37.363476', '2025-07-08 11:05:37.363494', 280),
(834, NULL, 'A. Reverse Case Study Analyser', 'This tool deconstructs case studies to reveal the underlying factors, assumptions, and decisions that shaped the outcomes, offering lessons for future research.', 1, '2025-07-08 11:05:37.370288', '2025-07-08 11:05:37.370308', 281),
(835, NULL, 'B. Literature Review Disassembler', 'This tool breaks down a literature review into its core sources and arguments, showing how the review was constructed and identifying opportunities for expanding or refining the analysis.', 1, '2025-07-08 11:05:37.375192', '2025-07-08 11:05:37.375206', 281),
(836, NULL, 'C. Intellectual Risk Assessment', 'This tool assesses the intellectual risks associated with novel research ideas or controversial claims, offering strategies to mitigate these risks.', 1, '2025-07-08 11:05:37.380474', '2025-07-08 11:05:37.380495', 281);

-- --------------------------------------------------------

--
-- Table structure for table `_26_menu`
--

CREATE TABLE `_26_menu` (
  `id` bigint(20) NOT NULL,
  `deleted_at` datetime(6) DEFAULT NULL,
  `name` varchar(500) DEFAULT NULL,
  `status` tinyint(1) NOT NULL,
  `created_at` datetime(6) NOT NULL,
  `updated_at` datetime(6) NOT NULL,
  `form_id` bigint(20) NOT NULL
) ENGINE=InnoDB DEFAULT CHARSET=utf8mb4 COLLATE=utf8mb4_general_ci;

--
-- Dumping data for table `_26_menu`
--

INSERT INTO `_26_menu` (`id`, `deleted_at`, `name`, `status`, `created_at`, `updated_at`, `form_id`) VALUES
(272, NULL, 'Blooms for Research', 1, '2025-07-08 11:05:37.239092', '2025-07-08 11:05:37.239125', 6),
(273, NULL, 'A & B Reasoning', 1, '2025-07-08 11:05:37.250013', '2025-07-08 11:05:37.250026', 6),
(274, NULL, 'Conceptual clarity and Coherence', 1, '2025-07-08 11:05:37.260569', '2025-07-08 11:05:37.260583', 6),
(275, NULL, 'Critical Evaluation of Arguments', 1, '2025-07-08 11:05:37.275155', '2025-07-08 11:05:37.275167', 6),
(276, NULL, 'Hypothesis Testing and Dialectics', 1, '2025-07-08 11:05:37.289851', '2025-07-08 11:05:37.289866', 6),
(277, NULL, 'Boundary and Scope Management', 1, '2025-07-08 11:05:37.306047', '2025-07-08 11:05:37.306065', 6),
(278, NULL, 'Causality and Assumption Analysis', 1, '2025-07-08 11:05:37.325704', '2025-07-08 11:05:37.325718', 6),
(279, NULL, 'Perspective Shifts and Alternate Views', 1, '2025-07-08 11:05:37.339866', '2025-07-08 11:05:37.339879', 6),
(280, NULL, 'Reasoning and Logic Validation', 1, '2025-07-08 11:05:37.354009', '2025-07-08 11:05:37.354021', 6),
(281, NULL, 'Case Studies and Reverse Analysis', 1, '2025-07-08 11:05:37.369618', '2025-07-08 11:05:37.369660', 6);

-- --------------------------------------------------------

--
-- Table structure for table `_27_groups`
--

CREATE TABLE `_27_groups` (
  `id` bigint(20) NOT NULL,
  `deleted_at` datetime(6) DEFAULT NULL,
  `name` varchar(500) DEFAULT NULL,
  `description` longtext DEFAULT NULL,
  `status` tinyint(1) NOT NULL,
  `created_at` datetime(6) NOT NULL,
  `updated_at` datetime(6) NOT NULL,
  `menu_id` bigint(20) NOT NULL
) ENGINE=InnoDB DEFAULT CHARSET=utf8mb4 COLLATE=utf8mb4_general_ci;

--
-- Dumping data for table `_27_groups`
--

INSERT INTO `_27_groups` (`id`, `deleted_at`, `name`, `description`, `status`, `created_at`, `updated_at`, `menu_id`) VALUES
(512, NULL, 'A. Non-Linear Associative Thinking. Inspired By: Nikola Tesla', 'Significance:Enables the connection of seemingly unrelated concepts to generate ground-breaking innovations. Expected Outputs: Revolutionary concepts and inventions that combine principles from disparate fields, resulting in innovations that redefine industries.', 1, '2025-07-04 07:50:03.181457', '2025-07-04 07:50:03.181474', 133),
(513, NULL, 'B. Synergistic Convergence. Inspired By: Marie Curie', 'Significance:Involves bringing together disparate ideas, fields, or technologies to create a new, more powerful whole. Expected Outputs: Breakthrough discoveries that emerge from the intersection of disciplines, often leading to entirely new fields of study.', 1, '2025-07-04 07:50:03.190772', '2025-07-04 07:50:03.190792', 133),
(514, NULL, 'C. Hyper-Conscious Exploration. Inspired By: Buckminster Fuller', 'Significance:Involves the conscious exploration of the intersections between different domains of knowledge, seeking out new synergies and applications. Problem Solved: Expands the boundaries of what is possible by exploring the frontiers of knowledge where disciplines intersect.', 1, '2025-07-04 07:50:03.196875', '2025-07-04 07:50:03.196892', 133),
(515, NULL, 'D. Holistic Pattern Recognition. Inspired By: Barbara McClintock', 'Significance:Involves recognizing complex patterns across multiple scales and contexts, leading to deep insights into biological and physical systems. Expected Outputs: Deep insights into the underlying structures and behaviors of complex systems, often leading to ground-breaking discoveries.', 1, '2025-07-04 07:50:03.204345', '2025-07-04 07:50:03.204365', 133),
(516, NULL, 'A. Thought Experiments with Deep Abstraction. Inspired By: Albert Einstein', 'Significance:Utilizes abstract thought experiments to explore fundamental principles and uncover universal truths. Expected Outputs: New theories or modifications to existing ones that provide deeper insights into the nature of reality.', 1, '2025-07-04 07:50:03.211673', '2025-07-04 07:50:03.211689', 134),
(517, NULL, 'B. Temporal and Spatial Transcendence. Inspired By: Carl Sagan', 'Significance:Involves thinking across vast spans of time and space, considering the long-term implications of ideas and actions on a cosmic scale. Expected Outputs: Theories and concepts that transcend current human understanding, contributing to long-term knowledge and progress.', 1, '2025-07-04 07:50:03.217372', '2025-07-04 07:50:03.217389', 134),
(518, NULL, 'C. Singularity Projection. Inspired By: Ray Kurzweil', 'Significance:Projects the implications of approaching technological singularity, where AI surpasses human intelligence, to inform current research and innovation strategies. Expected Outputs: Research strategies and innovations that are future-proof, positioning researchers to lead in a post-singularity world.', 1, '2025-07-04 07:50:03.223588', '2025-07-04 07:50:03.223609', 134),
(519, NULL, 'D. Holographic Thinking. Inspired By: Dennis Gabor', 'Significance:Thinks of problems and solutions as holograms, where every part contains the whole, enabling researchers to explore ideas from multiple perspectives simultaneously. Expected Outputs: Holistic solutions that integrate all relevant perspectives, leading to comprehensive and highly effective innovations.', 1, '2025-07-04 07:50:03.229226', '2025-07-04 07:50:03.229243', 134),
(520, NULL, 'A. Algorithmic Intuition. Inspired By: Alan Turing', 'Significance:Combines computational algorithms with human intuition to enhance decision-making in uncertain environments. Expected Outputs: Highly accurate predictions and decisions that blend computational precision with human insight, leading to breakthrough developments in AI and machine learning.', 1, '2025-07-04 07:50:03.235932', '2025-07-04 07:50:03.235967', 135),
(521, NULL, 'B. Quantum Computing Integration. Inspired By: Richard Feynman', 'Significance:Integrates quantum computing principles into cognitive processes to enhance problem-solving capabilities far beyond classical computation. Expected Outputs: Radically enhanced computational capabilities that enable the solution of problems previously considered intractable, leading to new advancements in cryptography, optimization, and AI.', 1, '2025-07-04 07:50:03.241646', '2025-07-04 07:50:03.241662', 135),
(522, NULL, 'C. Neural Network Augmentation. Inspired By: Yoshua Bengio', 'Significance:Enhances human cognitive processes by integrating them with advanced neural networks, creating a symbiotic relationship between human and machine intelligence. Expected Outputs: Enhanced cognitive capabilities that allow for more sophisticated problem-solving, leading to innovations that combine human creativity with machine precision.', 1, '2025-07-04 07:50:03.247831', '2025-07-04 07:50:03.247848', 135),
(523, NULL, 'D. Multi-Spectral Analysis. Inspired By: Richard Feynman', 'Significance:Involves analyzing problems or systems across multiple spectra (e.g., electromagnetic, acoustic, or even conceptual), revealing hidden patterns and insights. Expected Outputs: Deep insights into the structure and behavior of complex systems, leading to innovations in materials engineering, remote sensing, and beyond.', 1, '2025-07-04 07:50:03.253139', '2025-07-04 07:50:03.253156', 135),
(524, NULL, 'A. First Principles Thinking. Inspired By: Elon Musk ', 'Significance: Breaks down complex problems into their most basic, fundamental components, then rebuilds solutions from the ground up. Expected Outputs: Radically innovative solutions that challenge conventional wisdom and provide new frameworks for understanding and solving problems.', 1, '2025-07-04 07:50:03.259491', '2025-07-04 07:50:03.259519', 136),
(525, NULL, 'B. Meta-Analytic Synthesis. Inspired By: Gene Glass', 'Significance: Goes beyond traditional meta-analysis by synthesizing data across multiple levels of analysis, creating comprehensive models that integrate diverse findings. Expected Outputs: Comprehensive, integrated models that provide new insights into complex phenomena, enabling more accurate predictions and theoretical advancements.', 1, '2025-07-04 07:50:03.265723', '2025-07-04 07:50:03.265742', 136),
(526, NULL, 'C. Ethical Paradox Resolution. Inspired By: Immanuel Kant', 'Significance: Focuses on resolving ethical paradoxes that arise in cutting-edge research and innovation, particularly in fields like AI, biotechnology, and quantum computing. Expected Outputs: Ethically robust frameworks that guide research and innovation, ensuring that technological advancements benefit humanity while minimizing harm.', 1, '2025-07-04 07:50:03.272436', '2025-07-04 07:50:03.272460', 136),
(527, NULL, 'D. Hyperspace Conceptualization. Inspired By: Albert Einstein', 'Significance: Involves conceptualizing and solving problems by visualizing them in hyperspace (spaces with more than three dimensions), enabling the exploration of complex phenomena from entirely new perspectives. Expected Outputs: New theories and models that extend our understanding of space, time, and matter, potentially leading to breakthroughs in quantum physics and cosmology.', 1, '2025-07-04 07:50:03.278965', '2025-07-04 07:50:03.278988', 136),
(528, NULL, 'A. Intuitive Synthesis of Information. Inspired By: Steve Jobs', 'Significance: Combines rational analysis with intuitive insight to synthesize information into a coherent, innovative whole. Expected Outputs: Products, services, or theories that resonate deeply with users or stakeholders, often characterized by their elegance and simplicity.', 1, '2025-07-04 07:50:03.286035', '2025-07-04 07:50:03.286051', 137),
(529, NULL, 'B. Meta-Cognitive Strategy Development. Inspired By: Noam Chomsky', 'Significance: Involves the development of strategies that not only solve problems but also enhance the researcher’s cognitive processes over time. Expected Outputs: Enhanced cognitive abilities, leading to progressively more sophisticated problem-solving and research outcomes.', 1, '2025-07-04 07:50:03.291681', '2025-07-04 07:50:03.291698', 137),
(530, NULL, 'C. Fractal Cognition. Inspired By: Benoit Mandelbrot', 'Significance: Utilizes the principles of fractals to understand and model complex systems that exhibit self-similarity across different scales. Expected Outputs: Insights into the underlying patterns and structures of complex systems, leading to new models and theories that can predict system behavior across multiple scales.', 1, '2025-07-04 07:50:03.297552', '2025-07-04 07:50:03.297568', 137),
(531, NULL, 'D. Paradoxical Synthesis. Inspired By: Hegel', 'Significance: Involves synthesizing contradictory ideas or theories into a new, more comprehensive framework that transcends the limitations of the original components. Expected Outputs: New, synthesized theories that provide a more complete understanding of complex phenomena, leading to advancements in fields where contradictions are prevalent.', 1, '2025-07-04 07:50:03.303066', '2025-07-04 07:50:03.303083', 137),
(532, NULL, 'A. Hyper-Complexity Modelling. Inspired By: Alan Turing', 'Significance: Involves creating models of systems so complex that they approach the limits of computational or human understanding. Expected Outputs: Models and simulations that provide deep insights into the behavior of complex systems, often revealing new principles or laws.', 1, '2025-07-04 07:50:03.309280', '2025-07-04 07:50:03.309299', 138),
(533, NULL, 'B. Dynamic Systems Interrogation. Inspired By: Stephen Hawking', 'Significance: Involves interrogating the fundamental dynamics of complex systems to uncover the rules governing their behavior. Expected Outputs: New laws or principles that explain the behavior of complex systems, leading to predictive models with wide applicability.', 1, '2025-07-04 07:50:03.314857', '2025-07-04 07:50:03.314874', 138),
(534, NULL, 'C. Emergent Property Analysis. Inspired By: Erwin Schrödinger', 'Significance: Investigates the properties that emerge from complex systems that are not apparent from their individual components. Expected Outputs: Insights into the emergent properties of complex systems, leading to new theories and applications in fields like biology, physics, and artificial intelligence.', 1, '2025-07-04 07:50:03.320367', '2025-07-04 07:50:03.320387', 138),
(535, NULL, 'D. Hyper-Empirical Methodology. Inspired By: Francis Bacon', 'Significance: Extends traditional empiricism by incorporating data from non-traditional sources, including virtual simulations, AI-generated data, and meta-analyses, to create a more robust empirical foundation. Expected Outputs: Comprehensive empirical models that provide new insights and validate theories across a wide range of disciplines, leading to more robust and generalizable findings.', 1, '2025-07-04 07:50:03.325845', '2025-07-04 07:50:03.325862', 138),
(536, NULL, 'A. Quantum Entanglement Cognition. Inspired By: David Bohm', 'Significance: Draws on the principles of quantum entanglement to create cognitive connections between seemingly unrelated ideas, enabling non-local thinking. Expected Outputs: Deeply interconnected ideas and theories that transcend traditional boundaries, leading to disruptive innovations and novel theoretical frameworks.', 1, '2025-07-04 07:50:03.331811', '2025-07-04 07:50:03.331840', 139),
(537, NULL, 'B. Conscious System Feedback Loops. Inspired By: Norbert Wiener', 'Significance: Creates feedback loops between conscious thought processes and external systems (such as AI or physical simulations) to enhance learning and innovation. Expected Outputs: Rapidly evolving ideas and solutions that are continuously refined through interaction with external systems, leading to highly optimized research outcomes.', 1, '2025-07-04 07:50:03.337401', '2025-07-04 07:50:03.337418', 139),
(538, NULL, 'C. Epistemic Frame Creation. Inspired By: Thomas Kuhn', 'Significance: Involves creating new epistemic frames—ways of knowing and understanding the world—that challenge and expand traditional paradigms. Expected Outputs: New ways of understanding and exploring reality, leading to innovative research methodologies and theoretical breakthroughs.', 1, '2025-07-04 07:50:03.342955', '2025-07-04 07:50:03.342972', 139),
(539, NULL, 'D. Multiverse Reasoning. Inspired By: Hugh Everett III', 'Significance: Explores the implications of the multiverse theory for research and innovation, considering multiple, parallel realities. Expected Outputs: Theories and models that incorporate the possibility of multiple realities, leading to new insights into quantum mechanics, cosmology, and beyond.', 1, '2025-07-04 07:50:03.349028', '2025-07-04 07:50:03.349054', 139),
(540, NULL, 'A. Symbiotic Ideation. Inspired By: Douglas Engelbart', 'Significance: Involves the co-creation of ideas between humans and advanced AI, leading to the generation of novel concepts that neither could produce alone. Expected Outputs: Radically new ideas and innovations that push the boundaries of what is possible in both technology and human creativity.', 1, '2025-07-04 07:50:03.357064', '2025-07-04 07:50:03.357080', 140),
(541, NULL, 'B. Iterative Hypothetical Modelling. Inspired By: Werner Heisenberg', 'Significance: Involves creating, testing, and refining hypotheses in an iterative loop, continuously improving understanding. Expected Outputs: Highly refined models and theories that evolve in response to new data, leading to a progressively deeper understanding of the research subject.', 1, '2025-07-04 07:50:03.362600', '2025-07-04 07:50:03.362617', 140),
(542, NULL, 'C. Reciprocal Modelling. Inspired By: Niels Bohr', 'Significance: Involves constructing models that simultaneously account for two or more contradictory theories, allowing for a deeper exploration of their interplay and reconciliation. Expected Outputs: Integrated models that provide a more comprehensive understanding of complex phenomena, potentially leading to the resolution of longstanding theoretical conflicts.', 1, '2025-07-04 07:50:03.367879', '2025-07-04 07:50:03.367899', 140),
(543, NULL, 'D. Non-Deterministic Thinking. Inspired By: Werner Heisenberg', 'Significance: Embraces the inherent uncertainty and non-determinism of certain systems, using it as a tool for exploration and innovation rather than a limitation. Expected Outputs: Innovative solutions and theories that harness the power of uncertainty, leading to breakthroughs in quantum computing, stochastic modeling, and beyond.', 1, '2025-07-04 07:50:03.373229', '2025-07-04 07:50:03.373245', 140),
(544, NULL, 'A. Radical Openness. Inspired By: Richard Dawkins', 'Significance: Embraces radical openness to new ideas, theories, and methodologies, regardless of their source or initial plausibility. Expected Outputs: The acceptance and development of ground-breaking ideas that challenge the status quo and lead to significant advancements in knowledge.', 1, '2025-07-04 07:50:03.380645', '2025-07-04 07:50:03.380672', 141),
(545, NULL, 'B. Reverse Causality Thinking. Inspired By: Richard Feynman', 'Significance: Explores the effects before the causes, reversing traditional causal reasoning to uncover hidden relationships and insights. Expected Outputs: New theories or models that explain complex phenomena in novel ways, potentially leading to paradigm shifts.', 1, '2025-07-04 07:50:03.386678', '2025-07-04 07:50:03.386695', 141),
(546, NULL, 'C. Cognitive Dissonance Exploitation. Inspired By: Leon Festinger', 'Significance: Intentionally creates and harnesses cognitive dissonance to drive deeper exploration and innovation. Expected Outputs: Breakthrough ideas and innovations that arise from the resolution of cognitive dissonance, leading to new paradigms and theories.', 1, '2025-07-04 07:50:03.392172', '2025-07-04 07:50:03.392189', 141),
(547, NULL, 'D. Asymmetric Reasoning. Inspired By: Nassim Nicholas Taleb', 'Significance: Focuses on identifying and exploiting asymmetries in knowledge, risk, and reward. Expected Outputs: Strategies and theories that capitalize on hidden asymmetries, leading to disproportionate gains or insights.', 1, '2025-07-04 07:50:03.397726', '2025-07-04 07:50:03.397743', 141),
(548, NULL, 'A. Hyper-Contextualization. Inspired By: Clifford Geertz', 'Significance: Involves placing ideas, innovations, or theories within an extremely rich and detailed context, considering all possible influences and implications. Expected Outputs: Deeply contextualized theories and innovations that are more resilient, applicable, and effective across diverse scenarios.', 1, '2025-07-04 07:50:03.403802', '2025-07-04 07:50:03.403819', 142),
(549, NULL, 'B. Holonic Thinking. Inspired By: Arthur Koestler', 'Significance: Based on the concept of holons, which are entities that are both wholes and parts, this thinking approach helps in understanding complex, layered systems. Expected Outputs: New insights into the multi-level interactions within systems, leading to innovations in organizational design, biological research, and systems engineering.', 1, '2025-07-04 07:50:03.409139', '2025-07-04 07:50:03.409155', 142),
(550, NULL, 'C. Entropy-Driven Creativity. Inspired By: Ilya Prigogine', 'Significance: Uses the principles of entropy and self-organization to drive creative processes, encouraging the emergence of novel ideas from the \"chaos\" of the unknown. Expected Outputs: Novel, high-impact ideas and solutions that emerge from the interplay of order and chaos, potentially leading to breakthroughs in systems theory, AI, and innovation management.', 1, '2025-07-04 07:50:03.415731', '2025-07-04 07:50:03.415756', 142),
(551, NULL, 'D. Teleological Exploration. Inspired By: Aristotle', 'Significance: Involves exploring problems and systems by considering their ultimate purpose or end goal (telos), rather than just their immediate causes or mechanisms. Expected Outputs: Innovations and theories that align with the ultimate goals or purposes of systems, leading to more impactful and ethically sound outcomes.', 1, '2025-07-04 07:50:03.421978', '2025-07-04 07:50:03.422010', 142);

-- --------------------------------------------------------

--
-- Table structure for table `_27_menu`
--

CREATE TABLE `_27_menu` (
  `id` bigint(20) NOT NULL,
  `deleted_at` datetime(6) DEFAULT NULL,
  `name` varchar(500) DEFAULT NULL,
  `status` tinyint(1) NOT NULL,
  `created_at` datetime(6) NOT NULL,
  `updated_at` datetime(6) NOT NULL,
  `form_id` bigint(20) NOT NULL
) ENGINE=InnoDB DEFAULT CHARSET=utf8mb4 COLLATE=utf8mb4_general_ci;

--
-- Dumping data for table `_27_menu`
--

INSERT INTO `_27_menu` (`id`, `deleted_at`, `name`, `status`, `created_at`, `updated_at`, `form_id`) VALUES
(133, NULL, 'Integrative Research Thinking', 1, '2025-07-04 07:50:03.180445', '2025-07-04 07:50:03.180478', 7),
(134, NULL, 'Abstract Theoretical Exploration', 1, '2025-07-04 07:50:03.210750', '2025-07-04 07:50:03.210776', 7),
(135, NULL, 'Advanced Computational Insights', 1, '2025-07-04 07:50:03.235184', '2025-07-04 07:50:03.235202', 7),
(136, NULL, 'Redefining Foundations for Research', 1, '2025-07-04 07:50:03.258653', '2025-07-04 07:50:03.258671', 7),
(137, NULL, 'Cognitive and Decision-Making Enhancement', 1, '2025-07-04 07:50:03.285350', '2025-07-04 07:50:03.285367', 7),
(138, NULL, 'Complex Systems Interrogation ', 1, '2025-07-04 07:50:03.308482', '2025-07-04 07:50:03.308499', 7),
(139, NULL, 'Expanding Cognitive Horizons', 1, '2025-07-04 07:50:03.331067', '2025-07-04 07:50:03.331084', 7),
(140, NULL, 'Creative and Innovative Frameworks', 1, '2025-07-04 07:50:03.356311', '2025-07-04 07:50:03.356328', 7),
(141, NULL, 'Challenging Conventional Wisdom', 1, '2025-07-04 07:50:03.379476', '2025-07-04 07:50:03.379498', 7),
(142, NULL, 'Philosophical Depths and Ethical Considerations', 1, '2025-07-04 07:50:03.403124', '2025-07-04 07:50:03.403140', 7);

-- --------------------------------------------------------

--
-- Table structure for table `_38_btngroups`
--

CREATE TABLE `_38_btngroups` (
  `id` bigint(20) NOT NULL,
  `deleted_at` datetime(6) DEFAULT NULL,
  `name` longtext DEFAULT NULL,
  `description` longtext DEFAULT NULL,
  `status` tinyint(1) NOT NULL,
  `created_at` datetime(6) NOT NULL,
  `updated_at` datetime(6) NOT NULL,
  `form_id` bigint(20) NOT NULL
) ENGINE=InnoDB DEFAULT CHARSET=utf8mb4 COLLATE=utf8mb4_general_ci;

--
-- Dumping data for table `_38_btngroups`
--

INSERT INTO `_38_btngroups` (`id`, `deleted_at`, `name`, `description`, `status`, `created_at`, `updated_at`, `form_id`) VALUES
(112, NULL, 'Outputs: Bloom\'s Taxonomy -Cognitive- K3, and K4 Levels', 'sa ddas sad asd das ads asd das ads das asd d asa sd', 1, '2025-07-04 07:59:04.426791', '2025-07-04 07:59:04.426812', 8),
(113, NULL, 'Outputs: Bloom\'s Taxonomy - Cognitive - K5, K6, Meta-Cognitive Levels & New Research Ideas', '', 1, '2025-07-04 07:59:04.445480', '2025-07-04 07:59:04.445497', 8);

-- --------------------------------------------------------

--
-- Table structure for table `_38_groups`
--

CREATE TABLE `_38_groups` (
  `id` bigint(20) NOT NULL,
  `deleted_at` datetime(6) DEFAULT NULL,
  `name` varchar(500) DEFAULT NULL,
  `description` longtext DEFAULT NULL,
  `status` tinyint(1) NOT NULL,
  `created_at` datetime(6) NOT NULL,
  `updated_at` datetime(6) NOT NULL,
  `form_id` bigint(20) NOT NULL
) ENGINE=InnoDB DEFAULT CHARSET=utf8mb4 COLLATE=utf8mb4_general_ci;

--
-- Dumping data for table `_38_groups`
--

INSERT INTO `_38_groups` (`id`, `deleted_at`, `name`, `description`, `status`, `created_at`, `updated_at`, `form_id`) VALUES
(86, NULL, '', '', 1, '2025-07-04 07:59:04.411131', '2025-07-04 07:59:04.411163', 8);

-- --------------------------------------------------------

--
-- Table structure for table `_38_inputs`
--

CREATE TABLE `_38_inputs` (
  `id` bigint(20) NOT NULL,
  `deleted_at` datetime(6) DEFAULT NULL,
  `name` varchar(500) DEFAULT NULL,
  `placeholder` longtext DEFAULT NULL,
  `remark` longtext DEFAULT NULL,
  `required` tinyint(1) NOT NULL,
  `status` tinyint(1) NOT NULL,
  `created_at` datetime(6) NOT NULL,
  `updated_at` datetime(6) NOT NULL,
  `group_id` bigint(20) NOT NULL,
  `input_type_id` bigint(20) NOT NULL
) ENGINE=InnoDB DEFAULT CHARSET=utf8mb4 COLLATE=utf8mb4_general_ci;

--
-- Dumping data for table `_38_inputs`
--

INSERT INTO `_38_inputs` (`id`, `deleted_at`, `name`, `placeholder`, `remark`, `required`, `status`, `created_at`, `updated_at`, `group_id`, `input_type_id`) VALUES
(1257, NULL, 'Tentative Research Problem Statement', '', '', 0, 1, '2025-07-04 07:59:04.412238', '2025-07-04 07:59:04.412260', 86, 1),
(1258, NULL, 'Preliminary Research Questions', '', '', 0, 1, '2025-07-04 07:59:04.413016', '2025-07-04 07:59:04.413033', 86, 1),
(1259, NULL, 'Draft List of Keywords', '', '', 0, 1, '2025-07-04 07:59:04.413836', '2025-07-04 07:59:04.413857', 86, 1),
(1260, NULL, 'Names Databases/Search Engines (JSTOR, PubMed)', '', '', 0, 1, '2025-07-04 07:59:04.414650', '2025-07-04 07:59:04.414667', 86, 1),
(1261, NULL, 'Scope of the Review (Geography/Duration etc)', '', '', 0, 1, '2025-07-04 07:59:04.415390', '2025-07-04 07:59:04.415408', 86, 1),
(1262, NULL, 'List of Renowned Journals/Publications', '', '', 0, 1, '2025-07-04 07:59:04.416100', '2025-07-04 07:59:04.416127', 86, 1),
(1263, NULL, 'Preliminary Theoretical and Conceptual Ideas', '', '', 0, 1, '2025-07-04 07:59:04.416808', '2025-07-04 07:59:04.416825', 86, 1),
(1264, NULL, 'Existing Literature Reviews', '', '', 0, 1, '2025-07-04 07:59:04.417563', '2025-07-04 07:59:04.417581', 86, 1),
(1265, NULL, 'Reference Management Software Tool', '', '', 0, 1, '2025-07-04 07:59:04.418338', '2025-07-04 07:59:04.418362', 86, 1),
(1266, NULL, 'Feedback from Experts', '', '', 0, 1, '2025-07-04 07:59:04.419132', '2025-07-04 07:59:04.419149', 86, 1),
(1267, NULL, 'Initial Operational Definitions', '', '', 0, 1, '2025-07-04 07:59:04.419932', '2025-07-04 07:59:04.419954', 86, 1),
(1268, NULL, 'Preliminary Statistical Techniques', '', '', 0, 1, '2025-07-04 07:59:04.420757', '2025-07-04 07:59:04.420778', 86, 1),
(1269, NULL, 'Preliminary Quantitative Data Sets', '', '', 0, 1, '2025-07-04 07:59:04.421499', '2025-07-04 07:59:04.421517', 86, 1),
(1270, NULL, 'Philosophical Frameworks', '', '', 0, 1, '2025-07-04 07:59:04.422191', '2025-07-04 07:59:04.422209', 86, 1),
(1271, NULL, 'Previous Qualitative Approaches', '', '', 0, 1, '2025-07-04 07:59:04.422979', '2025-07-04 07:59:04.423000', 86, 1),
(1272, NULL, 'Any Specific Input', '', '', 0, 1, '2025-07-04 07:59:04.423741', '2025-07-04 07:59:04.423759', 86, 1),
(1273, NULL, 'Additional Data - 1: (filename.pdf)', '', '', 0, 1, '2025-07-04 07:59:04.424477', '2025-07-04 07:59:04.424494', 86, 4),
(1274, NULL, 'Additional Data - 2: (filename.csv)', '', '', 0, 1, '2025-07-04 07:59:04.425188', '2025-07-04 07:59:04.425223', 86, 5),
(1275, NULL, 'Additional Data - 3: (filename.png)', '', '', 0, 1, '2025-07-04 07:59:04.426030', '2025-07-04 07:59:04.426047', 86, 6);

-- --------------------------------------------------------

--
-- Table structure for table `_39_btngroups`
--

CREATE TABLE `_39_btngroups` (
  `id` bigint(20) NOT NULL,
  `deleted_at` datetime(6) DEFAULT NULL,
  `name` longtext DEFAULT NULL,
  `description` longtext DEFAULT NULL,
  `status` tinyint(1) NOT NULL,
  `created_at` datetime(6) NOT NULL,
  `updated_at` datetime(6) NOT NULL,
  `form_id` bigint(20) NOT NULL
) ENGINE=InnoDB DEFAULT CHARSET=utf8mb4 COLLATE=utf8mb4_general_ci;

--
-- Dumping data for table `_39_btngroups`
--

INSERT INTO `_39_btngroups` (`id`, `deleted_at`, `name`, `description`, `status`, `created_at`, `updated_at`, `form_id`) VALUES
(17, NULL, 'Outputs: Bloom\'s Taxonomy -Cognitive- K3, and K4 Levels', '', 1, '2025-07-07 07:18:35.010188', '2025-07-07 07:18:35.010207', 9),
(18, NULL, 'Outputs: Bloom\'s Taxonomy - Cognitive - K5, K6, Meta-Cognitive Levels & New Research Ideas', '', 1, '2025-07-07 07:18:35.022853', '2025-07-07 07:18:35.022872', 9);

-- --------------------------------------------------------

--
-- Table structure for table `_39_groups`
--

CREATE TABLE `_39_groups` (
  `id` bigint(20) NOT NULL,
  `deleted_at` datetime(6) DEFAULT NULL,
  `name` varchar(500) DEFAULT NULL,
  `description` longtext DEFAULT NULL,
  `status` tinyint(1) NOT NULL,
  `created_at` datetime(6) NOT NULL,
  `updated_at` datetime(6) NOT NULL,
  `form_id` bigint(20) NOT NULL
) ENGINE=InnoDB DEFAULT CHARSET=utf8mb4 COLLATE=utf8mb4_general_ci;

--
-- Dumping data for table `_39_groups`
--

INSERT INTO `_39_groups` (`id`, `deleted_at`, `name`, `description`, `status`, `created_at`, `updated_at`, `form_id`) VALUES
(9, NULL, '', '', 1, '2025-07-07 07:18:34.994841', '2025-07-07 07:18:34.994875', 9);

-- --------------------------------------------------------

--
-- Table structure for table `_39_inputs`
--

CREATE TABLE `_39_inputs` (
  `id` bigint(20) NOT NULL,
  `deleted_at` datetime(6) DEFAULT NULL,
  `name` varchar(500) DEFAULT NULL,
  `placeholder` longtext DEFAULT NULL,
  `remark` longtext DEFAULT NULL,
  `required` tinyint(1) NOT NULL,
  `status` tinyint(1) NOT NULL,
  `created_at` datetime(6) NOT NULL,
  `updated_at` datetime(6) NOT NULL,
  `group_id` bigint(20) NOT NULL,
  `input_type_id` bigint(20) NOT NULL
) ENGINE=InnoDB DEFAULT CHARSET=utf8mb4 COLLATE=utf8mb4_general_ci;

--
-- Dumping data for table `_39_inputs`
--

INSERT INTO `_39_inputs` (`id`, `deleted_at`, `name`, `placeholder`, `remark`, `required`, `status`, `created_at`, `updated_at`, `group_id`, `input_type_id`) VALUES
(153, NULL, 'Refined Research Problem Statement(s)', '', '', 1, 1, '2025-07-07 07:18:34.995789', '2025-07-07 07:18:34.995808', 9, 1),
(154, NULL, 'Findings & Gaps from Literature Review', '', '', 1, 1, '2025-07-07 07:18:34.996530', '2025-07-07 07:18:34.996548', 9, 1),
(155, NULL, 'Preliminary Hypotheses or Research Questions', '', '', 1, 1, '2025-07-07 07:18:34.997365', '2025-07-07 07:18:34.997387', 9, 1),
(156, NULL, 'Objective/Initial Idea/Concept', '', '', 1, 1, '2025-07-07 07:18:34.998128', '2025-07-07 07:18:34.998146', 9, 1),
(157, NULL, 'Feedback from Experts/ List of Research Areas', '', '', 1, 1, '2025-07-07 07:18:34.998832', '2025-07-07 07:18:34.998851', 9, 1),
(158, NULL, 'Journal/Conference Target List', '', '', 1, 1, '2025-07-07 07:18:34.999537', '2025-07-07 07:18:34.999566', 9, 1),
(159, NULL, 'Potential Benefits of Research', '', '', 1, 1, '2025-07-07 07:18:35.000454', '2025-07-07 07:18:35.000473', 9, 1),
(160, NULL, 'Resources Availability', '', '', 1, 1, '2025-07-07 07:18:35.001264', '2025-07-07 07:18:35.001298', 9, 1),
(161, NULL, 'Details of Prior Similar Studies', '', '', 1, 1, '2025-07-07 07:18:35.001984', '2025-07-07 07:18:35.002002', 9, 1),
(162, NULL, 'List of Quantitative Research Techniques', '', '', 1, 1, '2025-07-07 07:18:35.002698', '2025-07-07 07:18:35.002717', 9, 1),
(163, NULL, 'Preliminary Data Sets', '', '', 1, 1, '2025-07-07 07:18:35.003439', '2025-07-07 07:18:35.003457', 9, 1),
(164, NULL, 'Known Variables', '', '', 1, 1, '2025-07-07 07:18:35.004181', '2025-07-07 07:18:35.004199', 9, 1),
(165, NULL, 'Stakeholders\' Inputs', '', '', 1, 1, '2025-07-07 07:18:35.005040', '2025-07-07 07:18:35.005059', 9, 1),
(166, NULL, 'Narratives or Anecdotes', '', '', 1, 1, '2025-07-07 07:18:35.005753', '2025-07-07 07:18:35.005771', 9, 1),
(167, NULL, 'Qualitative Research Paradigms', '', '', 1, 1, '2025-07-07 07:18:35.006465', '2025-07-07 07:18:35.006484', 9, 1),
(168, NULL, 'Any Specific Input', '', '', 1, 1, '2025-07-07 07:18:35.007150', '2025-07-07 07:18:35.007169', 9, 1),
(169, NULL, 'Additional Data - 1: (filename.pdf)', '', '', 1, 1, '2025-07-07 07:18:35.007915', '2025-07-07 07:18:35.007934', 9, 4),
(170, NULL, 'Additional Data - 2: (filename.csv)', '', '', 1, 1, '2025-07-07 07:18:35.008634', '2025-07-07 07:18:35.008652', 9, 5),
(171, NULL, 'Additional Data - 3: (filename.png)', '', '', 1, 1, '2025-07-07 07:18:35.009373', '2025-07-07 07:18:35.009391', 9, 6);

-- --------------------------------------------------------

--
-- Table structure for table `_228_btngroups`
--

CREATE TABLE `_228_btngroups` (
  `id` bigint(20) NOT NULL,
  `deleted_at` datetime(6) DEFAULT NULL,
  `name` longtext DEFAULT NULL,
  `description` longtext DEFAULT NULL,
  `status` tinyint(1) NOT NULL,
  `created_at` datetime(6) NOT NULL,
  `updated_at` datetime(6) NOT NULL,
  `form_id` bigint(20) NOT NULL
) ENGINE=InnoDB DEFAULT CHARSET=utf8mb4 COLLATE=utf8mb4_general_ci;

--
-- Dumping data for table `_228_btngroups`
--

INSERT INTO `_228_btngroups` (`id`, `deleted_at`, `name`, `description`, `status`, `created_at`, `updated_at`, `form_id`) VALUES
(21, NULL, 'Outputs: Bloom\'s Taxonomy -Cognitive- K3, and K4 Levels', '', 1, '2025-07-22 05:48:41.394024', '2025-07-22 05:48:41.394042', 28),
(22, NULL, 'Outputs: Bloom\'s Taxonomy - Cognitive - K5, K6, Meta-Cognitive Levels & New Research Ideas', '', 1, '2025-07-22 05:48:41.407910', '2025-07-22 05:48:41.407921', 28);

-- --------------------------------------------------------

--
-- Table structure for table `_228_groups`
--

CREATE TABLE `_228_groups` (
  `id` bigint(20) NOT NULL,
  `deleted_at` datetime(6) DEFAULT NULL,
  `name` varchar(500) DEFAULT NULL,
  `description` longtext DEFAULT NULL,
  `status` tinyint(1) NOT NULL,
  `created_at` datetime(6) NOT NULL,
  `updated_at` datetime(6) NOT NULL,
  `form_id` bigint(20) NOT NULL
) ENGINE=InnoDB DEFAULT CHARSET=utf8mb4 COLLATE=utf8mb4_general_ci;

--
-- Dumping data for table `_228_groups`
--

INSERT INTO `_228_groups` (`id`, `deleted_at`, `name`, `description`, `status`, `created_at`, `updated_at`, `form_id`) VALUES
(11, NULL, '', '', 1, '2025-07-22 05:48:41.382478', '2025-07-22 05:48:41.382507', 28);

-- --------------------------------------------------------

--
-- Table structure for table `_228_inputs`
--

CREATE TABLE `_228_inputs` (
  `id` bigint(20) NOT NULL,
  `deleted_at` datetime(6) DEFAULT NULL,
  `name` varchar(500) DEFAULT NULL,
  `placeholder` longtext DEFAULT NULL,
  `remark` longtext DEFAULT NULL,
  `required` tinyint(1) NOT NULL,
  `status` tinyint(1) NOT NULL,
  `created_at` datetime(6) NOT NULL,
  `updated_at` datetime(6) NOT NULL,
  `group_id` bigint(20) NOT NULL,
  `input_type_id` bigint(20) NOT NULL
) ENGINE=InnoDB DEFAULT CHARSET=utf8mb4 COLLATE=utf8mb4_general_ci;

--
-- Dumping data for table `_228_inputs`
--

INSERT INTO `_228_inputs` (`id`, `deleted_at`, `name`, `placeholder`, `remark`, `required`, `status`, `created_at`, `updated_at`, `group_id`, `input_type_id`) VALUES
(191, NULL, 'Tentative Research Problem Statement', '', '', 1, 1, '2025-07-22 05:48:41.383373', '2025-07-22 05:48:41.383389', 11, 1),
(192, NULL, 'Preliminary Research Questions', '', '', 1, 1, '2025-07-22 05:48:41.383966', '2025-07-22 05:48:41.383983', 11, 1),
(193, NULL, 'Draft List of Keywords', '', '', 1, 1, '2025-07-22 05:48:41.384545', '2025-07-22 05:48:41.384561', 11, 1),
(194, NULL, 'Names Databases/Search Engines (JSTOR, PubMed)', '', '', 1, 1, '2025-07-22 05:48:41.385103', '2025-07-22 05:48:41.385117', 11, 1),
(195, NULL, 'Scope of the Review (Geography/Duration etc)', '', '', 1, 1, '2025-07-22 05:48:41.385627', '2025-07-22 05:48:41.385643', 11, 1),
(196, NULL, 'List of Renowned Journals/Publications', '', '', 1, 1, '2025-07-22 05:48:41.386223', '2025-07-22 05:48:41.386239', 11, 1),
(197, NULL, 'Preliminary Theoretical and Conceptual Ideas', '', '', 1, 1, '2025-07-22 05:48:41.386749', '2025-07-22 05:48:41.386762', 11, 1),
(198, NULL, 'Existing Literature Reviews', '', '', 1, 1, '2025-07-22 05:48:41.387240', '2025-07-22 05:48:41.387257', 11, 1),
(199, NULL, 'Reference Management Software Tool', '', '', 1, 1, '2025-07-22 05:48:41.387782', '2025-07-22 05:48:41.387798', 11, 1),
(200, NULL, 'Feedback from Experts', '', '', 1, 1, '2025-07-22 05:48:41.388311', '2025-07-22 05:48:41.388326', 11, 1),
(201, NULL, 'Initial Operational Definitions', '', '', 1, 1, '2025-07-22 05:48:41.388799', '2025-07-22 05:48:41.388811', 11, 1),
(202, NULL, 'Preliminary Statistical Techniques', '', '', 1, 1, '2025-07-22 05:48:41.389318', '2025-07-22 05:48:41.389333', 11, 1),
(203, NULL, 'Preliminary Quantitative Data Sets', '', '', 1, 1, '2025-07-22 05:48:41.390017', '2025-07-22 05:48:41.390036', 11, 1),
(204, NULL, 'Philosophical Frameworks', '', '', 1, 1, '2025-07-22 05:48:41.390513', '2025-07-22 05:48:41.390525', 11, 1),
(205, NULL, 'Previous Qualitative Approaches', '', '', 1, 1, '2025-07-22 05:48:41.391007', '2025-07-22 05:48:41.391023', 11, 1),
(206, NULL, 'Additional Data - 1', '', '', 1, 1, '2025-07-22 05:48:41.391518', '2025-07-22 05:48:41.391533', 11, 1),
(207, NULL, 'Additional Data - 2: (filename.pdf)', '', '', 1, 1, '2025-07-22 05:48:41.392061', '2025-07-22 05:48:41.392078', 11, 4),
(208, NULL, 'Additional Data - 3: (filename.csv)', '', '', 1, 1, '2025-07-22 05:48:41.392574', '2025-07-22 05:48:41.392587', 11, 5),
(209, NULL, 'Additional Data - 4: (filename.csv)', '', '', 1, 1, '2025-07-22 05:48:41.393311', '2025-07-22 05:48:41.393329', 11, 5);

-- --------------------------------------------------------

--
-- Table structure for table `_310_btngroups`
--

CREATE TABLE `_310_btngroups` (
  `id` bigint(20) NOT NULL,
  `deleted_at` datetime(6) DEFAULT NULL,
  `name` longtext DEFAULT NULL,
  `description` longtext DEFAULT NULL,
  `status` tinyint(1) NOT NULL,
  `created_at` datetime(6) NOT NULL,
  `updated_at` datetime(6) NOT NULL,
  `form_id` bigint(20) NOT NULL
) ENGINE=InnoDB DEFAULT CHARSET=utf8mb4 COLLATE=utf8mb4_general_ci;

--
-- Dumping data for table `_310_btngroups`
--

INSERT INTO `_310_btngroups` (`id`, `deleted_at`, `name`, `description`, `status`, `created_at`, `updated_at`, `form_id`) VALUES
(11, NULL, 'Outputs: Bloom\'s Taxonomy -Cognitive- K3, and K4 Levels', '', 1, '2025-07-04 07:58:29.386818', '2025-07-04 07:58:29.386835', 10),
(12, NULL, 'Outputs: Bloom\'s Taxonomy - Cognitive - K5, K6, Meta-Cognitive Levels & New Research Ideas', '', 1, '2025-07-04 07:58:29.433342', '2025-07-04 07:58:29.433371', 10);

-- --------------------------------------------------------

--
-- Table structure for table `_310_groups`
--

CREATE TABLE `_310_groups` (
  `id` bigint(20) NOT NULL,
  `deleted_at` datetime(6) DEFAULT NULL,
  `name` varchar(500) DEFAULT NULL,
  `description` longtext DEFAULT NULL,
  `status` tinyint(1) NOT NULL,
  `created_at` datetime(6) NOT NULL,
  `updated_at` datetime(6) NOT NULL,
  `form_id` bigint(20) NOT NULL
) ENGINE=InnoDB DEFAULT CHARSET=utf8mb4 COLLATE=utf8mb4_general_ci;

--
-- Dumping data for table `_310_groups`
--

INSERT INTO `_310_groups` (`id`, `deleted_at`, `name`, `description`, `status`, `created_at`, `updated_at`, `form_id`) VALUES
(6, NULL, '', '', 1, '2025-07-04 07:58:29.370833', '2025-07-04 07:58:29.370866', 10);

-- --------------------------------------------------------

--
-- Table structure for table `_310_inputs`
--

CREATE TABLE `_310_inputs` (
  `id` bigint(20) NOT NULL,
  `deleted_at` datetime(6) DEFAULT NULL,
  `name` varchar(500) DEFAULT NULL,
  `placeholder` longtext DEFAULT NULL,
  `remark` longtext DEFAULT NULL,
  `required` tinyint(1) NOT NULL,
  `status` tinyint(1) NOT NULL,
  `created_at` datetime(6) NOT NULL,
  `updated_at` datetime(6) NOT NULL,
  `group_id` bigint(20) NOT NULL,
  `input_type_id` bigint(20) NOT NULL
) ENGINE=InnoDB DEFAULT CHARSET=utf8mb4 COLLATE=utf8mb4_general_ci;

--
-- Dumping data for table `_310_inputs`
--

INSERT INTO `_310_inputs` (`id`, `deleted_at`, `name`, `placeholder`, `remark`, `required`, `status`, `created_at`, `updated_at`, `group_id`, `input_type_id`) VALUES
(96, NULL, 'A Clear Research Problem Statement', '', '', 1, 1, '2025-07-04 07:58:29.372203', '2025-07-04 07:58:29.372233', 6, 1),
(97, NULL, 'List of Concepts (Preliminary Ideas / Terms)', '', '', 1, 1, '2025-07-04 07:58:29.373010', '2025-07-04 07:58:29.373028', 6, 1),
(98, NULL, 'Existing Literature Review Summary', '', '', 1, 1, '2025-07-04 07:58:29.373731', '2025-07-04 07:58:29.373747', 6, 1),
(99, NULL, 'Measurement Tools - from Literature Review', '', '', 1, 1, '2025-07-04 07:58:29.374530', '2025-07-04 07:58:29.374552', 6, 1),
(100, NULL, 'Expected/Desired Outcomes', '', '', 1, 1, '2025-07-04 07:58:29.375503', '2025-07-04 07:58:29.375527', 6, 1),
(101, NULL, 'Tentative List of variables', '', '', 1, 1, '2025-07-04 07:58:29.376342', '2025-07-04 07:58:29.376364', 6, 1),
(102, NULL, 'Preliminary Hypotheses (Quantitative)', '', '', 1, 1, '2025-07-04 07:58:29.377108', '2025-07-04 07:58:29.377125', 6, 1),
(103, NULL, 'Statistical Analysis Plan (Quantitative)', '', '', 1, 1, '2025-07-04 07:58:29.377800', '2025-07-04 07:58:29.377816', 6, 1),
(104, NULL, 'Previous Quantitative Studies (Quantitative)', '', '', 1, 1, '2025-07-04 07:58:29.378516', '2025-07-04 07:58:29.378544', 6, 1),
(105, NULL, 'Known Quantitative Data Sets (Quantitative)', '', '', 1, 1, '2025-07-04 07:58:29.379240', '2025-07-04 07:58:29.379266', 6, 1),
(106, NULL, 'Narrative Structures (Qualitative)', '', '', 1, 1, '2025-07-04 07:58:29.380077', '2025-07-04 07:58:29.380099', 6, 1),
(107, NULL, 'Interview/Focus Group Guides (Qualitative)', '', '', 1, 1, '2025-07-04 07:58:29.380799', '2025-07-04 07:58:29.380816', 6, 1),
(108, NULL, 'Case Study Profiles (Qualitative)', '', '', 1, 1, '2025-07-04 07:58:29.381571', '2025-07-04 07:58:29.381591', 6, 1),
(109, NULL, 'Qualitative Coding Plans (Qualitative)', '', '', 1, 1, '2025-07-04 07:58:29.382362', '2025-07-04 07:58:29.382380', 6, 1),
(110, NULL, 'Feedback from Experts - about variables', '', '', 1, 1, '2025-07-04 07:58:29.383067', '2025-07-04 07:58:29.383084', 6, 1),
(111, NULL, 'Any Specific Input', '', '', 1, 1, '2025-07-04 07:58:29.383762', '2025-07-04 07:58:29.383780', 6, 1),
(112, NULL, 'Additional Data - 1: (filename.pdf)', '', '', 1, 1, '2025-07-04 07:58:29.384538', '2025-07-04 07:58:29.384558', 6, 4),
(113, NULL, 'Additional Data - 2: (filename.csv)', '', '', 1, 1, '2025-07-04 07:58:29.385337', '2025-07-04 07:58:29.385353', 6, 5),
(114, NULL, 'Additional Data - 3: (filename.png)', '', '', 1, 1, '2025-07-04 07:58:29.386040', '2025-07-04 07:58:29.386057', 6, 6);

-- --------------------------------------------------------

--
-- Table structure for table `_311_btngroups`
--

CREATE TABLE `_311_btngroups` (
  `id` bigint(20) NOT NULL,
  `deleted_at` datetime(6) DEFAULT NULL,
  `name` longtext DEFAULT NULL,
  `description` longtext DEFAULT NULL,
  `status` tinyint(1) NOT NULL,
  `created_at` datetime(6) NOT NULL,
  `updated_at` datetime(6) NOT NULL,
  `form_id` bigint(20) NOT NULL
) ENGINE=InnoDB DEFAULT CHARSET=utf8mb4 COLLATE=utf8mb4_general_ci;

--
-- Dumping data for table `_311_btngroups`
--

INSERT INTO `_311_btngroups` (`id`, `deleted_at`, `name`, `description`, `status`, `created_at`, `updated_at`, `form_id`) VALUES
(9, NULL, 'Outputs: Bloom\'s Taxonomy -Cognitive- K3, and K4 Levels', '', 1, '2025-07-04 08:02:47.119867', '2025-07-04 08:02:47.119884', 11),
(10, NULL, 'Outputs: Bloom\'s Taxonomy - Cognitive - K5, K6, Meta-Cognitive Levels & New Research Ideas', '', 1, '2025-07-04 08:02:47.157120', '2025-07-04 08:02:47.157137', 11);

-- --------------------------------------------------------

--
-- Table structure for table `_311_groups`
--

CREATE TABLE `_311_groups` (
  `id` bigint(20) NOT NULL,
  `deleted_at` datetime(6) DEFAULT NULL,
  `name` varchar(500) DEFAULT NULL,
  `description` longtext DEFAULT NULL,
  `status` tinyint(1) NOT NULL,
  `created_at` datetime(6) NOT NULL,
  `updated_at` datetime(6) NOT NULL,
  `form_id` bigint(20) NOT NULL
) ENGINE=InnoDB DEFAULT CHARSET=utf8mb4 COLLATE=utf8mb4_general_ci;

--
-- Dumping data for table `_311_groups`
--

INSERT INTO `_311_groups` (`id`, `deleted_at`, `name`, `description`, `status`, `created_at`, `updated_at`, `form_id`) VALUES
(5, NULL, '', '', 1, '2025-07-04 08:02:47.104629', '2025-07-04 08:02:47.104661', 11);

-- --------------------------------------------------------

--
-- Table structure for table `_311_inputs`
--

CREATE TABLE `_311_inputs` (
  `id` bigint(20) NOT NULL,
  `deleted_at` datetime(6) DEFAULT NULL,
  `name` varchar(500) DEFAULT NULL,
  `placeholder` longtext DEFAULT NULL,
  `remark` longtext DEFAULT NULL,
  `required` tinyint(1) NOT NULL,
  `status` tinyint(1) NOT NULL,
  `created_at` datetime(6) NOT NULL,
  `updated_at` datetime(6) NOT NULL,
  `group_id` bigint(20) NOT NULL,
  `input_type_id` bigint(20) NOT NULL
) ENGINE=InnoDB DEFAULT CHARSET=utf8mb4 COLLATE=utf8mb4_general_ci;

--
-- Dumping data for table `_311_inputs`
--

INSERT INTO `_311_inputs` (`id`, `deleted_at`, `name`, `placeholder`, `remark`, `required`, `status`, `created_at`, `updated_at`, `group_id`, `input_type_id`) VALUES
(77, NULL, 'Hypotheses Repository', '', '', 1, 1, '2025-07-04 08:02:47.105556', '2025-07-04 08:02:47.105573', 5, 1),
(78, NULL, 'Research Problem & Objectives', '', '', 1, 1, '2025-07-04 08:02:47.106303', '2025-07-04 08:02:47.106320', 5, 1),
(79, NULL, 'Literature Review Summary', '', '', 1, 1, '2025-07-04 08:02:47.107169', '2025-07-04 08:02:47.107191', 5, 1),
(80, NULL, 'Preliminary Concepts & Variables', '', '', 1, 1, '2025-07-04 08:02:47.107841', '2025-07-04 08:02:47.107857', 5, 1),
(81, NULL, 'Desired Outcomes of Research', '', '', 1, 1, '2025-07-04 08:02:47.108523', '2025-07-04 08:02:47.108555', 5, 1),
(82, NULL, 'Existing / Similar Hypotheses Examples', '', '', 1, 1, '2025-07-04 08:02:47.109215', '2025-07-04 08:02:47.109231', 5, 1),
(83, NULL, 'Intended Research Methodology / Plan', '', '', 1, 1, '2025-07-04 08:02:47.110015', '2025-07-04 08:02:47.110035', 5, 1),
(84, NULL, 'Identified Variables', '', '', 1, 1, '2025-07-04 08:02:47.110753', '2025-07-04 08:02:47.110773', 5, 1),
(85, NULL, 'Feedback from Experts - Regarding Hypotheses', '', '', 1, 1, '2025-07-04 08:02:47.111568', '2025-07-04 08:02:47.111586', 5, 1),
(86, NULL, 'Statistical Analysis Techniques', '', '', 1, 1, '2025-07-04 08:02:47.112333', '2025-07-04 08:02:47.112363', 5, 1),
(87, NULL, 'Operational Definitions', '', '', 1, 1, '2025-07-04 08:02:47.113044', '2025-07-04 08:02:47.113060', 5, 1),
(88, NULL, 'Potential Relationships between Variables', '', '', 1, 1, '2025-07-04 08:02:47.113735', '2025-07-04 08:02:47.113752', 5, 1),
(89, NULL, 'Thematic Areas for Exploration (Qualitative)', '', '', 1, 1, '2025-07-04 08:02:47.114462', '2025-07-04 08:02:47.114479', 5, 1),
(90, NULL, 'Qualitative Methodologies', '', '', 1, 1, '2025-07-04 08:02:47.115270', '2025-07-04 08:02:47.115291', 5, 1),
(91, NULL, 'Previous Qualitative Hypotheses / Questions', '', '', 1, 1, '2025-07-04 08:02:47.116050', '2025-07-04 08:02:47.116067', 5, 1),
(92, NULL, 'Any Specific Input', '', '', 1, 1, '2025-07-04 08:02:47.116758', '2025-07-04 08:02:47.116774', 5, 1),
(93, NULL, 'Additional Data - 1: (filename.pdf)', '', '', 1, 1, '2025-07-04 08:02:47.117488', '2025-07-04 08:02:47.117504', 5, 4),
(94, NULL, 'Additional Data - 2: (filename.csv)', '', '', 1, 1, '2025-07-04 08:02:47.118299', '2025-07-04 08:02:47.118320', 5, 5),
(95, NULL, 'Additional Data - 3: (filename.png)', '', '', 1, 1, '2025-07-04 08:02:47.119079', '2025-07-04 08:02:47.119096', 5, 6);

-- --------------------------------------------------------

--
-- Table structure for table `_312_btngroups`
--

CREATE TABLE `_312_btngroups` (
  `id` bigint(20) NOT NULL,
  `deleted_at` datetime(6) DEFAULT NULL,
  `name` longtext DEFAULT NULL,
  `description` longtext DEFAULT NULL,
  `status` tinyint(1) NOT NULL,
  `created_at` datetime(6) NOT NULL,
  `updated_at` datetime(6) NOT NULL,
  `form_id` bigint(20) NOT NULL
) ENGINE=InnoDB DEFAULT CHARSET=utf8mb4 COLLATE=utf8mb4_general_ci;

--
-- Dumping data for table `_312_btngroups`
--

INSERT INTO `_312_btngroups` (`id`, `deleted_at`, `name`, `description`, `status`, `created_at`, `updated_at`, `form_id`) VALUES
(19, NULL, 'Outputs: Bloom\'s Taxonomy -Cognitive- K3, and K4 Levels', '', 1, '2025-07-16 07:02:54.633870', '2025-07-16 07:02:54.633893', 12),
(20, NULL, 'Outputs: Bloom\'s Taxonomy - Cognitive - K5, K6, Meta-Cognitive Levels & New Research Ideas', '', 1, '2025-07-16 07:02:54.654572', '2025-07-16 07:02:54.654596', 12);

-- --------------------------------------------------------

--
-- Table structure for table `_312_groups`
--

CREATE TABLE `_312_groups` (
  `id` bigint(20) NOT NULL,
  `deleted_at` datetime(6) DEFAULT NULL,
  `name` varchar(500) DEFAULT NULL,
  `description` longtext DEFAULT NULL,
  `status` tinyint(1) NOT NULL,
  `created_at` datetime(6) NOT NULL,
  `updated_at` datetime(6) NOT NULL,
  `form_id` bigint(20) NOT NULL
) ENGINE=InnoDB DEFAULT CHARSET=utf8mb4 COLLATE=utf8mb4_general_ci;

--
-- Dumping data for table `_312_groups`
--

INSERT INTO `_312_groups` (`id`, `deleted_at`, `name`, `description`, `status`, `created_at`, `updated_at`, `form_id`) VALUES
(10, NULL, '', '', 1, '2025-07-16 07:02:54.617765', '2025-07-16 07:02:54.617806', 12);

-- --------------------------------------------------------

--
-- Table structure for table `_312_inputs`
--

CREATE TABLE `_312_inputs` (
  `id` bigint(20) NOT NULL,
  `deleted_at` datetime(6) DEFAULT NULL,
  `name` varchar(500) DEFAULT NULL,
  `placeholder` longtext DEFAULT NULL,
  `remark` longtext DEFAULT NULL,
  `required` tinyint(1) NOT NULL,
  `status` tinyint(1) NOT NULL,
  `created_at` datetime(6) NOT NULL,
  `updated_at` datetime(6) NOT NULL,
  `group_id` bigint(20) NOT NULL,
  `input_type_id` bigint(20) NOT NULL
) ENGINE=InnoDB DEFAULT CHARSET=utf8mb4 COLLATE=utf8mb4_general_ci;

--
-- Dumping data for table `_312_inputs`
--

INSERT INTO `_312_inputs` (`id`, `deleted_at`, `name`, `placeholder`, `remark`, `required`, `status`, `created_at`, `updated_at`, `group_id`, `input_type_id`) VALUES
(176, NULL, 'Research Design(s) Chosen', '', '', 0, 1, '2025-07-16 07:02:54.618939', '2025-07-16 07:02:54.618959', 10, 1),
(177, NULL, 'Research Problem Statement', '', '', 0, 1, '2025-07-16 07:02:54.619763', '2025-07-16 07:02:54.619780', 10, 1),
(178, NULL, 'Research Objectives', '', '', 0, 1, '2025-07-16 07:02:54.620503', '2025-07-16 07:02:54.620520', 10, 1),
(179, NULL, 'Formulated Hypotheses', '', '', 0, 1, '2025-07-16 07:02:54.621240', '2025-07-16 07:02:54.621258', 10, 1),
(180, NULL, 'Literature Review Insights', '', '', 0, 1, '2025-07-16 07:02:54.621987', '2025-07-16 07:02:54.622005', 10, 1),
(181, NULL, 'Intended Outcomes', '', '', 0, 1, '2025-07-16 07:02:54.622728', '2025-07-16 07:02:54.622746', 10, 1),
(182, NULL, 'Identified Variables (Quantitative)', '', '', 0, 1, '2025-07-16 07:02:54.623434', '2025-07-16 07:02:54.623452', 10, 1),
(183, NULL, 'Thematic Areas (Qualitative)', '', '', 0, 1, '2025-07-16 07:02:54.624134', '2025-07-16 07:02:54.624158', 10, 1),
(184, NULL, 'Data Collection Plans (Quantitative)', '', '', 0, 1, '2025-07-16 07:02:54.624877', '2025-07-16 07:02:54.624895', 10, 1),
(185, NULL, 'Qualitative Methodologies', '', '', 0, 1, '2025-07-16 07:02:54.625627', '2025-07-16 07:02:54.625645', 10, 1),
(186, NULL, 'Preliminary Field Sites/Contacts (Qualitative)', '', '', 0, 1, '2025-07-16 07:02:54.626329', '2025-07-16 07:02:54.626346', 10, 1),
(187, NULL, 'Measurement Tools', '', '', 0, 1, '2025-07-16 07:02:54.627023', '2025-07-16 07:02:54.627040', 10, 1),
(188, NULL, 'Available Resources', '', '', 0, 1, '2025-07-16 07:02:54.627735', '2025-07-16 07:02:54.627752', 10, 1),
(189, NULL, 'Data Collection Instruments (Qualitative)', '', '', 0, 1, '2025-07-16 07:02:54.628428', '2025-07-16 07:02:54.628446', 10, 1),
(190, NULL, 'Ethical Considerations', '', '', 0, 1, '2025-07-16 07:02:54.629140', '2025-07-16 07:02:54.629157', 10, 1),
(191, NULL, 'Statistical Analysis Techniques (Quantitative)', '', '', 0, 1, '2025-07-16 07:02:54.629832', '2025-07-16 07:02:54.629849', 10, 1),
(192, NULL, 'Any Specific Input', '', '', 0, 1, '2025-07-16 07:02:54.630539', '2025-07-16 07:02:54.630556', 10, 1),
(193, NULL, 'Additional Data - 1: (filename.pdf)', '', '', 0, 1, '2025-07-16 07:02:54.631230', '2025-07-16 07:02:54.631248', 10, 4),
(194, NULL, 'Additional Data - 2: (filename.csv)', '', '', 0, 1, '2025-07-16 07:02:54.632203', '2025-07-16 07:02:54.632229', 10, 5),
(195, NULL, 'Additional Data - 3: (filename.png)', '', '', 0, 1, '2025-07-16 07:02:54.633007', '2025-07-16 07:02:54.633027', 10, 6);

-- --------------------------------------------------------

--
-- Table structure for table `_313_btngroups`
--

CREATE TABLE `_313_btngroups` (
  `id` bigint(20) NOT NULL,
  `deleted_at` datetime(6) DEFAULT NULL,
  `name` longtext DEFAULT NULL,
  `description` longtext DEFAULT NULL,
  `status` tinyint(1) NOT NULL,
  `created_at` datetime(6) NOT NULL,
  `updated_at` datetime(6) NOT NULL,
  `form_id` bigint(20) NOT NULL
) ENGINE=InnoDB DEFAULT CHARSET=utf8mb4 COLLATE=utf8mb4_general_ci;

--
-- Dumping data for table `_313_btngroups`
--

INSERT INTO `_313_btngroups` (`id`, `deleted_at`, `name`, `description`, `status`, `created_at`, `updated_at`, `form_id`) VALUES
(17, NULL, 'Outputs: Bloom\'s Taxonomy -Cognitive- K3, and K4 Levels', '', 1, '2025-07-08 10:38:24.007653', '2025-07-08 10:38:24.007668', 13),
(18, NULL, 'Outputs: Bloom\'s Taxonomy - Cognitive - K5, K6, Meta-Cognitive Levels & New Research Ideas', '', 1, '2025-07-08 10:38:24.041760', '2025-07-08 10:38:24.041773', 13);

-- --------------------------------------------------------

--
-- Table structure for table `_313_groups`
--

CREATE TABLE `_313_groups` (
  `id` bigint(20) NOT NULL,
  `deleted_at` datetime(6) DEFAULT NULL,
  `name` varchar(500) DEFAULT NULL,
  `description` longtext DEFAULT NULL,
  `status` tinyint(1) NOT NULL,
  `created_at` datetime(6) NOT NULL,
  `updated_at` datetime(6) NOT NULL,
  `form_id` bigint(20) NOT NULL
) ENGINE=InnoDB DEFAULT CHARSET=utf8mb4 COLLATE=utf8mb4_general_ci;

--
-- Dumping data for table `_313_groups`
--

INSERT INTO `_313_groups` (`id`, `deleted_at`, `name`, `description`, `status`, `created_at`, `updated_at`, `form_id`) VALUES
(9, NULL, '', '', 1, '2025-07-08 10:38:23.994798', '2025-07-08 10:38:23.994824', 13);

-- --------------------------------------------------------

--
-- Table structure for table `_313_inputs`
--

CREATE TABLE `_313_inputs` (
  `id` bigint(20) NOT NULL,
  `deleted_at` datetime(6) DEFAULT NULL,
  `name` varchar(500) DEFAULT NULL,
  `placeholder` longtext DEFAULT NULL,
  `remark` longtext DEFAULT NULL,
  `required` tinyint(1) NOT NULL,
  `status` tinyint(1) NOT NULL,
  `created_at` datetime(6) NOT NULL,
  `updated_at` datetime(6) NOT NULL,
  `group_id` bigint(20) NOT NULL,
  `input_type_id` bigint(20) NOT NULL
) ENGINE=InnoDB DEFAULT CHARSET=utf8mb4 COLLATE=utf8mb4_general_ci;

--
-- Dumping data for table `_313_inputs`
--

INSERT INTO `_313_inputs` (`id`, `deleted_at`, `name`, `placeholder`, `remark`, `required`, `status`, `created_at`, `updated_at`, `group_id`, `input_type_id`) VALUES
(157, NULL, 'Chosen Study Design', '', '', 1, 1, '2025-07-08 10:38:23.995569', '2025-07-08 10:38:23.995582', 9, 1),
(158, NULL, 'Research Objectives', '', '', 1, 1, '2025-07-08 10:38:23.996109', '2025-07-08 10:38:23.996123', 9, 1),
(159, NULL, 'Chosen Research Design (from 4A)', '', '', 1, 1, '2025-07-08 10:38:23.996687', '2025-07-08 10:38:23.996703', 9, 1),
(160, NULL, 'Intended Outcomes', '', '', 1, 1, '2025-07-08 10:38:23.997334', '2025-07-08 10:38:23.997353', 9, 1),
(161, NULL, 'Research Problem Statement', '', '', 1, 1, '2025-07-08 10:38:23.997880', '2025-07-08 10:38:23.997893', 9, 1),
(162, NULL, 'Available Resources', '', '', 1, 1, '2025-07-08 10:38:23.998381', '2025-07-08 10:38:23.998394', 9, 1),
(163, NULL, 'Identified Variables (Quantitative)', '', '', 1, 1, '2025-07-08 10:38:23.998969', '2025-07-08 10:38:23.998988', 9, 1),
(164, NULL, 'Thematic Areas (Qualitative)', '', '', 1, 1, '2025-07-08 10:38:23.999584', '2025-07-08 10:38:23.999602', 9, 1),
(165, NULL, 'Literature Review Insights', '', '', 1, 1, '2025-07-08 10:38:24.000182', '2025-07-08 10:38:24.000200', 9, 1),
(166, NULL, 'Existing Data Sets / Expected Data Sources', '', '', 1, 1, '2025-07-08 10:38:24.000761', '2025-07-08 10:38:24.000778', 9, 1),
(167, NULL, 'Potential Field Sites or Populations', '', '', 1, 1, '2025-07-08 10:38:24.001438', '2025-07-08 10:38:24.001457', 9, 1),
(168, NULL, 'Preliminary Hypotheses, & Research Questions', '', '', 1, 1, '2025-07-08 10:38:24.002128', '2025-07-08 10:38:24.002148', 9, 1),
(169, NULL, 'Data Collection Instruments and Plans', '', '', 1, 1, '2025-07-08 10:38:24.002737', '2025-07-08 10:38:24.002756', 9, 1),
(170, NULL, 'Expected Sample Size (Quantitative)', '', '', 1, 1, '2025-07-08 10:38:24.003350', '2025-07-08 10:38:24.003368', 9, 1),
(171, NULL, 'Ethical considerations', '', '', 1, 1, '2025-07-08 10:38:24.003870', '2025-07-08 10:38:24.003884', 9, 1),
(172, NULL, 'Statistical Analysis Techniques', '', '', 1, 1, '2025-07-08 10:38:24.004346', '2025-07-08 10:38:24.004359', 9, 1),
(173, NULL, 'Qualitative Methodologies', '', '', 0, 1, '2025-07-08 10:38:24.004856', '2025-07-08 10:38:24.004869', 9, 1),
(174, NULL, 'Any Specific Input', '', '', 0, 1, '2025-07-08 10:38:24.005341', '2025-07-08 10:38:24.005354', 9, 1),
(175, NULL, 'Additional Data - 1: (filename.pdf)', '', '', 0, 1, '2025-07-08 10:38:24.005791', '2025-07-08 10:38:24.005803', 9, 4),
(176, NULL, 'Additional Data - 2: (filename.csv)', '', '', 0, 1, '2025-07-08 10:38:24.006365', '2025-07-08 10:38:24.006386', 9, 5),
(177, NULL, 'Additional Data - 3: (filename.png)', '', '', 0, 1, '2025-07-08 10:38:24.006977', '2025-07-08 10:38:24.006992', 9, 6);

-- --------------------------------------------------------

--
-- Table structure for table `_314_btngroups`
--

CREATE TABLE `_314_btngroups` (
  `id` bigint(20) NOT NULL,
  `deleted_at` datetime(6) DEFAULT NULL,
  `name` longtext DEFAULT NULL,
  `description` longtext DEFAULT NULL,
  `status` tinyint(1) NOT NULL,
  `created_at` datetime(6) NOT NULL,
  `updated_at` datetime(6) NOT NULL,
  `form_id` bigint(20) NOT NULL
) ENGINE=InnoDB DEFAULT CHARSET=utf8mb4 COLLATE=utf8mb4_general_ci;

--
-- Dumping data for table `_314_btngroups`
--

INSERT INTO `_314_btngroups` (`id`, `deleted_at`, `name`, `description`, `status`, `created_at`, `updated_at`, `form_id`) VALUES
(25, NULL, 'Outputs: Bloom\'s Taxonomy -Cognitive- K3, and K4 Levels', '', 1, '2025-07-21 12:34:18.816319', '2025-07-21 12:34:18.816336', 14),
(26, NULL, 'Outputs: Bloom\'s Taxonomy - Cognitive - K5, K6, Meta-Cognitive Levels & New Research Ideas', '', 1, '2025-07-21 12:34:18.854710', '2025-07-21 12:34:18.854727', 14);

-- --------------------------------------------------------

--
-- Table structure for table `_314_groups`
--

CREATE TABLE `_314_groups` (
  `id` bigint(20) NOT NULL,
  `deleted_at` datetime(6) DEFAULT NULL,
  `name` varchar(500) DEFAULT NULL,
  `description` longtext DEFAULT NULL,
  `status` tinyint(1) NOT NULL,
  `created_at` datetime(6) NOT NULL,
  `updated_at` datetime(6) NOT NULL,
  `form_id` bigint(20) NOT NULL
) ENGINE=InnoDB DEFAULT CHARSET=utf8mb4 COLLATE=utf8mb4_general_ci;

--
-- Dumping data for table `_314_groups`
--

INSERT INTO `_314_groups` (`id`, `deleted_at`, `name`, `description`, `status`, `created_at`, `updated_at`, `form_id`) VALUES
(13, NULL, '', '', 1, '2025-07-21 12:34:18.800003', '2025-07-21 12:34:18.800035', 14);

-- --------------------------------------------------------

--
-- Table structure for table `_314_inputs`
--

CREATE TABLE `_314_inputs` (
  `id` bigint(20) NOT NULL,
  `deleted_at` datetime(6) DEFAULT NULL,
  `name` varchar(500) DEFAULT NULL,
  `placeholder` longtext DEFAULT NULL,
  `remark` longtext DEFAULT NULL,
  `required` tinyint(1) NOT NULL,
  `status` tinyint(1) NOT NULL,
  `created_at` datetime(6) NOT NULL,
  `updated_at` datetime(6) NOT NULL,
  `group_id` bigint(20) NOT NULL,
  `input_type_id` bigint(20) NOT NULL
) ENGINE=InnoDB DEFAULT CHARSET=utf8mb4 COLLATE=utf8mb4_general_ci;

--
-- Dumping data for table `_314_inputs`
--

INSERT INTO `_314_inputs` (`id`, `deleted_at`, `name`, `placeholder`, `remark`, `required`, `status`, `created_at`, `updated_at`, `group_id`, `input_type_id`) VALUES
(236, NULL, 'Chosen Data Collection Method', '', '', 0, 1, '2025-07-21 12:34:18.800984', '2025-07-21 12:34:18.801001', 13, 1),
(237, NULL, 'Research Problem & Objectives', '', '', 0, 1, '2025-07-21 12:34:18.801744', '2025-07-21 12:34:18.801761', 13, 1),
(238, NULL, 'Chosen Study Design', '', '', 0, 1, '2025-07-21 12:34:18.802446', '2025-07-21 12:34:18.802464', 13, 1),
(239, NULL, 'Expected Data Types', '', '', 0, 1, '2025-07-21 12:34:18.803146', '2025-07-21 12:34:18.803163', 13, 1),
(240, NULL, 'Available Resources', '', '', 0, 1, '2025-07-21 12:34:18.803856', '2025-07-21 12:34:18.803874', 13, 1),
(241, NULL, 'Target Population', '', '', 0, 1, '2025-07-21 12:34:18.804785', '2025-07-21 12:34:18.804807', 13, 1),
(242, NULL, 'Ethical Considerations', '', '', 0, 1, '2025-07-21 12:34:18.805672', '2025-07-21 12:34:18.805693', 13, 1),
(243, NULL, 'Literature Review Insights', '', '', 0, 1, '2025-07-21 12:34:18.806500', '2025-07-21 12:34:18.806517', 13, 1),
(244, NULL, 'Formulated Hypotheses', '', '', 0, 1, '2025-07-21 12:34:18.807287', '2025-07-21 12:34:18.807316', 13, 1),
(245, NULL, 'Desired Statistical Analyses', '', '', 0, 1, '2025-07-21 12:34:18.808091', '2025-07-21 12:34:18.808114', 13, 1),
(246, NULL, 'Existing Datasets', '', '', 0, 1, '2025-07-21 12:34:18.809053', '2025-07-21 12:34:18.809071', 13, 1),
(247, NULL, 'Potential Surveys / Questionnaires', '', '', 0, 1, '2025-07-21 12:34:18.809777', '2025-07-21 12:34:18.809795', 13, 1),
(248, NULL, 'Desired Sampling Method', '', '', 0, 1, '2025-07-21 12:34:18.810525', '2025-07-21 12:34:18.810543', 13, 1),
(249, NULL, 'Thematic Areas of Interest', '', '', 0, 1, '2025-07-21 12:34:18.811266', '2025-07-21 12:34:18.811284', 13, 1),
(250, NULL, 'Existing Qualitative Data', '', '', 0, 1, '2025-07-21 12:34:18.811972', '2025-07-21 12:34:18.811989', 13, 1),
(251, NULL, 'Potential Interview/Focus Group Guides (Qualitative)', '', '', 0, 1, '2025-07-21 12:34:18.812671', '2025-07-21 12:34:18.812700', 13, 1),
(252, NULL, 'Any Specific Input', '', '', 0, 1, '2025-07-21 12:34:18.813422', '2025-07-21 12:34:18.813440', 13, 1),
(253, NULL, 'Additional Data - 1: (filename.pdf)', '', '', 0, 1, '2025-07-21 12:34:18.814169', '2025-07-21 12:34:18.814186', 13, 4),
(254, NULL, 'Additional Data - 2: (filename.csv)', '', '', 0, 1, '2025-07-21 12:34:18.814879', '2025-07-21 12:34:18.814897', 13, 5),
(255, NULL, 'Additional Data - 3: (filename.png)', '', '', 0, 1, '2025-07-21 12:34:18.815582', '2025-07-21 12:34:18.815609', 13, 6);

-- --------------------------------------------------------

--
-- Table structure for table `_315_btngroups`
--

CREATE TABLE `_315_btngroups` (
  `id` bigint(20) NOT NULL,
  `deleted_at` datetime(6) DEFAULT NULL,
  `name` longtext DEFAULT NULL,
  `description` longtext DEFAULT NULL,
  `status` tinyint(1) NOT NULL,
  `created_at` datetime(6) NOT NULL,
  `updated_at` datetime(6) NOT NULL,
  `form_id` bigint(20) NOT NULL
) ENGINE=InnoDB DEFAULT CHARSET=utf8mb4 COLLATE=utf8mb4_general_ci;

--
-- Dumping data for table `_315_btngroups`
--

INSERT INTO `_315_btngroups` (`id`, `deleted_at`, `name`, `description`, `status`, `created_at`, `updated_at`, `form_id`) VALUES
(21, NULL, 'Outputs: Bloom\'s Taxonomy -Cognitive- K3, and K4 Levels', '', 1, '2025-07-23 07:32:11.935793', '2025-07-23 07:32:11.935808', 15),
(22, NULL, 'Outputs: Bloom\'s Taxonomy - Cognitive - K5, K6, Meta-Cognitive Levels & New Research Ideas', '', 1, '2025-07-23 07:32:11.955570', '2025-07-23 07:32:11.955586', 15);

-- --------------------------------------------------------

--
-- Table structure for table `_315_groups`
--

CREATE TABLE `_315_groups` (
  `id` bigint(20) NOT NULL,
  `deleted_at` datetime(6) DEFAULT NULL,
  `name` varchar(500) DEFAULT NULL,
  `description` longtext DEFAULT NULL,
  `status` tinyint(1) NOT NULL,
  `created_at` datetime(6) NOT NULL,
  `updated_at` datetime(6) NOT NULL,
  `form_id` bigint(20) NOT NULL
) ENGINE=InnoDB DEFAULT CHARSET=utf8mb4 COLLATE=utf8mb4_general_ci;

--
-- Dumping data for table `_315_groups`
--

INSERT INTO `_315_groups` (`id`, `deleted_at`, `name`, `description`, `status`, `created_at`, `updated_at`, `form_id`) VALUES
(11, NULL, '', '', 1, '2025-07-23 07:32:11.914754', '2025-07-23 07:32:11.914781', 15);

-- --------------------------------------------------------

--
-- Table structure for table `_315_inputs`
--

CREATE TABLE `_315_inputs` (
  `id` bigint(20) NOT NULL,
  `deleted_at` datetime(6) DEFAULT NULL,
  `name` varchar(500) DEFAULT NULL,
  `placeholder` longtext DEFAULT NULL,
  `remark` longtext DEFAULT NULL,
  `required` tinyint(1) NOT NULL,
  `status` tinyint(1) NOT NULL,
  `created_at` datetime(6) NOT NULL,
  `updated_at` datetime(6) NOT NULL,
  `group_id` bigint(20) NOT NULL,
  `input_type_id` bigint(20) NOT NULL
) ENGINE=InnoDB DEFAULT CHARSET=utf8mb4 COLLATE=utf8mb4_general_ci;

--
-- Dumping data for table `_315_inputs`
--

INSERT INTO `_315_inputs` (`id`, `deleted_at`, `name`, `placeholder`, `remark`, `required`, `status`, `created_at`, `updated_at`, `group_id`, `input_type_id`) VALUES
(221, NULL, 'Chosen Attitudinal Scale(s)', '', '', 0, 1, '2025-07-23 07:32:11.915633', '2025-07-23 07:32:11.915650', 11, 1),
(222, NULL, 'Chosen data Collection Method(s)', '', '', 0, 1, '2025-07-23 07:32:11.916408', '2025-07-23 07:32:11.916424', 11, 1),
(223, NULL, 'Chosen Study Design(s)', '', '', 0, 1, '2025-07-23 07:32:11.917154', '2025-07-23 07:32:11.917170', 11, 1),
(224, NULL, 'Research Objectives', '', '', 0, 1, '2025-07-23 07:32:11.917901', '2025-07-23 07:32:11.917916', 11, 1),
(225, NULL, 'Literature Review Insights', '', '', 0, 1, '2025-07-23 07:32:11.918619', '2025-07-23 07:32:11.918635', 11, 1),
(226, NULL, 'Target Population Profile', '', '', 0, 1, '2025-07-23 07:32:11.919345', '2025-07-23 07:32:11.919361', 11, 1),
(227, NULL, 'Previous Surveys / Questionnaires', '', '', 0, 1, '2025-07-23 07:32:11.920076', '2025-07-23 07:32:11.920092', 11, 1),
(228, NULL, 'Ethical Considerations', '', '', 0, 1, '2025-07-23 07:32:11.920814', '2025-07-23 07:32:11.920829', 11, 1),
(229, NULL, 'Identified Variables', '', '', 0, 1, '2025-07-23 07:32:11.921625', '2025-07-23 07:32:11.921645', 11, 1),
(230, NULL, 'Desired Statistical Analyses', '', '', 0, 1, '2025-07-23 07:32:11.922662', '2025-07-23 07:32:11.922683', 11, 1),
(231, NULL, 'Hypotheses and Assumptions', '', '', 0, 1, '2025-07-23 07:32:11.923592', '2025-07-23 07:32:11.923609', 11, 1),
(232, NULL, 'Scale Type Preference', '', '', 0, 1, '2025-07-23 07:32:11.924458', '2025-07-23 07:32:11.924480', 11, 1),
(233, NULL, 'Preliminary Scale Items', '', '', 0, 1, '2025-07-23 07:32:11.925347', '2025-07-23 07:32:11.925383', 11, 1),
(234, NULL, 'Qualitative Data Collection Settings', '', '', 0, 1, '2025-07-23 07:32:11.926446', '2025-07-23 07:32:11.926476', 11, 1),
(235, NULL, 'Desired Qualitative Approaches', '', '', 0, 1, '2025-07-23 07:32:11.927346', '2025-07-23 07:32:11.927363', 11, 1),
(236, NULL, 'Narratives or Themes (Qualitative)', '', '', 0, 1, '2025-07-23 07:32:11.928288', '2025-07-23 07:32:11.928305', 11, 1),
(237, NULL, 'Expected Data Types', '', '', 0, 1, '2025-07-23 07:32:11.929192', '2025-07-23 07:32:11.929208', 11, 1),
(238, NULL, 'Available Resources', '', '', 0, 1, '2025-07-23 07:32:11.929925', '2025-07-23 07:32:11.929942', 11, 1),
(239, NULL, 'Previous Qualitative Instruments', '', '', 0, 1, '2025-07-23 07:32:11.930667', '2025-07-23 07:32:11.930683', 11, 1),
(240, NULL, 'Open-Ended Questions (Qualitative)', '', '', 0, 1, '2025-07-23 07:32:11.931419', '2025-07-23 07:32:11.931434', 11, 1),
(241, NULL, 'Feedback Mechanism', '', '', 0, 1, '2025-07-23 07:32:11.932151', '2025-07-23 07:32:11.932167', 11, 1),
(242, NULL, 'Any Specific Input', '', '', 0, 1, '2025-07-23 07:32:11.932904', '2025-07-23 07:32:11.932920', 11, 1),
(243, NULL, 'Additional Data - 1: (filename.pdf)', '', '', 0, 1, '2025-07-23 07:32:11.933613', '2025-07-23 07:32:11.933628', 11, 4),
(244, NULL, 'Additional Data - 2: (filename.csv)', '', '', 0, 1, '2025-07-23 07:32:11.934322', '2025-07-23 07:32:11.934343', 11, 5),
(245, NULL, 'Additional Data - 3: (filename.png)', '', '', 0, 1, '2025-07-23 07:32:11.935050', '2025-07-23 07:32:11.935065', 11, 6);

-- --------------------------------------------------------

--
-- Table structure for table `_316_btngroups`
--

CREATE TABLE `_316_btngroups` (
  `id` bigint(20) NOT NULL,
  `deleted_at` datetime(6) DEFAULT NULL,
  `name` longtext DEFAULT NULL,
  `description` longtext DEFAULT NULL,
  `status` tinyint(1) NOT NULL,
  `created_at` datetime(6) NOT NULL,
  `updated_at` datetime(6) NOT NULL,
  `form_id` bigint(20) NOT NULL
) ENGINE=InnoDB DEFAULT CHARSET=utf8mb4 COLLATE=utf8mb4_general_ci;

--
-- Dumping data for table `_316_btngroups`
--

INSERT INTO `_316_btngroups` (`id`, `deleted_at`, `name`, `description`, `status`, `created_at`, `updated_at`, `form_id`) VALUES
(19, NULL, 'Outputs: Bloom\'s Taxonomy -Cognitive- K3, and K4 Levels', '', 1, '2025-07-04 08:21:28.490636', '2025-07-04 08:21:28.490652', 16),
(20, NULL, 'Outputs: Bloom\'s Taxonomy - Cognitive - K5, K6, Meta-Cognitive Levels & New Research Ideas', '', 1, '2025-07-04 08:21:28.530062', '2025-07-04 08:21:28.530078', 16);

-- --------------------------------------------------------

--
-- Table structure for table `_316_groups`
--

CREATE TABLE `_316_groups` (
  `id` bigint(20) NOT NULL,
  `deleted_at` datetime(6) DEFAULT NULL,
  `name` varchar(500) DEFAULT NULL,
  `description` longtext DEFAULT NULL,
  `status` tinyint(1) NOT NULL,
  `created_at` datetime(6) NOT NULL,
  `updated_at` datetime(6) NOT NULL,
  `form_id` bigint(20) NOT NULL
) ENGINE=InnoDB DEFAULT CHARSET=utf8mb4 COLLATE=utf8mb4_general_ci;

--
-- Dumping data for table `_316_groups`
--

INSERT INTO `_316_groups` (`id`, `deleted_at`, `name`, `description`, `status`, `created_at`, `updated_at`, `form_id`) VALUES
(10, NULL, '', '', 1, '2025-07-04 08:21:28.474461', '2025-07-04 08:21:28.474494', 16);

-- --------------------------------------------------------

--
-- Table structure for table `_316_inputs`
--

CREATE TABLE `_316_inputs` (
  `id` bigint(20) NOT NULL,
  `deleted_at` datetime(6) DEFAULT NULL,
  `name` varchar(500) DEFAULT NULL,
  `placeholder` longtext DEFAULT NULL,
  `remark` longtext DEFAULT NULL,
  `required` tinyint(1) NOT NULL,
  `status` tinyint(1) NOT NULL,
  `created_at` datetime(6) NOT NULL,
  `updated_at` datetime(6) NOT NULL,
  `group_id` bigint(20) NOT NULL,
  `input_type_id` bigint(20) NOT NULL
) ENGINE=InnoDB DEFAULT CHARSET=utf8mb4 COLLATE=utf8mb4_general_ci;

--
-- Dumping data for table `_316_inputs`
--

INSERT INTO `_316_inputs` (`id`, `deleted_at`, `name`, `placeholder`, `remark`, `required`, `status`, `created_at`, `updated_at`, `group_id`, `input_type_id`) VALUES
(176, NULL, 'Details of Identified Instrument', '', '', 0, 1, '2025-07-04 08:21:28.475503', '2025-07-04 08:21:28.475524', 10, 1),
(177, NULL, 'Chosen data Collection Method', '', '', 0, 1, '2025-07-04 08:21:28.476337', '2025-07-04 08:21:28.476354', 10, 1),
(178, NULL, 'Research Objectives', '', '', 0, 1, '2025-07-04 08:21:28.477078', '2025-07-04 08:21:28.477096', 10, 1),
(179, NULL, 'Formulated Hypotheses', '', '', 0, 1, '2025-07-04 08:21:28.477809', '2025-07-04 08:21:28.477840', 10, 1),
(180, NULL, 'Pilot Test Data', '', '', 0, 1, '2025-07-04 08:21:28.478561', '2025-07-04 08:21:28.478578', 10, 1),
(181, NULL, 'Expected Data Types', '', '', 0, 1, '2025-07-04 08:21:28.479279', '2025-07-04 08:21:28.479301', 10, 1),
(182, NULL, 'Desired Statistical Analyses', '', '', 0, 1, '2025-07-04 08:21:28.480061', '2025-07-04 08:21:28.480077', 10, 1),
(183, NULL, 'Previous Validity & Reliability Tests', '', '', 0, 1, '2025-07-04 08:21:28.480823', '2025-07-04 08:21:28.480840', 10, 1),
(184, NULL, 'Measurement Scales', '', '', 0, 1, '2025-07-04 08:21:28.481549', '2025-07-04 08:21:28.481566', 10, 1),
(185, NULL, 'Sample Size & Sampling Method', '', '', 0, 1, '2025-07-04 08:21:28.482240', '2025-07-04 08:21:28.482257', 10, 1),
(186, NULL, 'Thematic Areas of Interest', '', '', 0, 1, '2025-07-04 08:21:28.482973', '2025-07-04 08:21:28.482990', 10, 1),
(187, NULL, 'Data Collection Context', '', '', 0, 1, '2025-07-04 08:21:28.483688', '2025-07-04 08:21:28.483718', 10, 1),
(188, NULL, 'Researcher Reflexivity Notes', '', '', 0, 1, '2025-07-04 08:21:28.484455', '2025-07-04 08:21:28.484476', 10, 1),
(189, NULL, 'Feedback & Revisions', '', '', 0, 1, '2025-07-04 08:21:28.485378', '2025-07-04 08:21:28.485395', 10, 1),
(190, NULL, 'Transcription Details', '', '', 0, 1, '2025-07-04 08:21:28.486192', '2025-07-04 08:21:28.486215', 10, 1),
(191, NULL, 'Any Specific Input', '', '', 0, 1, '2025-07-04 08:21:28.487009', '2025-07-04 08:21:28.487031', 10, 1),
(192, NULL, 'Additional Data - 1: (filename.pdf)', '', '', 0, 1, '2025-07-04 08:21:28.487858', '2025-07-04 08:21:28.487879', 10, 4),
(193, NULL, 'Additional Data - 2: (filename.csv)', '', '', 0, 1, '2025-07-04 08:21:28.488655', '2025-07-04 08:21:28.488677', 10, 5),
(194, NULL, 'Additional Data - 3: (filename.png)', '', '', 0, 1, '2025-07-04 08:21:28.489637', '2025-07-04 08:21:28.489659', 10, 6);

-- --------------------------------------------------------

--
-- Table structure for table `_317_btngroups`
--

CREATE TABLE `_317_btngroups` (
  `id` bigint(20) NOT NULL,
  `deleted_at` datetime(6) DEFAULT NULL,
  `name` longtext DEFAULT NULL,
  `description` longtext DEFAULT NULL,
  `status` tinyint(1) NOT NULL,
  `created_at` datetime(6) NOT NULL,
  `updated_at` datetime(6) NOT NULL,
  `form_id` bigint(20) NOT NULL
) ENGINE=InnoDB DEFAULT CHARSET=utf8mb4 COLLATE=utf8mb4_general_ci;

--
-- Dumping data for table `_317_btngroups`
--

INSERT INTO `_317_btngroups` (`id`, `deleted_at`, `name`, `description`, `status`, `created_at`, `updated_at`, `form_id`) VALUES
(11, NULL, 'Outputs: Bloom\'s Taxonomy -Cognitive- K3, and K4 Levels', '', 1, '2025-07-04 08:23:45.444488', '2025-07-04 08:23:45.444512', 17),
(12, NULL, 'Outputs: Bloom\'s Taxonomy - Cognitive - K5, K6, Meta-Cognitive Levels & New Research Ideas', '', 1, '2025-07-04 08:23:45.480930', '2025-07-04 08:23:45.480968', 17);

-- --------------------------------------------------------

--
-- Table structure for table `_317_groups`
--

CREATE TABLE `_317_groups` (
  `id` bigint(20) NOT NULL,
  `deleted_at` datetime(6) DEFAULT NULL,
  `name` varchar(500) DEFAULT NULL,
  `description` longtext DEFAULT NULL,
  `status` tinyint(1) NOT NULL,
  `created_at` datetime(6) NOT NULL,
  `updated_at` datetime(6) NOT NULL,
  `form_id` bigint(20) NOT NULL
) ENGINE=InnoDB DEFAULT CHARSET=utf8mb4 COLLATE=utf8mb4_general_ci;

--
-- Dumping data for table `_317_groups`
--

INSERT INTO `_317_groups` (`id`, `deleted_at`, `name`, `description`, `status`, `created_at`, `updated_at`, `form_id`) VALUES
(6, NULL, '', '', 1, '2025-07-04 08:23:45.426218', '2025-07-04 08:23:45.426257', 17);

-- --------------------------------------------------------

--
-- Table structure for table `_317_inputs`
--

CREATE TABLE `_317_inputs` (
  `id` bigint(20) NOT NULL,
  `deleted_at` datetime(6) DEFAULT NULL,
  `name` varchar(500) DEFAULT NULL,
  `placeholder` longtext DEFAULT NULL,
  `remark` longtext DEFAULT NULL,
  `required` tinyint(1) NOT NULL,
  `status` tinyint(1) NOT NULL,
  `created_at` datetime(6) NOT NULL,
  `updated_at` datetime(6) NOT NULL,
  `group_id` bigint(20) NOT NULL,
  `input_type_id` bigint(20) NOT NULL
) ENGINE=InnoDB DEFAULT CHARSET=utf8mb4 COLLATE=utf8mb4_general_ci;

--
-- Dumping data for table `_317_inputs`
--

INSERT INTO `_317_inputs` (`id`, `deleted_at`, `name`, `placeholder`, `remark`, `required`, `status`, `created_at`, `updated_at`, `group_id`, `input_type_id`) VALUES
(98, NULL, 'Research Objectives & Hypotheses', '', '', 1, 1, '2025-07-04 08:23:45.427380', '2025-07-04 08:23:45.427397', 6, 1),
(99, NULL, 'Population Details', '', '', 1, 1, '2025-07-04 08:23:45.428209', '2025-07-04 08:23:45.428230', 6, 1),
(100, NULL, 'Sampling Techniques Preferred', '', '', 1, 1, '2025-07-04 08:23:45.429001', '2025-07-04 08:23:45.429023', 6, 1),
(101, NULL, 'Desired Confidence Level (for Quantitative)', '', '', 1, 1, '2025-07-04 08:23:45.429877', '2025-07-04 08:23:45.429900', 6, 1),
(102, NULL, 'Margin of Error (for Quantitative)', '', '', 1, 1, '2025-07-04 08:23:45.430751', '2025-07-04 08:23:45.430773', 6, 1),
(103, NULL, 'Population Variability (for Quantitative)', '', '', 1, 1, '2025-07-04 08:23:45.431606', '2025-07-04 08:23:45.431630', 6, 1),
(104, NULL, 'Access Constraints', '', '', 1, 1, '2025-07-04 08:23:45.432419', '2025-07-04 08:23:45.432458', 6, 1),
(105, NULL, 'Resource Limitations', '', '', 1, 1, '2025-07-04 08:23:45.433268', '2025-07-04 08:23:45.433290', 6, 1),
(106, NULL, 'Ethical Considerations', '', '', 1, 1, '2025-07-04 08:23:45.434163', '2025-07-04 08:23:45.434187', 6, 1),
(107, NULL, 'Sample Size', '', '', 1, 1, '2025-07-04 08:23:45.435031', '2025-07-04 08:23:45.435054', 6, 1),
(108, NULL, 'Previous Quantitative Studies', '', '', 1, 1, '2025-07-04 08:23:45.435843', '2025-07-04 08:23:45.435865', 6, 1),
(109, NULL, 'Previous Qualitative Studies', '', '', 1, 1, '2025-07-04 08:23:45.436714', '2025-07-04 08:23:45.436734', 6, 1),
(110, NULL, 'Participants Profile (for Qualitative)', '', '', 1, 1, '2025-07-04 08:23:45.437514', '2025-07-04 08:23:45.437531', 6, 1),
(111, NULL, 'Feedback & Revisions', '', '', 1, 1, '2025-07-04 08:23:45.438273', '2025-07-04 08:23:45.438305', 6, 1),
(112, NULL, 'Literature Review Insights', '', '', 1, 1, '2025-07-04 08:23:45.438987', '2025-07-04 08:23:45.439004', 6, 1),
(113, NULL, 'Pilot Test Data', '', '', 1, 1, '2025-07-04 08:23:45.439702', '2025-07-04 08:23:45.439719', 6, 1),
(114, NULL, 'Any Specific Input', '', '', 1, 1, '2025-07-04 08:23:45.440622', '2025-07-04 08:23:45.440647', 6, 1),
(115, NULL, 'Additional Data - 1: (filename.pdf)', '', '', 0, 1, '2025-07-04 08:23:45.441431', '2025-07-04 08:23:45.441451', 6, 4),
(116, NULL, 'Additional Data - 2: (filename.csv)', '', '', 0, 1, '2025-07-04 08:23:45.442438', '2025-07-04 08:23:45.442459', 6, 5),
(117, NULL, 'Additional Data - 3: (filename.png)', '', '', 0, 1, '2025-07-04 08:23:45.443272', '2025-07-04 08:23:45.443296', 6, 6);

-- --------------------------------------------------------

--
-- Table structure for table `_318_btngroups`
--

CREATE TABLE `_318_btngroups` (
  `id` bigint(20) NOT NULL,
  `deleted_at` datetime(6) DEFAULT NULL,
  `name` longtext DEFAULT NULL,
  `description` longtext DEFAULT NULL,
  `status` tinyint(1) NOT NULL,
  `created_at` datetime(6) NOT NULL,
  `updated_at` datetime(6) NOT NULL,
  `form_id` bigint(20) NOT NULL
) ENGINE=InnoDB DEFAULT CHARSET=utf8mb4 COLLATE=utf8mb4_general_ci;

--
-- Dumping data for table `_318_btngroups`
--

INSERT INTO `_318_btngroups` (`id`, `deleted_at`, `name`, `description`, `status`, `created_at`, `updated_at`, `form_id`) VALUES
(15, NULL, 'Outputs: Bloom\'s Taxonomy -Cognitive- K3, and K4 Levels', '', 1, '2025-07-08 10:51:44.710381', '2025-07-08 10:51:44.710393', 18),
(16, NULL, 'Outputs: Bloom\'s Taxonomy - Cognitive - K5, K6, Meta-Cognitive Levels & New Research Ideas', '', 1, '2025-07-08 10:51:44.744863', '2025-07-08 10:51:44.744881', 18);

-- --------------------------------------------------------

--
-- Table structure for table `_318_groups`
--

CREATE TABLE `_318_groups` (
  `id` bigint(20) NOT NULL,
  `deleted_at` datetime(6) DEFAULT NULL,
  `name` varchar(500) DEFAULT NULL,
  `description` longtext DEFAULT NULL,
  `status` tinyint(1) NOT NULL,
  `created_at` datetime(6) NOT NULL,
  `updated_at` datetime(6) NOT NULL,
  `form_id` bigint(20) NOT NULL
) ENGINE=InnoDB DEFAULT CHARSET=utf8mb4 COLLATE=utf8mb4_general_ci;

--
-- Dumping data for table `_318_groups`
--

INSERT INTO `_318_groups` (`id`, `deleted_at`, `name`, `description`, `status`, `created_at`, `updated_at`, `form_id`) VALUES
(8, NULL, '', '', 1, '2025-07-08 10:51:44.698362', '2025-07-08 10:51:44.698387', 18);

-- --------------------------------------------------------

--
-- Table structure for table `_318_inputs`
--

CREATE TABLE `_318_inputs` (
  `id` bigint(20) NOT NULL,
  `deleted_at` datetime(6) DEFAULT NULL,
  `name` varchar(500) DEFAULT NULL,
  `placeholder` longtext DEFAULT NULL,
  `remark` longtext DEFAULT NULL,
  `required` tinyint(1) NOT NULL,
  `status` tinyint(1) NOT NULL,
  `created_at` datetime(6) NOT NULL,
  `updated_at` datetime(6) NOT NULL,
  `group_id` bigint(20) NOT NULL,
  `input_type_id` bigint(20) NOT NULL
) ENGINE=InnoDB DEFAULT CHARSET=utf8mb4 COLLATE=utf8mb4_general_ci;

--
-- Dumping data for table `_318_inputs`
--

INSERT INTO `_318_inputs` (`id`, `deleted_at`, `name`, `placeholder`, `remark`, `required`, `status`, `created_at`, `updated_at`, `group_id`, `input_type_id`) VALUES
(141, NULL, 'Refined Research Questions', '', '', 1, 1, '2025-07-08 10:51:44.699134', '2025-07-08 10:51:44.699147', 8, 1),
(142, NULL, 'Comprehensive Literature Review', '', '', 1, 1, '2025-07-08 10:51:44.699672', '2025-07-08 10:51:44.699684', 8, 1),
(143, NULL, 'Detailed Objectives of Study/Research', '', '', 1, 1, '2025-07-08 10:51:44.700215', '2025-07-08 10:51:44.700228', 8, 1),
(144, NULL, 'Finalized Hypotheses', '', '', 1, 1, '2025-07-08 10:51:44.700716', '2025-07-08 10:51:44.700729', 8, 1),
(145, NULL, 'Selected Methodology and Justification', '', '', 1, 1, '2025-07-08 10:51:44.701180', '2025-07-08 10:51:44.701191', 8, 1),
(146, NULL, 'Stakeholder Analysis', '', '', 1, 1, '2025-07-08 10:51:44.701626', '2025-07-08 10:51:44.701637', 8, 1),
(147, NULL, 'Significance and Innovation Statement', '', '', 1, 1, '2025-07-08 10:51:44.702084', '2025-07-08 10:51:44.702096', 8, 1),
(148, NULL, 'Ethical Approval / Stakeholder Considerations', '', '', 1, 1, '2025-07-08 10:51:44.702521', '2025-07-08 10:51:44.702533', 8, 1),
(149, NULL, 'Funding Alignment Overview', '', '', 1, 1, '2025-07-08 10:51:44.702958', '2025-07-08 10:51:44.702970', 8, 1),
(150, NULL, 'Data Collection & Stakeholder Engagement Plan', '', '', 1, 1, '2025-07-08 10:51:44.703410', '2025-07-08 10:51:44.703422', 8, 1),
(151, NULL, 'Advanced Analytical Framework', '', '', 1, 1, '2025-07-08 10:51:44.704012', '2025-07-08 10:51:44.704027', 8, 1),
(152, NULL, 'Comprehensive Budget with Justification', '', '', 1, 1, '2025-07-08 10:51:44.704635', '2025-07-08 10:51:44.704656', 8, 1),
(153, NULL, 'Resource and Infrastructure Alignment', '', '', 1, 1, '2025-07-08 10:51:44.705309', '2025-07-08 10:51:44.705331', 8, 1),
(154, NULL, 'Collaboration and Stakeholder Support Plan', '', '', 1, 1, '2025-07-08 10:51:44.705961', '2025-07-08 10:51:44.705981', 8, 1),
(155, NULL, 'Feedback from Experts & Stakeholders', '', '', 1, 1, '2025-07-08 10:51:44.706521', '2025-07-08 10:51:44.706538', 8, 1),
(156, NULL, 'Project Timeline', '', '', 1, 1, '2025-07-08 10:51:44.707055', '2025-07-08 10:51:44.707067', 8, 1),
(157, NULL, 'Detailed Expected Outcomes', '', '', 1, 1, '2025-07-08 10:51:44.707644', '2025-07-08 10:51:44.707665', 8, 1),
(158, NULL, 'Any Specific Input', '', '', 1, 1, '2025-07-08 10:51:44.708279', '2025-07-08 10:51:44.708298', 8, 1),
(159, NULL, 'Additional Data - 1: (filename.pdf)', '', '', 1, 1, '2025-07-08 10:51:44.708909', '2025-07-08 10:51:44.708929', 8, 4),
(160, NULL, 'Additional Data - 2: (filename.csv)', '', '', 0, 1, '2025-07-08 10:51:44.709447', '2025-07-08 10:51:44.709460', 8, 5),
(161, NULL, 'Additional Data - 3: (filename.png)', '', '', 0, 1, '2025-07-08 10:51:44.709917', '2025-07-08 10:51:44.709930', 8, 6);

-- --------------------------------------------------------

--
-- Table structure for table `_319_btngroups`
--

CREATE TABLE `_319_btngroups` (
  `id` bigint(20) NOT NULL,
  `deleted_at` datetime(6) DEFAULT NULL,
  `name` longtext DEFAULT NULL,
  `description` longtext DEFAULT NULL,
  `status` tinyint(1) NOT NULL,
  `created_at` datetime(6) NOT NULL,
  `updated_at` datetime(6) NOT NULL,
  `form_id` bigint(20) NOT NULL
) ENGINE=InnoDB DEFAULT CHARSET=utf8mb4 COLLATE=utf8mb4_general_ci;

--
-- Dumping data for table `_319_btngroups`
--

INSERT INTO `_319_btngroups` (`id`, `deleted_at`, `name`, `description`, `status`, `created_at`, `updated_at`, `form_id`) VALUES
(15, NULL, 'Outputs: Bloom\'s Taxonomy -Cognitive- K3, and K4 Levels', '', 1, '2025-07-08 10:56:12.821304', '2025-07-08 10:56:12.821315', 19),
(16, NULL, 'Outputs: Bloom\'s Taxonomy - Cognitive - K5, K6, Meta-Cognitive Levels & New Research Ideas', '', 1, '2025-07-08 10:56:12.849461', '2025-07-08 10:56:12.849480', 19);

-- --------------------------------------------------------

--
-- Table structure for table `_319_groups`
--

CREATE TABLE `_319_groups` (
  `id` bigint(20) NOT NULL,
  `deleted_at` datetime(6) DEFAULT NULL,
  `name` varchar(500) DEFAULT NULL,
  `description` longtext DEFAULT NULL,
  `status` tinyint(1) NOT NULL,
  `created_at` datetime(6) NOT NULL,
  `updated_at` datetime(6) NOT NULL,
  `form_id` bigint(20) NOT NULL
) ENGINE=InnoDB DEFAULT CHARSET=utf8mb4 COLLATE=utf8mb4_general_ci;

--
-- Dumping data for table `_319_groups`
--

INSERT INTO `_319_groups` (`id`, `deleted_at`, `name`, `description`, `status`, `created_at`, `updated_at`, `form_id`) VALUES
(8, NULL, '', '', 1, '2025-07-08 10:56:12.810967', '2025-07-08 10:56:12.811003', 19);

-- --------------------------------------------------------

--
-- Table structure for table `_319_inputs`
--

CREATE TABLE `_319_inputs` (
  `id` bigint(20) NOT NULL,
  `deleted_at` datetime(6) DEFAULT NULL,
  `name` varchar(500) DEFAULT NULL,
  `placeholder` longtext DEFAULT NULL,
  `remark` longtext DEFAULT NULL,
  `required` tinyint(1) NOT NULL,
  `status` tinyint(1) NOT NULL,
  `created_at` datetime(6) NOT NULL,
  `updated_at` datetime(6) NOT NULL,
  `group_id` bigint(20) NOT NULL,
  `input_type_id` bigint(20) NOT NULL
) ENGINE=InnoDB DEFAULT CHARSET=utf8mb4 COLLATE=utf8mb4_general_ci;

--
-- Dumping data for table `_319_inputs`
--

INSERT INTO `_319_inputs` (`id`, `deleted_at`, `name`, `placeholder`, `remark`, `required`, `status`, `created_at`, `updated_at`, `group_id`, `input_type_id`) VALUES
(140, NULL, 'Chosen Data Collection Strategy', '', '', 1, 1, '2025-07-08 10:56:12.811893', '2025-07-08 10:56:12.811912', 8, 1),
(141, NULL, 'Research Problem Summary', '', '', 1, 1, '2025-07-08 10:56:12.812427', '2025-07-08 10:56:12.812439', 8, 1),
(142, NULL, 'Variables Identified', '', '', 1, 1, '2025-07-08 10:56:12.812928', '2025-07-08 10:56:12.812940', 8, 1),
(143, NULL, 'Hypothesis Statement', '', '', 1, 1, '2025-07-08 10:56:12.813395', '2025-07-08 10:56:12.813406', 8, 1),
(144, NULL, 'Research Design Type', '', '', 1, 1, '2025-07-08 10:56:12.813840', '2025-07-08 10:56:12.813852', 8, 1),
(145, NULL, 'Methodology Details (Techniques/Approaches)', '', '', 1, 1, '2025-07-08 10:56:12.814282', '2025-07-08 10:56:12.814293', 8, 1),
(146, NULL, 'Data Collection Instrumentation Description', '', '', 1, 1, '2025-07-08 10:56:12.814719', '2025-07-08 10:56:12.814730', 8, 1),
(147, NULL, 'Sample Characteristics', '', '', 1, 1, '2025-07-08 10:56:12.815162', '2025-07-08 10:56:12.815173', 8, 1),
(148, NULL, 'Data Collection Methods (Survey/Experiment etc)', '', '', 1, 1, '2025-07-08 10:56:12.815599', '2025-07-08 10:56:12.815610', 8, 1),
(149, NULL, 'Ethical Considerations', '', '', 1, 1, '2025-07-08 10:56:12.816037', '2025-07-08 10:56:12.816048', 8, 1),
(150, NULL, 'Preliminary Test Results (Pilot Studies)', '', '', 1, 1, '2025-07-08 10:56:12.816471', '2025-07-08 10:56:12.816482', 8, 1),
(151, NULL, 'Literature Review Highlights', '', '', 1, 1, '2025-07-08 10:56:12.816902', '2025-07-08 10:56:12.816913', 8, 1),
(152, NULL, 'Operational Definitions of Variables', '', '', 1, 1, '2025-07-08 10:56:12.817339', '2025-07-08 10:56:12.817350', 8, 1),
(153, NULL, 'Expected Data Types (Qualitative/Quantitative)', '', '', 1, 1, '2025-07-08 10:56:12.817771', '2025-07-08 10:56:12.817783', 8, 1),
(154, NULL, 'Research Questions/Goals', '', '', 1, 1, '2025-07-08 10:56:12.818201', '2025-07-08 10:56:12.818213', 8, 1),
(155, NULL, 'Funding and Resources', '', '', 1, 1, '2025-07-08 10:56:12.818640', '2025-07-08 10:56:12.818651', 8, 1),
(156, NULL, 'Data Analysis Plan', '', '', 1, 1, '2025-07-08 10:56:12.819071', '2025-07-08 10:56:12.819082', 8, 1),
(157, NULL, 'Any Specific Input', '', '', 1, 1, '2025-07-08 10:56:12.819500', '2025-07-08 10:56:12.819512', 8, 1),
(158, NULL, 'Additional Data - 2: (filename.csv)', '', '', 1, 1, '2025-07-08 10:56:12.819934', '2025-07-08 10:56:12.819946', 8, 4),
(159, NULL, 'Additional Data - 3: (filename.png)', '', '', 0, 1, '2025-07-08 10:56:12.820367', '2025-07-08 10:56:12.820379', 8, 5),
(160, NULL, 'Additional Data - 3: (filename.png)', '', '', 0, 1, '2025-07-08 10:56:12.820797', '2025-07-08 10:56:12.820808', 8, 6);

-- --------------------------------------------------------

--
-- Table structure for table `_320_btngroups`
--

CREATE TABLE `_320_btngroups` (
  `id` bigint(20) NOT NULL,
  `deleted_at` datetime(6) DEFAULT NULL,
  `name` longtext DEFAULT NULL,
  `description` longtext DEFAULT NULL,
  `status` tinyint(1) NOT NULL,
  `created_at` datetime(6) NOT NULL,
  `updated_at` datetime(6) NOT NULL,
  `form_id` bigint(20) NOT NULL
) ENGINE=InnoDB DEFAULT CHARSET=utf8mb4 COLLATE=utf8mb4_general_ci;

--
-- Dumping data for table `_320_btngroups`
--

INSERT INTO `_320_btngroups` (`id`, `deleted_at`, `name`, `description`, `status`, `created_at`, `updated_at`, `form_id`) VALUES
(11, NULL, 'Outputs: Bloom\'s Taxonomy -Cognitive- K3, and K4 Levels', '', 1, '2025-07-04 08:48:33.800298', '2025-07-04 08:48:33.800315', 20),
(12, NULL, 'Outputs: Bloom\'s Taxonomy - Cognitive - K5, K6, Meta-Cognitive Levels & New Research Ideas', '', 1, '2025-07-04 08:48:33.838865', '2025-07-04 08:48:33.838884', 20);

-- --------------------------------------------------------

--
-- Table structure for table `_320_groups`
--

CREATE TABLE `_320_groups` (
  `id` bigint(20) NOT NULL,
  `deleted_at` datetime(6) DEFAULT NULL,
  `name` varchar(500) DEFAULT NULL,
  `description` longtext DEFAULT NULL,
  `status` tinyint(1) NOT NULL,
  `created_at` datetime(6) NOT NULL,
  `updated_at` datetime(6) NOT NULL,
  `form_id` bigint(20) NOT NULL
) ENGINE=InnoDB DEFAULT CHARSET=utf8mb4 COLLATE=utf8mb4_general_ci;

--
-- Dumping data for table `_320_groups`
--

INSERT INTO `_320_groups` (`id`, `deleted_at`, `name`, `description`, `status`, `created_at`, `updated_at`, `form_id`) VALUES
(6, NULL, '', '', 1, '2025-07-04 08:48:33.784620', '2025-07-04 08:48:33.784652', 20);

-- --------------------------------------------------------

--
-- Table structure for table `_320_inputs`
--

CREATE TABLE `_320_inputs` (
  `id` bigint(20) NOT NULL,
  `deleted_at` datetime(6) DEFAULT NULL,
  `name` varchar(500) DEFAULT NULL,
  `placeholder` longtext DEFAULT NULL,
  `remark` longtext DEFAULT NULL,
  `required` tinyint(1) NOT NULL,
  `status` tinyint(1) NOT NULL,
  `created_at` datetime(6) NOT NULL,
  `updated_at` datetime(6) NOT NULL,
  `group_id` bigint(20) NOT NULL,
  `input_type_id` bigint(20) NOT NULL
) ENGINE=InnoDB DEFAULT CHARSET=utf8mb4 COLLATE=utf8mb4_general_ci;

--
-- Dumping data for table `_320_inputs`
--

INSERT INTO `_320_inputs` (`id`, `deleted_at`, `name`, `placeholder`, `remark`, `required`, `status`, `created_at`, `updated_at`, `group_id`, `input_type_id`) VALUES
(96, NULL, 'Details of Collected Raw Data', '', '', 1, 1, '2025-07-04 08:48:33.785576', '2025-07-04 08:48:33.785594', 6, 1),
(97, NULL, 'Research Objectives', '', '', 1, 1, '2025-07-04 08:48:33.786285', '2025-07-04 08:48:33.786302', 6, 1),
(98, NULL, 'Formulated Hypotheses', '', '', 1, 1, '2025-07-04 08:48:33.787031', '2025-07-04 08:48:33.787047', 6, 1),
(99, NULL, 'Data Collection Methodology', '', '', 1, 1, '2025-07-04 08:48:33.787834', '2025-07-04 08:48:33.787859', 6, 1),
(100, NULL, 'Software/Tools Available', '', '', 1, 1, '2025-07-04 08:48:33.788661', '2025-07-04 08:48:33.788681', 6, 1),
(101, NULL, 'Desired Output Format', '', '', 1, 1, '2025-07-04 08:48:33.789492', '2025-07-04 08:48:33.789515', 6, 1),
(102, NULL, 'Descriptive Statistics Needs', '', '', 1, 1, '2025-07-04 08:48:33.790315', '2025-07-04 08:48:33.790333', 6, 1),
(103, NULL, 'Inferential Statistics Needs', '', '', 1, 1, '2025-07-04 08:48:33.791055', '2025-07-04 08:48:33.791073', 6, 1),
(104, NULL, 'Level of Measurement', '', '', 1, 1, '2025-07-04 08:48:33.791757', '2025-07-04 08:48:33.791774', 6, 1),
(105, NULL, 'Missing Data', '', '', 1, 1, '2025-07-04 08:48:33.792467', '2025-07-04 08:48:33.792485', 6, 1),
(106, NULL, 'Outliers', '', '', 1, 1, '2025-07-04 08:48:33.793167', '2025-07-04 08:48:33.793195', 6, 1),
(107, NULL, 'Coding Framework', '', '', 1, 1, '2025-07-04 08:48:33.794169', '2025-07-04 08:48:33.794198', 6, 1),
(108, NULL, 'Stakeholder Feedback', '', '', 1, 1, '2025-07-04 08:48:33.795075', '2025-07-04 08:48:33.795092', 6, 1),
(109, NULL, 'Data Analysis Approach', '', '', 1, 1, '2025-07-04 08:48:33.795780', '2025-07-04 08:48:33.795797', 6, 1),
(110, NULL, 'Iterative Analysis Needs', '', '', 1, 1, '2025-07-04 08:48:33.796470', '2025-07-04 08:48:33.796487', 6, 1),
(111, NULL, 'Any Specific Input', '', '', 1, 1, '2025-07-04 08:48:33.797183', '2025-07-04 08:48:33.797201', 6, 1),
(112, NULL, 'Additional Data - 1: (filename.Pdf)', '', '', 1, 1, '2025-07-04 08:48:33.797874', '2025-07-04 08:48:33.797892', 6, 4),
(113, NULL, 'Additional data -2: (filename.CSV)', '', '', 1, 1, '2025-07-04 08:48:33.798736', '2025-07-04 08:48:33.798760', 6, 5),
(114, NULL, 'Additional Data - 3: (filename.png)', '', '', 1, 1, '2025-07-04 08:48:33.799481', '2025-07-04 08:48:33.799497', 6, 6);

-- --------------------------------------------------------

--
-- Table structure for table `_321_btngroups`
--

CREATE TABLE `_321_btngroups` (
  `id` bigint(20) NOT NULL,
  `deleted_at` datetime(6) DEFAULT NULL,
  `name` longtext DEFAULT NULL,
  `description` longtext DEFAULT NULL,
  `status` tinyint(1) NOT NULL,
  `created_at` datetime(6) NOT NULL,
  `updated_at` datetime(6) NOT NULL,
  `form_id` bigint(20) NOT NULL
) ENGINE=InnoDB DEFAULT CHARSET=utf8mb4 COLLATE=utf8mb4_general_ci;

--
-- Dumping data for table `_321_btngroups`
--

INSERT INTO `_321_btngroups` (`id`, `deleted_at`, `name`, `description`, `status`, `created_at`, `updated_at`, `form_id`) VALUES
(19, NULL, 'Outputs: Bloom\'s Taxonomy -Cognitive- K3, and K4 Levels', '', 1, '2025-07-22 07:27:12.271314', '2025-07-22 07:27:12.271328', 21),
(20, NULL, 'Outputs: Bloom\'s Taxonomy - Cognitive - K5, K6, Meta-Cognitive Levels & New Research Ideas', '', 1, '2025-07-22 07:27:12.337256', '2025-07-22 07:27:12.337267', 21);

-- --------------------------------------------------------

--
-- Table structure for table `_321_groups`
--

CREATE TABLE `_321_groups` (
  `id` bigint(20) NOT NULL,
  `deleted_at` datetime(6) DEFAULT NULL,
  `name` varchar(500) DEFAULT NULL,
  `description` longtext DEFAULT NULL,
  `status` tinyint(1) NOT NULL,
  `created_at` datetime(6) NOT NULL,
  `updated_at` datetime(6) NOT NULL,
  `form_id` bigint(20) NOT NULL
) ENGINE=InnoDB DEFAULT CHARSET=utf8mb4 COLLATE=utf8mb4_general_ci;

--
-- Dumping data for table `_321_groups`
--

INSERT INTO `_321_groups` (`id`, `deleted_at`, `name`, `description`, `status`, `created_at`, `updated_at`, `form_id`) VALUES
(10, NULL, '', '', 1, '2025-07-22 07:27:12.258334', '2025-07-22 07:27:12.258360', 21);

-- --------------------------------------------------------

--
-- Table structure for table `_321_inputs`
--

CREATE TABLE `_321_inputs` (
  `id` bigint(20) NOT NULL,
  `deleted_at` datetime(6) DEFAULT NULL,
  `name` varchar(500) DEFAULT NULL,
  `placeholder` longtext DEFAULT NULL,
  `remark` longtext DEFAULT NULL,
  `required` tinyint(1) NOT NULL,
  `status` tinyint(1) NOT NULL,
  `created_at` datetime(6) NOT NULL,
  `updated_at` datetime(6) NOT NULL,
  `group_id` bigint(20) NOT NULL,
  `input_type_id` bigint(20) NOT NULL
) ENGINE=InnoDB DEFAULT CHARSET=utf8mb4 COLLATE=utf8mb4_general_ci;

--
-- Dumping data for table `_321_inputs`
--

INSERT INTO `_321_inputs` (`id`, `deleted_at`, `name`, `placeholder`, `remark`, `required`, `status`, `created_at`, `updated_at`, `group_id`, `input_type_id`) VALUES
(183, NULL, 'The Processed Data from \'Data Processing\'', '', '', 0, 1, '2025-07-22 07:27:12.259044', '2025-07-22 07:27:12.259058', 10, 1),
(184, NULL, 'Research Objectives', '', '', 0, 1, '2025-07-22 07:27:12.259683', '2025-07-22 07:27:12.259703', 10, 1),
(185, NULL, 'Formulated Hypotheses', '', '', 0, 1, '2025-07-22 07:27:12.260402', '2025-07-22 07:27:12.260419', 10, 1),
(186, NULL, 'Study Design', '', '', 0, 1, '2025-07-22 07:27:12.261041', '2025-07-22 07:27:12.261058', 10, 1),
(187, NULL, 'Audience Information', '', '', 0, 1, '2025-07-22 07:27:12.261751', '2025-07-22 07:27:12.261764', 10, 1),
(188, NULL, 'Preferred Platforms', '', '', 0, 1, '2025-07-22 07:27:12.262313', '2025-07-22 07:27:12.262335', 10, 1),
(189, NULL, 'Hardware & Software Resources', '', '', 0, 1, '2025-07-22 07:27:12.262903', '2025-07-22 07:27:12.262916', 10, 1),
(190, NULL, 'Descriptive Statistics', '', '', 0, 1, '2025-07-22 07:27:12.263478', '2025-07-22 07:27:12.263495', 10, 1),
(191, NULL, 'Complex Analyses Results', '', '', 0, 1, '2025-07-22 07:27:12.264091', '2025-07-22 07:27:12.264107', 10, 1),
(192, NULL, 'Preferred Graphical Representations', '', '', 0, 1, '2025-07-22 07:27:12.264676', '2025-07-22 07:27:12.264691', 10, 1),
(193, NULL, 'Interactivity Needs', '', '', 0, 1, '2025-07-22 07:27:12.265210', '2025-07-22 07:27:12.265225', 10, 1),
(194, NULL, 'Coded Data Outputs', '', '', 0, 1, '2025-07-22 07:27:12.265734', '2025-07-22 07:27:12.265748', 10, 1),
(195, NULL, 'Narratives/Quotes', '', '', 0, 1, '2025-07-22 07:27:12.266268', '2025-07-22 07:27:12.266282', 10, 1),
(196, NULL, 'Visualization Preferences', '', '', 0, 1, '2025-07-22 07:27:12.266788', '2025-07-22 07:27:12.266802', 10, 1),
(197, NULL, 'Depth of Data', '', '', 0, 1, '2025-07-22 07:27:12.267288', '2025-07-22 07:27:12.267298', 10, 1),
(198, NULL, 'Data Collection Methodology', '', '', 0, 1, '2025-07-22 07:27:12.267918', '2025-07-22 07:27:12.267938', 10, 1),
(199, NULL, 'Outliers (Quantitative)', '', '', 0, 1, '2025-07-22 07:27:12.268576', '2025-07-22 07:27:12.268594', 10, 1),
(200, NULL, 'Any Specific Input', '', '', 0, 1, '2025-07-22 07:27:12.269191', '2025-07-22 07:27:12.269209', 10, 1),
(201, NULL, 'Additional Data - 1: (filename.pdf)', '', '', 0, 1, '2025-07-22 07:27:12.269737', '2025-07-22 07:27:12.269752', 10, 4),
(202, NULL, 'Additional Data - 2: (filename.csv)', '', '', 0, 1, '2025-07-22 07:27:12.270254', '2025-07-22 07:27:12.270268', 10, 5),
(203, NULL, 'Additional Data - 3: (filename.png)', '', '', 0, 1, '2025-07-22 07:27:12.270791', '2025-07-22 07:27:12.270804', 10, 6);

-- --------------------------------------------------------

--
-- Table structure for table `_322_btngroups`
--

CREATE TABLE `_322_btngroups` (
  `id` bigint(20) NOT NULL,
  `deleted_at` datetime(6) DEFAULT NULL,
  `name` longtext DEFAULT NULL,
  `description` longtext DEFAULT NULL,
  `status` tinyint(1) NOT NULL,
  `created_at` datetime(6) NOT NULL,
  `updated_at` datetime(6) NOT NULL,
  `form_id` bigint(20) NOT NULL
) ENGINE=InnoDB DEFAULT CHARSET=utf8mb4 COLLATE=utf8mb4_general_ci;

--
-- Dumping data for table `_322_btngroups`
--

INSERT INTO `_322_btngroups` (`id`, `deleted_at`, `name`, `description`, `status`, `created_at`, `updated_at`, `form_id`) VALUES
(21, NULL, 'Outputs: Bloom\'s Taxonomy -Cognitive- K3, and K4 Levels', '', 1, '2025-07-08 11:00:27.488044', '2025-07-08 11:00:27.488056', 22),
(22, NULL, 'Outputs: Bloom\'s Taxonomy - Cognitive - K5, K6, Meta-Cognitive Levels & New Research Ideas', '', 1, '2025-07-08 11:00:27.515432', '2025-07-08 11:00:27.515445', 22);

-- --------------------------------------------------------

--
-- Table structure for table `_322_groups`
--

CREATE TABLE `_322_groups` (
  `id` bigint(20) NOT NULL,
  `deleted_at` datetime(6) DEFAULT NULL,
  `name` varchar(500) DEFAULT NULL,
  `description` longtext DEFAULT NULL,
  `status` tinyint(1) NOT NULL,
  `created_at` datetime(6) NOT NULL,
  `updated_at` datetime(6) NOT NULL,
  `form_id` bigint(20) NOT NULL
) ENGINE=InnoDB DEFAULT CHARSET=utf8mb4 COLLATE=utf8mb4_general_ci;

--
-- Dumping data for table `_322_groups`
--

INSERT INTO `_322_groups` (`id`, `deleted_at`, `name`, `description`, `status`, `created_at`, `updated_at`, `form_id`) VALUES
(11, NULL, '', '', 1, '2025-07-08 11:00:27.475067', '2025-07-08 11:00:27.475092', 22);

-- --------------------------------------------------------

--
-- Table structure for table `_322_inputs`
--

CREATE TABLE `_322_inputs` (
  `id` bigint(20) NOT NULL,
  `deleted_at` datetime(6) DEFAULT NULL,
  `name` varchar(500) DEFAULT NULL,
  `placeholder` longtext DEFAULT NULL,
  `remark` longtext DEFAULT NULL,
  `required` tinyint(1) NOT NULL,
  `status` tinyint(1) NOT NULL,
  `created_at` datetime(6) NOT NULL,
  `updated_at` datetime(6) NOT NULL,
  `group_id` bigint(20) NOT NULL,
  `input_type_id` bigint(20) NOT NULL
) ENGINE=InnoDB DEFAULT CHARSET=utf8mb4 COLLATE=utf8mb4_general_ci;

--
-- Dumping data for table `_322_inputs`
--

INSERT INTO `_322_inputs` (`id`, `deleted_at`, `name`, `placeholder`, `remark`, `required`, `status`, `created_at`, `updated_at`, `group_id`, `input_type_id`) VALUES
(201, NULL, 'Research Objectives & Goals', '', '', 0, 1, '2025-07-08 11:00:27.475920', '2025-07-08 11:00:27.475934', 11, 1),
(202, NULL, 'Research Methodology', '', '', 0, 1, '2025-07-08 11:00:27.476581', '2025-07-08 11:00:27.476596', 11, 1),
(203, NULL, 'Data Collection Instruments', '', '', 0, 1, '2025-07-08 11:00:27.477125', '2025-07-08 11:00:27.477138', 11, 1),
(204, NULL, 'Collected Data & the Processed Data', '', '', 0, 1, '2025-07-08 11:00:27.477828', '2025-07-08 11:00:27.477849', 11, 1),
(205, NULL, 'Comprehensive Literature Review', '', '', 0, 1, '2025-07-08 11:00:27.478370', '2025-07-08 11:00:27.478383', 11, 1),
(206, NULL, 'Research Findings & Results', '', '', 0, 1, '2025-07-08 11:00:27.478838', '2025-07-08 11:00:27.478850', 11, 1),
(207, NULL, 'Interpretation of Results', '', '', 0, 1, '2025-07-08 11:00:27.479295', '2025-07-08 11:00:27.479307', 11, 1),
(208, NULL, 'Recommendations & Implications', '', '', 0, 1, '2025-07-08 11:00:27.479734', '2025-07-08 11:00:27.479746', 11, 1),
(209, NULL, 'Statistical Analysis Details', '', '', 0, 1, '2025-07-08 11:00:27.480169', '2025-07-08 11:00:27.480181', 11, 1),
(210, NULL, 'Description of Figures and Tables / Infographics', '', '', 0, 1, '2025-07-08 11:00:27.480697', '2025-07-08 11:00:27.480713', 11, 1),
(211, NULL, 'Validation & Reliability Reports', '', '', 0, 1, '2025-07-08 11:00:27.481350', '2025-07-08 11:00:27.481369', 11, 1),
(212, NULL, 'Control Variables', '', '', 0, 1, '2025-07-08 11:00:27.482017', '2025-07-08 11:00:27.482038', 11, 1),
(213, NULL, 'Thematic Codes or Categories', '', '', 0, 1, '2025-07-08 11:00:27.482657', '2025-07-08 11:00:27.482677', 11, 1),
(214, NULL, 'Participant Quotes', '', '', 0, 1, '2025-07-08 11:00:27.483328', '2025-07-08 11:00:27.483348', 11, 1),
(215, NULL, 'Narrative Descriptions', '', '', 0, 1, '2025-07-08 11:00:27.484169', '2025-07-08 11:00:27.484189', 11, 1),
(216, NULL, 'References & Citation Style', '', '', 0, 1, '2025-07-08 11:00:27.484875', '2025-07-08 11:00:27.484891', 11, 1),
(217, NULL, 'Data Visualizations (Qualitative)', '', '', 0, 1, '2025-07-08 11:00:27.485366', '2025-07-08 11:00:27.485379', 11, 1),
(218, NULL, 'Researcher Reflexivity Notes (Qualitative)', '', '', 0, 1, '2025-07-08 11:00:27.485855', '2025-07-08 11:00:27.485867', 11, 1),
(219, NULL, 'Any Specific Input', '', '', 0, 1, '2025-07-08 11:00:27.486293', '2025-07-08 11:00:27.486305', 11, 1),
(220, NULL, 'Additional Data - 1: (filename.pdf)', '', '', 0, 1, '2025-07-08 11:00:27.486733', '2025-07-08 11:00:27.486745', 11, 4),
(221, NULL, 'Additional Data - 2: (filename.csv)', '', '', 0, 1, '2025-07-08 11:00:27.487172', '2025-07-08 11:00:27.487184', 11, 5),
(222, NULL, 'Additional Data - 3: (filename.png)', '', '', 0, 1, '2025-07-08 11:00:27.487605', '2025-07-08 11:00:27.487617', 11, 6);

-- --------------------------------------------------------

--
-- Table structure for table `_327_btngroups`
--

CREATE TABLE `_327_btngroups` (
  `id` bigint(20) NOT NULL,
  `deleted_at` datetime(6) DEFAULT NULL,
  `name` longtext DEFAULT NULL,
  `description` longtext DEFAULT NULL,
  `status` tinyint(1) NOT NULL,
  `created_at` datetime(6) NOT NULL,
  `updated_at` datetime(6) NOT NULL,
  `form_id` bigint(20) NOT NULL
) ENGINE=InnoDB DEFAULT CHARSET=utf8mb4 COLLATE=utf8mb4_general_ci;

--
-- Dumping data for table `_327_btngroups`
--

INSERT INTO `_327_btngroups` (`id`, `deleted_at`, `name`, `description`, `status`, `created_at`, `updated_at`, `form_id`) VALUES
(17, NULL, 'Outputs: Bloom\'s Taxonomy -Cognitive- K3, and K4 Levels', '', 1, '2025-07-08 11:02:44.803315', '2025-07-08 11:02:44.803331', 27),
(18, NULL, 'Outputs: Bloom\'s Taxonomy - Cognitive - K5, K6, Meta-Cognitive Levels & New Research Ideas', '', 1, '2025-07-08 11:02:44.833840', '2025-07-08 11:02:44.833856', 27);

-- --------------------------------------------------------

--
-- Table structure for table `_327_groups`
--

CREATE TABLE `_327_groups` (
  `id` bigint(20) NOT NULL,
  `deleted_at` datetime(6) DEFAULT NULL,
  `name` varchar(500) DEFAULT NULL,
  `description` longtext DEFAULT NULL,
  `status` tinyint(1) NOT NULL,
  `created_at` datetime(6) NOT NULL,
  `updated_at` datetime(6) NOT NULL,
  `form_id` bigint(20) NOT NULL
) ENGINE=InnoDB DEFAULT CHARSET=utf8mb4 COLLATE=utf8mb4_general_ci;

--
-- Dumping data for table `_327_groups`
--

INSERT INTO `_327_groups` (`id`, `deleted_at`, `name`, `description`, `status`, `created_at`, `updated_at`, `form_id`) VALUES
(9, NULL, '', '', 1, '2025-07-08 11:02:44.786893', '2025-07-08 11:02:44.786927', 27);

-- --------------------------------------------------------

--
-- Table structure for table `_327_inputs`
--

CREATE TABLE `_327_inputs` (
  `id` bigint(20) NOT NULL,
  `deleted_at` datetime(6) DEFAULT NULL,
  `name` varchar(500) DEFAULT NULL,
  `placeholder` longtext DEFAULT NULL,
  `remark` longtext DEFAULT NULL,
  `required` tinyint(1) NOT NULL,
  `status` tinyint(1) NOT NULL,
  `created_at` datetime(6) NOT NULL,
  `updated_at` datetime(6) NOT NULL,
  `group_id` bigint(20) NOT NULL,
  `input_type_id` bigint(20) NOT NULL
) ENGINE=InnoDB DEFAULT CHARSET=utf8mb4 COLLATE=utf8mb4_general_ci;

--
-- Dumping data for table `_327_inputs`
--

INSERT INTO `_327_inputs` (`id`, `deleted_at`, `name`, `placeholder`, `remark`, `required`, `status`, `created_at`, `updated_at`, `group_id`, `input_type_id`) VALUES
(161, NULL, 'Research Topic', '', '', 1, 1, '2025-07-08 11:02:44.788199', '2025-07-08 11:02:44.788219', 9, 1),
(162, NULL, 'Research Type', '', '', 1, 1, '2025-07-08 11:02:44.789009', '2025-07-08 11:02:44.789030', 9, 1),
(163, NULL, 'Research Objectives', '', '', 1, 1, '2025-07-08 11:02:44.789732', '2025-07-08 11:02:44.789753', 9, 1),
(164, NULL, 'Literature Review Summary', '', '', 1, 1, '2025-07-08 11:02:44.790361', '2025-07-08 11:02:44.790377', 9, 1),
(165, NULL, 'Methodology Overview', '', '', 1, 1, '2025-07-08 11:02:44.791005', '2025-07-08 11:02:44.791025', 9, 1),
(166, NULL, 'Data Analysis Techniques', '', '', 1, 1, '2025-07-08 11:02:44.791706', '2025-07-08 11:02:44.791728', 9, 1),
(167, NULL, 'Key Findings', '', '', 1, 1, '2025-07-08 11:02:44.792329', '2025-07-08 11:02:44.792345', 9, 1),
(168, NULL, 'Research Implications', '', '', 1, 1, '2025-07-08 11:02:44.792931', '2025-07-08 11:02:44.792959', 9, 1),
(169, NULL, 'Limitations and Challenges', '', '', 1, 1, '2025-07-08 11:02:44.793610', '2025-07-08 11:02:44.793633', 9, 1),
(170, NULL, 'Future Research Directions', '', '', 1, 1, '2025-07-08 11:02:44.794367', '2025-07-08 11:02:44.794391', 9, 1),
(171, NULL, 'Personal Contribution', '', '', 1, 1, '2025-07-08 11:02:44.795051', '2025-07-08 11:02:44.795070', 9, 1),
(172, NULL, 'Ethical Considerations', '', '', 1, 1, '2025-07-08 11:02:44.795665', '2025-07-08 11:02:44.795684', 9, 1),
(173, NULL, 'Interdisciplinary Links', '', '', 1, 1, '2025-07-08 11:02:44.796310', '2025-07-08 11:02:44.796328', 9, 1),
(174, NULL, 'Publication and Presentation Experience', '', '', 1, 1, '2025-07-08 11:02:44.797058', '2025-07-08 11:02:44.797081', 9, 1),
(175, NULL, 'Examiners\' Background', '', '', 1, 1, '2025-07-08 11:02:44.797719', '2025-07-08 11:02:44.797747', 9, 1),
(176, NULL, 'Post-Viva Steps', '', '', 1, 1, '2025-07-08 11:02:44.798378', '2025-07-08 11:02:44.798408', 9, 1),
(177, NULL, 'Integrating Feedback', '', '', 1, 1, '2025-07-08 11:02:44.799015', '2025-07-08 11:02:44.799036', 9, 1),
(178, NULL, 'Career Development Post-Research', '', '', 1, 1, '2025-07-08 11:02:44.799620', '2025-07-08 11:02:44.799636', 9, 1),
(179, NULL, 'Any Specific Input', '', '', 1, 1, '2025-07-08 11:02:44.800242', '2025-07-08 11:02:44.800258', 9, 1),
(180, NULL, 'Additional Data - 1: (filename.pdf)', '', '', 0, 1, '2025-07-08 11:02:44.800855', '2025-07-08 11:02:44.800873', 9, 4),
(181, NULL, 'Additional Data - 2: (filename.csv)', '', '', 0, 1, '2025-07-08 11:02:44.801990', '2025-07-08 11:02:44.802010', 9, 5),
(182, NULL, 'Additional Data - 3: (filename.png)', '', '', 0, 1, '2025-07-08 11:02:44.802621', '2025-07-08 11:02:44.802637', 9, 6);

-- --------------------------------------------------------

--
-- Table structure for table `_423_btngroups`
--

CREATE TABLE `_423_btngroups` (
  `id` bigint(20) NOT NULL,
  `deleted_at` datetime(6) DEFAULT NULL,
  `name` longtext DEFAULT NULL,
  `description` longtext DEFAULT NULL,
  `status` tinyint(1) NOT NULL,
  `created_at` datetime(6) NOT NULL,
  `updated_at` datetime(6) NOT NULL,
  `form_id` bigint(20) NOT NULL
) ENGINE=InnoDB DEFAULT CHARSET=utf8mb4 COLLATE=utf8mb4_general_ci;

--
-- Dumping data for table `_423_btngroups`
--

INSERT INTO `_423_btngroups` (`id`, `deleted_at`, `name`, `description`, `status`, `created_at`, `updated_at`, `form_id`) VALUES
(149, NULL, 'Outputs: Bloom\'s Taxonomy -Cognitive- K3, and K4 Levels', '', 1, '2025-07-03 08:19:21.459506', '2025-07-03 08:19:21.459524', 23),
(150, NULL, 'Outputs: Bloom\'s Taxonomy - Cognitive - K5, K6, Meta-Cognitive Levels & New Research Ideas', '', 1, '2025-07-03 08:19:21.467014', '2025-07-03 08:19:21.467035', 23);

-- --------------------------------------------------------

--
-- Table structure for table `_423_groups`
--

CREATE TABLE `_423_groups` (
  `id` bigint(20) NOT NULL,
  `deleted_at` datetime(6) DEFAULT NULL,
  `name` varchar(500) DEFAULT NULL,
  `description` longtext DEFAULT NULL,
  `status` tinyint(1) NOT NULL,
  `created_at` datetime(6) NOT NULL,
  `updated_at` datetime(6) NOT NULL,
  `form_id` bigint(20) NOT NULL
) ENGINE=InnoDB DEFAULT CHARSET=utf8mb4 COLLATE=utf8mb4_general_ci;

--
-- Dumping data for table `_423_groups`
--

INSERT INTO `_423_groups` (`id`, `deleted_at`, `name`, `description`, `status`, `created_at`, `updated_at`, `form_id`) VALUES
(102, NULL, '', '', 1, '2025-07-03 08:19:21.457826', '2025-07-03 08:19:21.457861', 23);

-- --------------------------------------------------------

--
-- Table structure for table `_423_inputs`
--

CREATE TABLE `_423_inputs` (
  `id` bigint(20) NOT NULL,
  `deleted_at` datetime(6) DEFAULT NULL,
  `name` varchar(500) DEFAULT NULL,
  `placeholder` longtext DEFAULT NULL,
  `remark` longtext DEFAULT NULL,
  `required` tinyint(1) NOT NULL,
  `status` tinyint(1) NOT NULL,
  `created_at` datetime(6) NOT NULL,
  `updated_at` datetime(6) NOT NULL,
  `group_id` bigint(20) NOT NULL,
  `input_type_id` bigint(20) NOT NULL
) ENGINE=InnoDB DEFAULT CHARSET=utf8mb4 COLLATE=utf8mb4_general_ci;

--
-- Dumping data for table `_423_inputs`
--

INSERT INTO `_423_inputs` (`id`, `deleted_at`, `name`, `placeholder`, `remark`, `required`, `status`, `created_at`, `updated_at`, `group_id`, `input_type_id`) VALUES
(121, NULL, 'A concept / an idea / an example product / a theorem', '', '', 1, 1, '2025-07-03 08:19:21.458738', '2025-07-03 08:19:21.458756', 102, 1);

-- --------------------------------------------------------

--
-- Table structure for table `_424_btngroups`
--

CREATE TABLE `_424_btngroups` (
  `id` bigint(20) NOT NULL,
  `deleted_at` datetime(6) DEFAULT NULL,
  `name` longtext DEFAULT NULL,
  `description` longtext DEFAULT NULL,
  `status` tinyint(1) NOT NULL,
  `created_at` datetime(6) NOT NULL,
  `updated_at` datetime(6) NOT NULL,
  `form_id` bigint(20) NOT NULL
) ENGINE=InnoDB DEFAULT CHARSET=utf8mb4 COLLATE=utf8mb4_general_ci;

--
-- Dumping data for table `_424_btngroups`
--

INSERT INTO `_424_btngroups` (`id`, `deleted_at`, `name`, `description`, `status`, `created_at`, `updated_at`, `form_id`) VALUES
(41, NULL, 'Outputs: Bloom\'s Taxonomy -Cognitive- K3, and K4 Levels', '', 1, '2025-06-30 10:00:11.628152', '2025-06-30 10:00:11.628177', 24),
(42, NULL, 'Outputs: Bloom\'s Taxonomy - Cognitive - K5, K6, Meta-Cognitive Levels & New Research Ideas', '', 1, '2025-06-30 10:00:11.663698', '2025-06-30 10:00:11.663718', 24);

-- --------------------------------------------------------

--
-- Table structure for table `_424_groups`
--

CREATE TABLE `_424_groups` (
  `id` bigint(20) NOT NULL,
  `deleted_at` datetime(6) DEFAULT NULL,
  `name` varchar(500) DEFAULT NULL,
  `description` longtext DEFAULT NULL,
  `status` tinyint(1) NOT NULL,
  `created_at` datetime(6) NOT NULL,
  `updated_at` datetime(6) NOT NULL,
  `form_id` bigint(20) NOT NULL
) ENGINE=InnoDB DEFAULT CHARSET=utf8mb4 COLLATE=utf8mb4_general_ci;

--
-- Dumping data for table `_424_groups`
--

INSERT INTO `_424_groups` (`id`, `deleted_at`, `name`, `description`, `status`, `created_at`, `updated_at`, `form_id`) VALUES
(21, NULL, '', '', 1, '2025-06-30 10:00:11.623875', '2025-06-30 10:00:11.623921', 24);

-- --------------------------------------------------------

--
-- Table structure for table `_424_inputs`
--

CREATE TABLE `_424_inputs` (
  `id` bigint(20) NOT NULL,
  `deleted_at` datetime(6) DEFAULT NULL,
  `name` varchar(500) DEFAULT NULL,
  `placeholder` longtext DEFAULT NULL,
  `remark` longtext DEFAULT NULL,
  `required` tinyint(1) NOT NULL,
  `status` tinyint(1) NOT NULL,
  `created_at` datetime(6) NOT NULL,
  `updated_at` datetime(6) NOT NULL,
  `group_id` bigint(20) NOT NULL,
  `input_type_id` bigint(20) NOT NULL
) ENGINE=InnoDB DEFAULT CHARSET=utf8mb4 COLLATE=utf8mb4_general_ci;

--
-- Dumping data for table `_424_inputs`
--

INSERT INTO `_424_inputs` (`id`, `deleted_at`, `name`, `placeholder`, `remark`, `required`, `status`, `created_at`, `updated_at`, `group_id`, `input_type_id`) VALUES
(33, NULL, 'A concept / an idea / an example product / a theorem', '', '', 1, 1, '2025-06-30 10:00:11.626390', '2025-06-30 10:00:11.626461', 21, 1);

-- --------------------------------------------------------

--
-- Table structure for table `_425_btngroups`
--

CREATE TABLE `_425_btngroups` (
  `id` bigint(20) NOT NULL,
  `deleted_at` datetime(6) DEFAULT NULL,
  `name` longtext DEFAULT NULL,
  `description` longtext DEFAULT NULL,
  `status` tinyint(1) NOT NULL,
  `created_at` datetime(6) NOT NULL,
  `updated_at` datetime(6) NOT NULL,
  `form_id` bigint(20) NOT NULL
) ENGINE=InnoDB DEFAULT CHARSET=utf8mb4 COLLATE=utf8mb4_general_ci;

--
-- Dumping data for table `_425_btngroups`
--

INSERT INTO `_425_btngroups` (`id`, `deleted_at`, `name`, `description`, `status`, `created_at`, `updated_at`, `form_id`) VALUES
(17, NULL, 'Outputs: Bloom\'s Taxonomy -Cognitive- K3, and K4 Levels', '', 1, '2025-07-04 08:58:57.071821', '2025-07-04 08:58:57.071846', 25),
(18, NULL, 'Outputs: Bloom\'s Taxonomy - Cognitive - K5, K6, Meta-Cognitive Levels & New Research Ideas', '', 1, '2025-07-04 08:58:57.112596', '2025-07-04 08:58:57.112617', 25);

-- --------------------------------------------------------

--
-- Table structure for table `_425_groups`
--

CREATE TABLE `_425_groups` (
  `id` bigint(20) NOT NULL,
  `deleted_at` datetime(6) DEFAULT NULL,
  `name` varchar(500) DEFAULT NULL,
  `description` longtext DEFAULT NULL,
  `status` tinyint(1) NOT NULL,
  `created_at` datetime(6) NOT NULL,
  `updated_at` datetime(6) NOT NULL,
  `form_id` bigint(20) NOT NULL
) ENGINE=InnoDB DEFAULT CHARSET=utf8mb4 COLLATE=utf8mb4_general_ci;

--
-- Dumping data for table `_425_groups`
--

INSERT INTO `_425_groups` (`id`, `deleted_at`, `name`, `description`, `status`, `created_at`, `updated_at`, `form_id`) VALUES
(9, NULL, '', '', 1, '2025-07-04 08:58:57.055122', '2025-07-04 08:58:57.055171', 25);

-- --------------------------------------------------------

--
-- Table structure for table `_425_inputs`
--

CREATE TABLE `_425_inputs` (
  `id` bigint(20) NOT NULL,
  `deleted_at` datetime(6) DEFAULT NULL,
  `name` varchar(500) DEFAULT NULL,
  `placeholder` longtext DEFAULT NULL,
  `remark` longtext DEFAULT NULL,
  `required` tinyint(1) NOT NULL,
  `status` tinyint(1) NOT NULL,
  `created_at` datetime(6) NOT NULL,
  `updated_at` datetime(6) NOT NULL,
  `group_id` bigint(20) NOT NULL,
  `input_type_id` bigint(20) NOT NULL
) ENGINE=InnoDB DEFAULT CHARSET=utf8mb4 COLLATE=utf8mb4_general_ci;

--
-- Dumping data for table `_425_inputs`
--

INSERT INTO `_425_inputs` (`id`, `deleted_at`, `name`, `placeholder`, `remark`, `required`, `status`, `created_at`, `updated_at`, `group_id`, `input_type_id`) VALUES
(155, NULL, 'Inter-disciplinary Research Topic', '', '', 1, 1, '2025-07-04 08:58:57.056357', '2025-07-04 08:58:57.056378', 9, 1),
(156, NULL, 'Modern Concept Description', '', '', 1, 1, '2025-07-04 08:58:57.057152', '2025-07-04 08:58:57.057169', 9, 1),
(157, NULL, 'Interest Areas in Indian Knowledge System', '', '', 1, 1, '2025-07-04 08:58:57.057950', '2025-07-04 08:58:57.057970', 9, 1),
(158, NULL, 'Researcher\'s Background', '', '', 1, 1, '2025-07-04 08:58:57.058712', '2025-07-04 08:58:57.058732', 9, 1),
(159, NULL, 'Resource Availability', '', '', 1, 1, '2025-07-04 08:58:57.059454', '2025-07-04 08:58:57.059478', 9, 1),
(160, NULL, 'Timeframe for Research', '', '', 1, 1, '2025-07-04 08:58:57.060252', '2025-07-04 08:58:57.060274', 9, 1),
(161, NULL, 'Physical Capabilities and Constraints', '', '', 1, 1, '2025-07-04 08:58:57.061036', '2025-07-04 08:58:57.061058', 9, 1),
(162, NULL, 'Ethical Considerations', '', '', 1, 1, '2025-07-04 08:58:57.061822', '2025-07-04 08:58:57.061844', 9, 1),
(163, NULL, 'Targeted Research Outcome', '', '', 1, 1, '2025-07-04 08:58:57.062608', '2025-07-04 08:58:57.062631', 9, 1),
(164, NULL, 'Preferred Research Methodologies', '', '', 1, 1, '2025-07-04 08:58:57.063384', '2025-07-04 08:58:57.063407', 9, 1),
(165, NULL, 'Collaboration Opportunities', '', '', 1, 1, '2025-07-04 08:58:57.064169', '2025-07-04 08:58:57.064190', 9, 1),
(166, NULL, 'Target Audience/Stakeholders', '', '', 1, 1, '2025-07-04 08:58:57.064946', '2025-07-04 08:58:57.064969', 9, 1),
(167, NULL, 'Cultural and Societal Context', '', '', 1, 1, '2025-07-04 08:58:57.065767', '2025-07-04 08:58:57.065788', 9, 1),
(168, NULL, 'Technological Tools and Support', '', '', 1, 1, '2025-07-04 08:58:57.066542', '2025-07-04 08:58:57.066564', 9, 1),
(169, NULL, 'Historical Research in the Area', '', '', 1, 1, '2025-07-04 08:58:57.067315', '2025-07-04 08:58:57.067337', 9, 1),
(170, NULL, 'Constraints and Limitations', '', '', 1, 1, '2025-07-04 08:58:57.068138', '2025-07-04 08:58:57.068161', 9, 1),
(171, NULL, 'Additional Data - 1: (filename.pdf)', '', '', 1, 1, '2025-07-04 08:58:57.068898', '2025-07-04 08:58:57.068916', 9, 4),
(172, NULL, 'Additional Data - 2: (filename.csv)', '', '', 1, 1, '2025-07-04 08:58:57.069715', '2025-07-04 08:58:57.069737', 9, 5),
(173, NULL, 'Additional data -3: (filename.png)', '', '', 0, 1, '2025-07-04 08:58:57.070692', '2025-07-04 08:58:57.070714', 9, 6);

-- --------------------------------------------------------

--
-- Table structure for table `_426_btngroups`
--

CREATE TABLE `_426_btngroups` (
  `id` bigint(20) NOT NULL,
  `deleted_at` datetime(6) DEFAULT NULL,
  `name` longtext DEFAULT NULL,
  `description` longtext DEFAULT NULL,
  `status` tinyint(1) NOT NULL,
  `created_at` datetime(6) NOT NULL,
  `updated_at` datetime(6) NOT NULL,
  `form_id` bigint(20) NOT NULL
) ENGINE=InnoDB DEFAULT CHARSET=utf8mb4 COLLATE=utf8mb4_general_ci;

--
-- Dumping data for table `_426_btngroups`
--

INSERT INTO `_426_btngroups` (`id`, `deleted_at`, `name`, `description`, `status`, `created_at`, `updated_at`, `form_id`) VALUES
(21, NULL, 'Outputs: Bloom\'s Taxonomy -Cognitive- K3, and K4 Levels', '', 1, '2025-07-22 05:48:41.394024', '2025-07-22 05:48:41.394042', 26),
(22, NULL, 'Outputs: Bloom\'s Taxonomy - Cognitive - K5, K6, Meta-Cognitive Levels & New Research Ideas', '', 1, '2025-07-22 05:48:41.407910', '2025-07-22 05:48:41.407921', 26);

-- --------------------------------------------------------

--
-- Table structure for table `_426_groups`
--

CREATE TABLE `_426_groups` (
  `id` bigint(20) NOT NULL,
  `deleted_at` datetime(6) DEFAULT NULL,
  `name` varchar(500) DEFAULT NULL,
  `description` longtext DEFAULT NULL,
  `status` tinyint(1) NOT NULL,
  `created_at` datetime(6) NOT NULL,
  `updated_at` datetime(6) NOT NULL,
  `form_id` bigint(20) NOT NULL
) ENGINE=InnoDB DEFAULT CHARSET=utf8mb4 COLLATE=utf8mb4_general_ci;

--
-- Dumping data for table `_426_groups`
--

INSERT INTO `_426_groups` (`id`, `deleted_at`, `name`, `description`, `status`, `created_at`, `updated_at`, `form_id`) VALUES
(11, NULL, '', '', 1, '2025-07-22 05:48:41.382478', '2025-07-22 05:48:41.382507', 26);

-- --------------------------------------------------------

--
-- Table structure for table `_426_inputs`
--

CREATE TABLE `_426_inputs` (
  `id` bigint(20) NOT NULL,
  `deleted_at` datetime(6) DEFAULT NULL,
  `name` varchar(500) DEFAULT NULL,
  `placeholder` longtext DEFAULT NULL,
  `remark` longtext DEFAULT NULL,
  `required` tinyint(1) NOT NULL,
  `status` tinyint(1) NOT NULL,
  `created_at` datetime(6) NOT NULL,
  `updated_at` datetime(6) NOT NULL,
  `group_id` bigint(20) NOT NULL,
  `input_type_id` bigint(20) NOT NULL
) ENGINE=InnoDB DEFAULT CHARSET=utf8mb4 COLLATE=utf8mb4_general_ci;

--
-- Dumping data for table `_426_inputs`
--

INSERT INTO `_426_inputs` (`id`, `deleted_at`, `name`, `placeholder`, `remark`, `required`, `status`, `created_at`, `updated_at`, `group_id`, `input_type_id`) VALUES
(191, NULL, 'Tentative Research Problem Statement', '', '', 1, 1, '2025-07-22 05:48:41.383373', '2025-07-22 05:48:41.383389', 11, 1),
(192, NULL, 'Preliminary Research Questions', '', '', 1, 1, '2025-07-22 05:48:41.383966', '2025-07-22 05:48:41.383983', 11, 1),
(193, NULL, 'Draft List of Keywords', '', '', 1, 1, '2025-07-22 05:48:41.384545', '2025-07-22 05:48:41.384561', 11, 1),
(194, NULL, 'Names Databases/Search Engines (JSTOR, PubMed)', '', '', 1, 1, '2025-07-22 05:48:41.385103', '2025-07-22 05:48:41.385117', 11, 1),
(195, NULL, 'Scope of the Review (Geography/Duration etc)', '', '', 1, 1, '2025-07-22 05:48:41.385627', '2025-07-22 05:48:41.385643', 11, 1),
(196, NULL, 'List of Renowned Journals/Publications', '', '', 1, 1, '2025-07-22 05:48:41.386223', '2025-07-22 05:48:41.386239', 11, 1),
(197, NULL, 'Preliminary Theoretical and Conceptual Ideas', '', '', 1, 1, '2025-07-22 05:48:41.386749', '2025-07-22 05:48:41.386762', 11, 1),
(198, NULL, 'Existing Literature Reviews', '', '', 1, 1, '2025-07-22 05:48:41.387240', '2025-07-22 05:48:41.387257', 11, 1),
(199, NULL, 'Reference Management Software Tool', '', '', 1, 1, '2025-07-22 05:48:41.387782', '2025-07-22 05:48:41.387798', 11, 1),
(200, NULL, 'Feedback from Experts', '', '', 1, 1, '2025-07-22 05:48:41.388311', '2025-07-22 05:48:41.388326', 11, 1),
(201, NULL, 'Initial Operational Definitions', '', '', 1, 1, '2025-07-22 05:48:41.388799', '2025-07-22 05:48:41.388811', 11, 1),
(202, NULL, 'Preliminary Statistical Techniques', '', '', 1, 1, '2025-07-22 05:48:41.389318', '2025-07-22 05:48:41.389333', 11, 1),
(203, NULL, 'Preliminary Quantitative Data Sets', '', '', 1, 1, '2025-07-22 05:48:41.390017', '2025-07-22 05:48:41.390036', 11, 1),
(204, NULL, 'Philosophical Frameworks', '', '', 1, 1, '2025-07-22 05:48:41.390513', '2025-07-22 05:48:41.390525', 11, 1),
(205, NULL, 'Previous Qualitative Approaches', '', '', 1, 1, '2025-07-22 05:48:41.391007', '2025-07-22 05:48:41.391023', 11, 1),
(206, NULL, 'Additional Data - 1', '', '', 1, 1, '2025-07-22 05:48:41.391518', '2025-07-22 05:48:41.391533', 11, 1),
(207, NULL, 'Additional Data - 2: (filename.pdf)', '', '', 1, 1, '2025-07-22 05:48:41.392061', '2025-07-22 05:48:41.392078', 11, 4),
(208, NULL, 'Additional Data - 3: (filename.csv)', '', '', 1, 1, '2025-07-22 05:48:41.392574', '2025-07-22 05:48:41.392587', 11, 5),
(209, NULL, 'Additional Data - 4: (filename.csv)', '', '', 1, 1, '2025-07-22 05:48:41.393311', '2025-07-22 05:48:41.393329', 11, 5);

--
-- Indexes for dumped tables
--

--
-- Indexes for table `about_us_page_banner`
--
ALTER TABLE `about_us_page_banner`
  ADD PRIMARY KEY (`id`);

--
-- Indexes for table `about_us_page_ourteam`
--
ALTER TABLE `about_us_page_ourteam`
  ADD PRIMARY KEY (`id`);

--
-- Indexes for table `about_us_page_somethingnew`
--
ALTER TABLE `about_us_page_somethingnew`
  ADD PRIMARY KEY (`id`);

--
-- Indexes for table `about_us_page_values`
--
ALTER TABLE `about_us_page_values`
  ADD PRIMARY KEY (`id`);

--
-- Indexes for table `about_us_page_whychooseus`
--
ALTER TABLE `about_us_page_whychooseus`
  ADD PRIMARY KEY (`id`);

--
-- Indexes for table `app_setup`
--
ALTER TABLE `app_setup`
  ADD PRIMARY KEY (`id`);

--
-- Indexes for table `auth_group`
--
ALTER TABLE `auth_group`
  ADD PRIMARY KEY (`id`),
  ADD UNIQUE KEY `name` (`name`);

--
-- Indexes for table `auth_group_permissions`
--
ALTER TABLE `auth_group_permissions`
  ADD PRIMARY KEY (`id`),
  ADD UNIQUE KEY `auth_group_permissions_group_id_permission_id_0cd325b0_uniq` (`group_id`,`permission_id`),
  ADD KEY `auth_group_permissio_permission_id_84c5c92e_fk_auth_perm` (`permission_id`);

--
-- Indexes for table `auth_permission`
--
ALTER TABLE `auth_permission`
  ADD PRIMARY KEY (`id`),
  ADD UNIQUE KEY `auth_permission_content_type_id_codename_01ab375a_uniq` (`content_type_id`,`codename`);

--
-- Indexes for table `auth_user_groups`
--
ALTER TABLE `auth_user_groups`
  ADD PRIMARY KEY (`id`),
  ADD UNIQUE KEY `auth_user_groups_users_id_group_id_96ff082a_uniq` (`users_id`,`group_id`),
  ADD KEY `auth_user_groups_group_id_97559544_fk_auth_group_id` (`group_id`);

--
-- Indexes for table `auth_user_user_permissions`
--
ALTER TABLE `auth_user_user_permissions`
  ADD PRIMARY KEY (`id`),
  ADD UNIQUE KEY `auth_user_user_permissions_users_id_permission_id_ebdcee77_uniq` (`users_id`,`permission_id`),
  ADD KEY `auth_user_user_permi_permission_id_1fbb5f2c_fk_auth_perm` (`permission_id`);

--
-- Indexes for table `citation_groups`
--
ALTER TABLE `citation_groups`
  ADD PRIMARY KEY (`id`);

--
-- Indexes for table `city`
--
ALTER TABLE `city`
  ADD PRIMARY KEY (`id`),
  ADD UNIQUE KEY `city_name_state_id_e76d1375_uniq` (`name`,`state_id`),
  ADD KEY `city_country_id_ec9de532_fk_country_id` (`country_id`),
  ADD KEY `city_state_id_b686921b_fk_state_id` (`state_id`);

--
-- Indexes for table `contact_us`
--
ALTER TABLE `contact_us`
  ADD PRIMARY KEY (`id`);

--
-- Indexes for table `country`
--
ALTER TABLE `country`
  ADD PRIMARY KEY (`id`),
  ADD UNIQUE KEY `name` (`name`);

--
-- Indexes for table `discount_codes`
--
ALTER TABLE `discount_codes`
  ADD PRIMARY KEY (`id`),
  ADD UNIQUE KEY `name` (`name`);

--
-- Indexes for table `django_admin_log`
--
ALTER TABLE `django_admin_log`
  ADD PRIMARY KEY (`id`),
  ADD KEY `django_admin_log_content_type_id_c4bce8eb_fk_django_co` (`content_type_id`),
  ADD KEY `django_admin_log_user_id_c564eba6_fk_auth_user_id` (`user_id`);

--
-- Indexes for table `django_content_type`
--
ALTER TABLE `django_content_type`
  ADD PRIMARY KEY (`id`),
  ADD UNIQUE KEY `django_content_type_app_label_model_76bd3d3b_uniq` (`app_label`,`model`);

--
-- Indexes for table `django_migrations`
--
ALTER TABLE `django_migrations`
  ADD PRIMARY KEY (`id`);

--
-- Indexes for table `forms`
--
ALTER TABLE `forms`
  ADD PRIMARY KEY (`id`),
  ADD KEY `forms_subtype_id_ec82d63a_fk_subtype_id` (`subtype_id`),
  ADD KEY `forms_type_id_f9556a9a_fk_type_id` (`type_id`);

--
-- Indexes for table `home_page_banner`
--
ALTER TABLE `home_page_banner`
  ADD PRIMARY KEY (`id`);

--
-- Indexes for table `home_page_generateyourresults`
--
ALTER TABLE `home_page_generateyourresults`
  ADD PRIMARY KEY (`id`);

--
-- Indexes for table `home_page_ourfeatures`
--
ALTER TABLE `home_page_ourfeatures`
  ADD PRIMARY KEY (`id`);

--
-- Indexes for table `home_page_socialmedia`
--
ALTER TABLE `home_page_socialmedia`
  ADD PRIMARY KEY (`id`);

--
-- Indexes for table `home_page_workingprocess`
--
ALTER TABLE `home_page_workingprocess`
  ADD PRIMARY KEY (`id`);

--
-- Indexes for table `input_types`
--
ALTER TABLE `input_types`
  ADD PRIMARY KEY (`id`);

--
-- Indexes for table `institute_details`
--
ALTER TABLE `institute_details`
  ADD PRIMARY KEY (`id`),
  ADD UNIQUE KEY `institute_details_user_id_79840c86_uniq` (`user_id`);

--
-- Indexes for table `institute_members`
--
ALTER TABLE `institute_members`
  ADD PRIMARY KEY (`id`),
  ADD UNIQUE KEY `institute_members_institute_id_user_id_5da77979_uniq` (`institute_id`,`user_id`),
  ADD KEY `institute_members_institute_id_4b5db1ad` (`institute_id`),
  ADD KEY `institute_members_user_id_8b7e05e9` (`user_id`);

--
-- Indexes for table `pincode`
--
ALTER TABLE `pincode`
  ADD PRIMARY KEY (`id`),
  ADD UNIQUE KEY `pincode_name_city_id_00e5f679_uniq` (`name`,`city_id`),
  ADD KEY `pincode_city_id_c0930b5a_fk_city_id` (`city_id`),
  ADD KEY `pincode_country_id_f1227f5f_fk_country_id` (`country_id`),
  ADD KEY `pincode_state_id_944940df_fk_state_id` (`state_id`);

--
-- Indexes for table `roles`
--
ALTER TABLE `roles`
  ADD PRIMARY KEY (`id`);

--
-- Indexes for table `state`
--
ALTER TABLE `state`
  ADD PRIMARY KEY (`id`),
  ADD KEY `state_country_id_6b36f831_fk_country_id` (`country_id`);

--
-- Indexes for table `subscription_plans`
--
ALTER TABLE `subscription_plans`
  ADD PRIMARY KEY (`id`),
  ADD KEY `subscription_plans_role_id_8cc00c3c_fk_roles_id` (`role_id`);

--
-- Indexes for table `subscription_plan_details`
--
ALTER TABLE `subscription_plan_details`
  ADD PRIMARY KEY (`id`),
  ADD KEY `subscription_plan_de_subscription_plan_id_a040f4a0_fk_subscript` (`subscription_plan_id`);

--
-- Indexes for table `subtype`
--
ALTER TABLE `subtype`
  ADD PRIMARY KEY (`id`),
  ADD KEY `subtype_type_id_03131749_fk_type_id` (`type_id`);

--
-- Indexes for table `type`
--
ALTER TABLE `type`
  ADD PRIMARY KEY (`id`),
  ADD UNIQUE KEY `name` (`name`);

--
-- Indexes for table `user_reports`
--
ALTER TABLE `user_reports`
  ADD PRIMARY KEY (`id`),
  ADD KEY `user_reports_user_id_7617f51d_fk_auth_user_id` (`user_id`),
  ADD KEY `user_reports_subtype_id_9e1d6aef_fk_subtype_id` (`subtype_id`),
  ADD KEY `user_reports_type_id_61f57bd1_fk_type_id` (`type_id`);

--
-- Indexes for table `user_subscription_details`
--
ALTER TABLE `user_subscription_details`
  ADD PRIMARY KEY (`id`),
  ADD UNIQUE KEY `user_id` (`user_id`);

--
-- Indexes for table `user_subscription_history`
--
ALTER TABLE `user_subscription_history`
  ADD PRIMARY KEY (`id`),
  ADD KEY `user_subscription_history_user_id_b35b052c_fk_auth_user_id` (`user_id`);

--
-- Indexes for table `_11_groups`
--
ALTER TABLE `_11_groups`
  ADD PRIMARY KEY (`id`),
  ADD KEY `_11_groups_form_id_e43b685e_fk_forms_id` (`form_id`);

--
-- Indexes for table `_12_btngroups`
--
ALTER TABLE `_12_btngroups`
  ADD PRIMARY KEY (`id`),
  ADD KEY `_12_btngroups_form_id_5b844f29_fk_forms_id` (`form_id`);

--
-- Indexes for table `_12_groups`
--
ALTER TABLE `_12_groups`
  ADD PRIMARY KEY (`id`),
  ADD KEY `_12_groups_form_id_f6db2516_fk_forms_id` (`form_id`);

--
-- Indexes for table `_12_inputs`
--
ALTER TABLE `_12_inputs`
  ADD PRIMARY KEY (`id`),
  ADD KEY `_12_inputs_input_type_id_11870000_fk_input_types_id` (`input_type_id`),
  ADD KEY `_12_inputs_group_id_a00e11aa_fk__12_groups_id` (`group_id`);

--
-- Indexes for table `_13_groups`
--
ALTER TABLE `_13_groups`
  ADD PRIMARY KEY (`id`),
  ADD UNIQUE KEY `_13_groups_form_id_17603689_uniq` (`form_id`);

--
-- Indexes for table `_24_btngroups`
--
ALTER TABLE `_24_btngroups`
  ADD PRIMARY KEY (`id`),
  ADD UNIQUE KEY `form_id` (`form_id`);

--
-- Indexes for table `_24_groups`
--
ALTER TABLE `_24_groups`
  ADD PRIMARY KEY (`id`),
  ADD KEY `_24_groups_form_id_efa20e93_fk_forms_id` (`form_id`);

--
-- Indexes for table `_24_inputs`
--
ALTER TABLE `_24_inputs`
  ADD PRIMARY KEY (`id`),
  ADD KEY `_24_inputs_group_id_b980f422_fk__24_groups_id` (`group_id`),
  ADD KEY `_24_inputs_input_type_id_d9936a00_fk_input_types_id` (`input_type_id`);

--
-- Indexes for table `_25_btngroups`
--
ALTER TABLE `_25_btngroups`
  ADD PRIMARY KEY (`id`),
  ADD UNIQUE KEY `form_id` (`form_id`);

--
-- Indexes for table `_25_groups`
--
ALTER TABLE `_25_groups`
  ADD PRIMARY KEY (`id`),
  ADD KEY `_25_groups_form_id_8cdcd3c1_fk_forms_id` (`form_id`);

--
-- Indexes for table `_25_inputs`
--
ALTER TABLE `_25_inputs`
  ADD PRIMARY KEY (`id`),
  ADD KEY `_25_inputs_group_id_d92d44ba_fk__25_groups_id` (`group_id`),
  ADD KEY `_25_inputs_input_type_id_0490b1d2_fk_input_types_id` (`input_type_id`);

--
-- Indexes for table `_26_groups`
--
ALTER TABLE `_26_groups`
  ADD PRIMARY KEY (`id`),
  ADD KEY `_26_groups_menu_id_3f7b831d_fk__26_menu_id` (`menu_id`);

--
-- Indexes for table `_26_menu`
--
ALTER TABLE `_26_menu`
  ADD PRIMARY KEY (`id`),
  ADD KEY `_26_menu_form_id_f287793f_fk_forms_id` (`form_id`);

--
-- Indexes for table `_27_groups`
--
ALTER TABLE `_27_groups`
  ADD PRIMARY KEY (`id`),
  ADD KEY `_27_groups_menu_id_4db86455_fk__27_menu_id` (`menu_id`);

--
-- Indexes for table `_27_menu`
--
ALTER TABLE `_27_menu`
  ADD PRIMARY KEY (`id`),
  ADD KEY `_27_menu_form_id_3bd36e84_fk_forms_id` (`form_id`);

--
-- Indexes for table `_38_btngroups`
--
ALTER TABLE `_38_btngroups`
  ADD PRIMARY KEY (`id`),
  ADD KEY `_38_btngroups_form_id_0568d1e0_fk_forms_id` (`form_id`);

--
-- Indexes for table `_38_groups`
--
ALTER TABLE `_38_groups`
  ADD PRIMARY KEY (`id`),
  ADD KEY `_38_groups_form_id_aa1a238a_fk_forms_id` (`form_id`);

--
-- Indexes for table `_38_inputs`
--
ALTER TABLE `_38_inputs`
  ADD PRIMARY KEY (`id`),
  ADD KEY `_38_inputs_group_id_f7c10329_fk__38_groups_id` (`group_id`),
  ADD KEY `_38_inputs_input_type_id_829a35b8_fk_input_types_id` (`input_type_id`);

--
-- Indexes for table `_39_btngroups`
--
ALTER TABLE `_39_btngroups`
  ADD PRIMARY KEY (`id`),
  ADD KEY `_39_btngroups_form_id_1a835270_fk_forms_id` (`form_id`);

--
-- Indexes for table `_39_groups`
--
ALTER TABLE `_39_groups`
  ADD PRIMARY KEY (`id`),
  ADD KEY `_39_groups_form_id_7f016373_fk_forms_id` (`form_id`);

--
-- Indexes for table `_39_inputs`
--
ALTER TABLE `_39_inputs`
  ADD PRIMARY KEY (`id`),
  ADD KEY `_39_inputs_group_id_8f2919cb_fk__39_groups_id` (`group_id`),
  ADD KEY `_39_inputs_input_type_id_e3a0e4c6_fk_input_types_id` (`input_type_id`);

--
-- Indexes for table `_228_btngroups`
--
ALTER TABLE `_228_btngroups`
  ADD PRIMARY KEY (`id`),
  ADD KEY `_228_btngroups_form_id_6d244901_fk_forms_id` (`form_id`);

--
-- Indexes for table `_228_groups`
--
ALTER TABLE `_228_groups`
  ADD PRIMARY KEY (`id`),
  ADD KEY `_228_groups_form_id_730dacc1_fk_forms_id` (`form_id`);

--
-- Indexes for table `_228_inputs`
--
ALTER TABLE `_228_inputs`
  ADD PRIMARY KEY (`id`),
  ADD KEY `_228_inputs_group_id_f95fa7ef_fk__228_groups_id` (`group_id`),
  ADD KEY `_228_inputs_input_type_id_eeeb675c_fk_input_types_id` (`input_type_id`);

--
-- Indexes for table `_310_btngroups`
--
ALTER TABLE `_310_btngroups`
  ADD PRIMARY KEY (`id`),
  ADD KEY `_310_btngroups_form_id_a17104d6_fk_forms_id` (`form_id`);

--
-- Indexes for table `_310_groups`
--
ALTER TABLE `_310_groups`
  ADD PRIMARY KEY (`id`),
  ADD KEY `_310_groups_form_id_b409d260_fk_forms_id` (`form_id`);

--
-- Indexes for table `_310_inputs`
--
ALTER TABLE `_310_inputs`
  ADD PRIMARY KEY (`id`),
  ADD KEY `_310_inputs_group_id_d9e70c2c_fk__310_groups_id` (`group_id`),
  ADD KEY `_310_inputs_input_type_id_1d4ef128_fk_input_types_id` (`input_type_id`);

--
-- Indexes for table `_311_btngroups`
--
ALTER TABLE `_311_btngroups`
  ADD PRIMARY KEY (`id`),
  ADD KEY `_311_btngroups_form_id_371505e0_fk_forms_id` (`form_id`);

--
-- Indexes for table `_311_groups`
--
ALTER TABLE `_311_groups`
  ADD PRIMARY KEY (`id`),
  ADD KEY `_311_groups_form_id_32c5aeac_fk_forms_id` (`form_id`);

--
-- Indexes for table `_311_inputs`
--
ALTER TABLE `_311_inputs`
  ADD PRIMARY KEY (`id`),
  ADD KEY `_311_inputs_group_id_24749926_fk__311_groups_id` (`group_id`),
  ADD KEY `_311_inputs_input_type_id_35a7fc8a_fk_input_types_id` (`input_type_id`);

--
-- Indexes for table `_312_btngroups`
--
ALTER TABLE `_312_btngroups`
  ADD PRIMARY KEY (`id`),
  ADD KEY `_312_btngroups_form_id_dace006e_fk_forms_id` (`form_id`);

--
-- Indexes for table `_312_groups`
--
ALTER TABLE `_312_groups`
  ADD PRIMARY KEY (`id`),
  ADD KEY `_312_groups_form_id_2bf57e47_fk_forms_id` (`form_id`);

--
-- Indexes for table `_312_inputs`
--
ALTER TABLE `_312_inputs`
  ADD PRIMARY KEY (`id`),
  ADD KEY `_312_inputs_group_id_493cdf70_fk__312_groups_id` (`group_id`),
  ADD KEY `_312_inputs_input_type_id_6e8080e5_fk_input_types_id` (`input_type_id`);

--
-- Indexes for table `_313_btngroups`
--
ALTER TABLE `_313_btngroups`
  ADD PRIMARY KEY (`id`),
  ADD KEY `_313_btngroups_form_id_adc2aa1f_fk_forms_id` (`form_id`);

--
-- Indexes for table `_313_groups`
--
ALTER TABLE `_313_groups`
  ADD PRIMARY KEY (`id`),
  ADD KEY `_313_groups_form_id_84a3f903_fk_forms_id` (`form_id`);

--
-- Indexes for table `_313_inputs`
--
ALTER TABLE `_313_inputs`
  ADD PRIMARY KEY (`id`),
  ADD KEY `_313_inputs_group_id_4731184e_fk__313_groups_id` (`group_id`),
  ADD KEY `_313_inputs_input_type_id_1ccc6cf4_fk_input_types_id` (`input_type_id`);

--
-- Indexes for table `_314_btngroups`
--
ALTER TABLE `_314_btngroups`
  ADD PRIMARY KEY (`id`),
  ADD KEY `_314_btngroups_form_id_054bfb0e_fk_forms_id` (`form_id`);

--
-- Indexes for table `_314_groups`
--
ALTER TABLE `_314_groups`
  ADD PRIMARY KEY (`id`),
  ADD KEY `_314_groups_form_id_ab3e873e_fk_forms_id` (`form_id`);

--
-- Indexes for table `_314_inputs`
--
ALTER TABLE `_314_inputs`
  ADD PRIMARY KEY (`id`),
  ADD KEY `_314_inputs_group_id_d3f40afa_fk__314_groups_id` (`group_id`),
  ADD KEY `_314_inputs_input_type_id_7c267f99_fk_input_types_id` (`input_type_id`);

--
-- Indexes for table `_315_btngroups`
--
ALTER TABLE `_315_btngroups`
  ADD PRIMARY KEY (`id`),
  ADD KEY `_315_btngroups_form_id_c2241c47_fk_forms_id` (`form_id`);

--
-- Indexes for table `_315_groups`
--
ALTER TABLE `_315_groups`
  ADD PRIMARY KEY (`id`),
  ADD KEY `_315_groups_form_id_109467d9_fk_forms_id` (`form_id`);

--
-- Indexes for table `_315_inputs`
--
ALTER TABLE `_315_inputs`
  ADD PRIMARY KEY (`id`),
  ADD KEY `_315_inputs_group_id_a0ac9f82_fk__315_groups_id` (`group_id`),
  ADD KEY `_315_inputs_input_type_id_acca5735_fk_input_types_id` (`input_type_id`);

--
-- Indexes for table `_316_btngroups`
--
ALTER TABLE `_316_btngroups`
  ADD PRIMARY KEY (`id`),
  ADD KEY `_316_btngroups_form_id_2112dcad_fk_forms_id` (`form_id`);

--
-- Indexes for table `_316_groups`
--
ALTER TABLE `_316_groups`
  ADD PRIMARY KEY (`id`),
  ADD KEY `_316_groups_form_id_4dea0c08_fk_forms_id` (`form_id`);

--
-- Indexes for table `_316_inputs`
--
ALTER TABLE `_316_inputs`
  ADD PRIMARY KEY (`id`),
  ADD KEY `_316_inputs_group_id_9e82fd65_fk__316_groups_id` (`group_id`),
  ADD KEY `_316_inputs_input_type_id_f87b5322_fk_input_types_id` (`input_type_id`);

--
-- Indexes for table `_317_btngroups`
--
ALTER TABLE `_317_btngroups`
  ADD PRIMARY KEY (`id`),
  ADD KEY `_317_btngroups_form_id_2f5636bf_fk_forms_id` (`form_id`);

--
-- Indexes for table `_317_groups`
--
ALTER TABLE `_317_groups`
  ADD PRIMARY KEY (`id`),
  ADD KEY `_317_groups_form_id_4b895a39_fk_forms_id` (`form_id`);

--
-- Indexes for table `_317_inputs`
--
ALTER TABLE `_317_inputs`
  ADD PRIMARY KEY (`id`),
  ADD KEY `_317_inputs_group_id_f5f2275d_fk__317_groups_id` (`group_id`),
  ADD KEY `_317_inputs_input_type_id_06d2d4a4_fk_input_types_id` (`input_type_id`);

--
-- Indexes for table `_318_btngroups`
--
ALTER TABLE `_318_btngroups`
  ADD PRIMARY KEY (`id`),
  ADD KEY `_318_btngroups_form_id_9f2ceba8_fk_forms_id` (`form_id`);

--
-- Indexes for table `_318_groups`
--
ALTER TABLE `_318_groups`
  ADD PRIMARY KEY (`id`),
  ADD KEY `_318_groups_form_id_c316ef88_fk_forms_id` (`form_id`);

--
-- Indexes for table `_318_inputs`
--
ALTER TABLE `_318_inputs`
  ADD PRIMARY KEY (`id`),
  ADD KEY `_318_inputs_group_id_929df23b_fk__318_groups_id` (`group_id`),
  ADD KEY `_318_inputs_input_type_id_893c64cc_fk_input_types_id` (`input_type_id`);

--
-- Indexes for table `_319_btngroups`
--
ALTER TABLE `_319_btngroups`
  ADD PRIMARY KEY (`id`),
  ADD KEY `_319_btngroups_form_id_2203510e_fk_forms_id` (`form_id`);

--
-- Indexes for table `_319_groups`
--
ALTER TABLE `_319_groups`
  ADD PRIMARY KEY (`id`),
  ADD KEY `_319_groups_form_id_f26ebdca_fk_forms_id` (`form_id`);

--
-- Indexes for table `_319_inputs`
--
ALTER TABLE `_319_inputs`
  ADD PRIMARY KEY (`id`),
  ADD KEY `_319_inputs_group_id_59b2eee8_fk__319_groups_id` (`group_id`),
  ADD KEY `_319_inputs_input_type_id_6f9f9b9d_fk_input_types_id` (`input_type_id`);

--
-- Indexes for table `_320_btngroups`
--
ALTER TABLE `_320_btngroups`
  ADD PRIMARY KEY (`id`),
  ADD KEY `_320_btngroups_form_id_00eca10a_fk_forms_id` (`form_id`);

--
-- Indexes for table `_320_groups`
--
ALTER TABLE `_320_groups`
  ADD PRIMARY KEY (`id`),
  ADD KEY `_320_groups_form_id_56ff758b_fk_forms_id` (`form_id`);

--
-- Indexes for table `_320_inputs`
--
ALTER TABLE `_320_inputs`
  ADD PRIMARY KEY (`id`),
  ADD KEY `_320_inputs_group_id_d29c3280_fk__320_groups_id` (`group_id`),
  ADD KEY `_320_inputs_input_type_id_8144a1e3_fk_input_types_id` (`input_type_id`);

--
-- Indexes for table `_321_btngroups`
--
ALTER TABLE `_321_btngroups`
  ADD PRIMARY KEY (`id`),
  ADD KEY `_321_btngroups_form_id_71c70490_fk_forms_id` (`form_id`);

--
-- Indexes for table `_321_groups`
--
ALTER TABLE `_321_groups`
  ADD PRIMARY KEY (`id`),
  ADD KEY `_321_groups_form_id_b36dc29b_fk_forms_id` (`form_id`);

--
-- Indexes for table `_321_inputs`
--
ALTER TABLE `_321_inputs`
  ADD PRIMARY KEY (`id`),
  ADD KEY `_321_inputs_group_id_dc067fb0_fk__321_groups_id` (`group_id`),
  ADD KEY `_321_inputs_input_type_id_d30278ef_fk_input_types_id` (`input_type_id`);

--
-- Indexes for table `_322_btngroups`
--
ALTER TABLE `_322_btngroups`
  ADD PRIMARY KEY (`id`),
  ADD KEY `_322_btngroups_form_id_0626ca01_fk_forms_id` (`form_id`);

--
-- Indexes for table `_322_groups`
--
ALTER TABLE `_322_groups`
  ADD PRIMARY KEY (`id`),
  ADD KEY `_322_groups_form_id_1c789707_fk_forms_id` (`form_id`);

--
-- Indexes for table `_322_inputs`
--
ALTER TABLE `_322_inputs`
  ADD PRIMARY KEY (`id`),
  ADD KEY `_322_inputs_group_id_3bc2d9b3_fk__322_groups_id` (`group_id`),
  ADD KEY `_322_inputs_input_type_id_9820a2b2_fk_input_types_id` (`input_type_id`);

--
-- Indexes for table `_327_btngroups`
--
ALTER TABLE `_327_btngroups`
  ADD PRIMARY KEY (`id`),
  ADD KEY `_327_btngroups_form_id_195e4093_fk_forms_id` (`form_id`);

--
-- Indexes for table `_327_groups`
--
ALTER TABLE `_327_groups`
  ADD PRIMARY KEY (`id`),
  ADD KEY `_327_groups_form_id_c11fe5c2_fk_forms_id` (`form_id`);

--
-- Indexes for table `_327_inputs`
--
ALTER TABLE `_327_inputs`
  ADD PRIMARY KEY (`id`),
  ADD KEY `_327_inputs_group_id_f9d07fc3_fk__327_groups_id` (`group_id`),
  ADD KEY `_327_inputs_input_type_id_17743667_fk_input_types_id` (`input_type_id`);

--
-- Indexes for table `_423_btngroups`
--
ALTER TABLE `_423_btngroups`
  ADD PRIMARY KEY (`id`),
  ADD KEY `_423_btngroups_form_id_cf77922d_fk_forms_id` (`form_id`);

--
-- Indexes for table `_423_groups`
--
ALTER TABLE `_423_groups`
  ADD PRIMARY KEY (`id`),
  ADD KEY `_423_groups_form_id_43321053_fk_forms_id` (`form_id`);

--
-- Indexes for table `_423_inputs`
--
ALTER TABLE `_423_inputs`
  ADD PRIMARY KEY (`id`),
  ADD KEY `_423_inputs_group_id_5ab8e987_fk__423_groups_id` (`group_id`),
  ADD KEY `_423_inputs_input_type_id_305e3894_fk_input_types_id` (`input_type_id`);

--
-- Indexes for table `_424_btngroups`
--
ALTER TABLE `_424_btngroups`
  ADD PRIMARY KEY (`id`),
  ADD KEY `_424_btngroups_form_id_9e53e44a_fk_forms_id` (`form_id`);

--
-- Indexes for table `_424_groups`
--
ALTER TABLE `_424_groups`
  ADD PRIMARY KEY (`id`),
  ADD KEY `_424_groups_form_id_6f7f78b4_fk_forms_id` (`form_id`);

--
-- Indexes for table `_424_inputs`
--
ALTER TABLE `_424_inputs`
  ADD PRIMARY KEY (`id`),
  ADD KEY `_424_inputs_group_id_971a10d2_fk__424_groups_id` (`group_id`),
  ADD KEY `_424_inputs_input_type_id_9aab13bf_fk_input_types_id` (`input_type_id`);

--
-- Indexes for table `_425_btngroups`
--
ALTER TABLE `_425_btngroups`
  ADD PRIMARY KEY (`id`),
  ADD KEY `_425_btngroups_form_id_e0e1ecc7_fk_forms_id` (`form_id`);

--
-- Indexes for table `_425_groups`
--
ALTER TABLE `_425_groups`
  ADD PRIMARY KEY (`id`),
  ADD KEY `_425_groups_form_id_a8a1dc00_fk_forms_id` (`form_id`);

--
-- Indexes for table `_425_inputs`
--
ALTER TABLE `_425_inputs`
  ADD PRIMARY KEY (`id`),
  ADD KEY `_425_inputs_group_id_118b8a73_fk__425_groups_id` (`group_id`),
  ADD KEY `_425_inputs_input_type_id_0dcc30de_fk_input_types_id` (`input_type_id`);

--
-- Indexes for table `_426_btngroups`
--
ALTER TABLE `_426_btngroups`
  ADD PRIMARY KEY (`id`),
  ADD KEY `_426_btngroups_form_id_35c8fdc2_fk_forms_id` (`form_id`);

--
-- Indexes for table `_426_groups`
--
ALTER TABLE `_426_groups`
  ADD PRIMARY KEY (`id`),
  ADD KEY `_426_groups_form_id_a8e8f837_fk_forms_id` (`form_id`);

--
-- Indexes for table `_426_inputs`
--
ALTER TABLE `_426_inputs`
  ADD PRIMARY KEY (`id`),
  ADD KEY `_426_inputs_group_id_8d862015_fk__426_groups_id` (`group_id`),
  ADD KEY `_426_inputs_input_type_id_a2303d6a_fk_input_types_id` (`input_type_id`);

--
-- AUTO_INCREMENT for dumped tables
--

--
-- AUTO_INCREMENT for table `about_us_page_banner`
--
ALTER TABLE `about_us_page_banner`
  MODIFY `id` bigint(20) NOT NULL AUTO_INCREMENT, AUTO_INCREMENT=2;

--
-- AUTO_INCREMENT for table `about_us_page_ourteam`
--
ALTER TABLE `about_us_page_ourteam`
  MODIFY `id` bigint(20) NOT NULL AUTO_INCREMENT;

--
-- AUTO_INCREMENT for table `about_us_page_somethingnew`
--
ALTER TABLE `about_us_page_somethingnew`
  MODIFY `id` bigint(20) NOT NULL AUTO_INCREMENT, AUTO_INCREMENT=2;

--
-- AUTO_INCREMENT for table `about_us_page_values`
--
ALTER TABLE `about_us_page_values`
  MODIFY `id` bigint(20) NOT NULL AUTO_INCREMENT;

--
-- AUTO_INCREMENT for table `about_us_page_whychooseus`
--
ALTER TABLE `about_us_page_whychooseus`
  MODIFY `id` bigint(20) NOT NULL AUTO_INCREMENT;

--
-- AUTO_INCREMENT for table `app_setup`
--
ALTER TABLE `app_setup`
  MODIFY `id` bigint(20) NOT NULL AUTO_INCREMENT, AUTO_INCREMENT=2;

--
-- AUTO_INCREMENT for table `auth_group`
--
ALTER TABLE `auth_group`
  MODIFY `id` int(11) NOT NULL AUTO_INCREMENT;

--
-- AUTO_INCREMENT for table `auth_group_permissions`
--
ALTER TABLE `auth_group_permissions`
  MODIFY `id` bigint(20) NOT NULL AUTO_INCREMENT;

--
-- AUTO_INCREMENT for table `auth_permission`
--
ALTER TABLE `auth_permission`
  MODIFY `id` int(11) NOT NULL AUTO_INCREMENT, AUTO_INCREMENT=581;

--
-- AUTO_INCREMENT for table `auth_user_groups`
--
ALTER TABLE `auth_user_groups`
  MODIFY `id` bigint(20) NOT NULL AUTO_INCREMENT;

--
-- AUTO_INCREMENT for table `auth_user_user_permissions`
--
ALTER TABLE `auth_user_user_permissions`
  MODIFY `id` bigint(20) NOT NULL AUTO_INCREMENT;

--
-- AUTO_INCREMENT for table `citation_groups`
--
ALTER TABLE `citation_groups`
  MODIFY `id` bigint(20) NOT NULL AUTO_INCREMENT, AUTO_INCREMENT=5;

--
-- AUTO_INCREMENT for table `city`
--
ALTER TABLE `city`
  MODIFY `id` bigint(20) NOT NULL AUTO_INCREMENT;

--
-- AUTO_INCREMENT for table `contact_us`
--
ALTER TABLE `contact_us`
  MODIFY `id` bigint(20) NOT NULL AUTO_INCREMENT;

--
-- AUTO_INCREMENT for table `country`
--
ALTER TABLE `country`
  MODIFY `id` bigint(20) NOT NULL AUTO_INCREMENT;

--
-- AUTO_INCREMENT for table `discount_codes`
--
ALTER TABLE `discount_codes`
  MODIFY `id` bigint(20) NOT NULL AUTO_INCREMENT;

--
-- AUTO_INCREMENT for table `django_admin_log`
--
ALTER TABLE `django_admin_log`
  MODIFY `id` int(11) NOT NULL AUTO_INCREMENT;

--
-- AUTO_INCREMENT for table `django_content_type`
--
ALTER TABLE `django_content_type`
  MODIFY `id` int(11) NOT NULL AUTO_INCREMENT, AUTO_INCREMENT=146;

--
-- AUTO_INCREMENT for table `django_migrations`
--
ALTER TABLE `django_migrations`
  MODIFY `id` bigint(20) NOT NULL AUTO_INCREMENT, AUTO_INCREMENT=196;

--
-- AUTO_INCREMENT for table `forms`
--
ALTER TABLE `forms`
  MODIFY `id` bigint(20) NOT NULL AUTO_INCREMENT, AUTO_INCREMENT=29;

--
-- AUTO_INCREMENT for table `home_page_banner`
--
ALTER TABLE `home_page_banner`
  MODIFY `id` bigint(20) NOT NULL AUTO_INCREMENT, AUTO_INCREMENT=2;

--
-- AUTO_INCREMENT for table `home_page_generateyourresults`
--
ALTER TABLE `home_page_generateyourresults`
  MODIFY `id` bigint(20) NOT NULL AUTO_INCREMENT, AUTO_INCREMENT=4;

--
-- AUTO_INCREMENT for table `home_page_ourfeatures`
--
ALTER TABLE `home_page_ourfeatures`
  MODIFY `id` bigint(20) NOT NULL AUTO_INCREMENT, AUTO_INCREMENT=5;

--
-- AUTO_INCREMENT for table `home_page_socialmedia`
--
ALTER TABLE `home_page_socialmedia`
  MODIFY `id` bigint(20) NOT NULL AUTO_INCREMENT;

--
-- AUTO_INCREMENT for table `home_page_workingprocess`
--
ALTER TABLE `home_page_workingprocess`
  MODIFY `id` bigint(20) NOT NULL AUTO_INCREMENT;

--
-- AUTO_INCREMENT for table `input_types`
--
ALTER TABLE `input_types`
  MODIFY `id` bigint(20) NOT NULL AUTO_INCREMENT, AUTO_INCREMENT=7;

--
-- AUTO_INCREMENT for table `institute_details`
--
ALTER TABLE `institute_details`
  MODIFY `id` bigint(20) NOT NULL AUTO_INCREMENT;

--
-- AUTO_INCREMENT for table `institute_members`
--
ALTER TABLE `institute_members`
  MODIFY `id` bigint(20) NOT NULL AUTO_INCREMENT;

--
-- AUTO_INCREMENT for table `pincode`
--
ALTER TABLE `pincode`
  MODIFY `id` bigint(20) NOT NULL AUTO_INCREMENT;

--
-- AUTO_INCREMENT for table `roles`
--
ALTER TABLE `roles`
  MODIFY `id` bigint(20) NOT NULL AUTO_INCREMENT, AUTO_INCREMENT=5;

--
-- AUTO_INCREMENT for table `state`
--
ALTER TABLE `state`
  MODIFY `id` bigint(20) NOT NULL AUTO_INCREMENT;

--
-- AUTO_INCREMENT for table `subscription_plans`
--
ALTER TABLE `subscription_plans`
  MODIFY `id` bigint(20) NOT NULL AUTO_INCREMENT, AUTO_INCREMENT=4;

--
-- AUTO_INCREMENT for table `subscription_plan_details`
--
ALTER TABLE `subscription_plan_details`
  MODIFY `id` bigint(20) NOT NULL AUTO_INCREMENT;

--
-- AUTO_INCREMENT for table `subtype`
--
ALTER TABLE `subtype`
  MODIFY `id` bigint(20) NOT NULL AUTO_INCREMENT, AUTO_INCREMENT=29;

--
-- AUTO_INCREMENT for table `type`
--
ALTER TABLE `type`
  MODIFY `id` bigint(20) NOT NULL AUTO_INCREMENT, AUTO_INCREMENT=5;

--
-- AUTO_INCREMENT for table `user_reports`
--
ALTER TABLE `user_reports`
  MODIFY `id` bigint(20) NOT NULL AUTO_INCREMENT, AUTO_INCREMENT=3;

--
-- AUTO_INCREMENT for table `user_subscription_details`
--
ALTER TABLE `user_subscription_details`
  MODIFY `id` bigint(20) NOT NULL AUTO_INCREMENT, AUTO_INCREMENT=2;

--
-- AUTO_INCREMENT for table `user_subscription_history`
--
ALTER TABLE `user_subscription_history`
  MODIFY `id` bigint(20) NOT NULL AUTO_INCREMENT;

--
-- AUTO_INCREMENT for table `_11_groups`
--
ALTER TABLE `_11_groups`
  MODIFY `id` bigint(20) NOT NULL AUTO_INCREMENT, AUTO_INCREMENT=134;

--
-- AUTO_INCREMENT for table `_12_btngroups`
--
ALTER TABLE `_12_btngroups`
  MODIFY `id` bigint(20) NOT NULL AUTO_INCREMENT, AUTO_INCREMENT=56;

--
-- AUTO_INCREMENT for table `_12_groups`
--
ALTER TABLE `_12_groups`
  MODIFY `id` bigint(20) NOT NULL AUTO_INCREMENT, AUTO_INCREMENT=57;

--
-- AUTO_INCREMENT for table `_12_inputs`
--
ALTER TABLE `_12_inputs`
  MODIFY `id` bigint(20) NOT NULL AUTO_INCREMENT, AUTO_INCREMENT=169;

--
-- AUTO_INCREMENT for table `_13_groups`
--
ALTER TABLE `_13_groups`
  MODIFY `id` bigint(20) NOT NULL AUTO_INCREMENT, AUTO_INCREMENT=29;

--
-- AUTO_INCREMENT for table `_24_btngroups`
--
ALTER TABLE `_24_btngroups`
  MODIFY `id` bigint(20) NOT NULL AUTO_INCREMENT, AUTO_INCREMENT=34;

--
-- AUTO_INCREMENT for table `_24_groups`
--
ALTER TABLE `_24_groups`
  MODIFY `id` bigint(20) NOT NULL AUTO_INCREMENT, AUTO_INCREMENT=75;

--
-- AUTO_INCREMENT for table `_24_inputs`
--
ALTER TABLE `_24_inputs`
  MODIFY `id` bigint(20) NOT NULL AUTO_INCREMENT, AUTO_INCREMENT=408;

--
-- AUTO_INCREMENT for table `_25_btngroups`
--
ALTER TABLE `_25_btngroups`
  MODIFY `id` bigint(20) NOT NULL AUTO_INCREMENT, AUTO_INCREMENT=12;

--
-- AUTO_INCREMENT for table `_25_groups`
--
ALTER TABLE `_25_groups`
  MODIFY `id` bigint(20) NOT NULL AUTO_INCREMENT, AUTO_INCREMENT=12;

--
-- AUTO_INCREMENT for table `_25_inputs`
--
ALTER TABLE `_25_inputs`
  MODIFY `id` bigint(20) NOT NULL AUTO_INCREMENT, AUTO_INCREMENT=56;

--
-- AUTO_INCREMENT for table `_26_groups`
--
ALTER TABLE `_26_groups`
  MODIFY `id` bigint(20) NOT NULL AUTO_INCREMENT, AUTO_INCREMENT=837;

--
-- AUTO_INCREMENT for table `_26_menu`
--
ALTER TABLE `_26_menu`
  MODIFY `id` bigint(20) NOT NULL AUTO_INCREMENT, AUTO_INCREMENT=282;

--
-- AUTO_INCREMENT for table `_27_groups`
--
ALTER TABLE `_27_groups`
  MODIFY `id` bigint(20) NOT NULL AUTO_INCREMENT, AUTO_INCREMENT=552;

--
-- AUTO_INCREMENT for table `_27_menu`
--
ALTER TABLE `_27_menu`
  MODIFY `id` bigint(20) NOT NULL AUTO_INCREMENT, AUTO_INCREMENT=143;

--
-- AUTO_INCREMENT for table `_38_btngroups`
--
ALTER TABLE `_38_btngroups`
  MODIFY `id` bigint(20) NOT NULL AUTO_INCREMENT, AUTO_INCREMENT=114;

--
-- AUTO_INCREMENT for table `_38_groups`
--
ALTER TABLE `_38_groups`
  MODIFY `id` bigint(20) NOT NULL AUTO_INCREMENT, AUTO_INCREMENT=87;

--
-- AUTO_INCREMENT for table `_38_inputs`
--
ALTER TABLE `_38_inputs`
  MODIFY `id` bigint(20) NOT NULL AUTO_INCREMENT, AUTO_INCREMENT=1276;

--
-- AUTO_INCREMENT for table `_39_btngroups`
--
ALTER TABLE `_39_btngroups`
  MODIFY `id` bigint(20) NOT NULL AUTO_INCREMENT, AUTO_INCREMENT=19;

--
-- AUTO_INCREMENT for table `_39_groups`
--
ALTER TABLE `_39_groups`
  MODIFY `id` bigint(20) NOT NULL AUTO_INCREMENT, AUTO_INCREMENT=10;

--
-- AUTO_INCREMENT for table `_39_inputs`
--
ALTER TABLE `_39_inputs`
  MODIFY `id` bigint(20) NOT NULL AUTO_INCREMENT, AUTO_INCREMENT=172;

--
-- AUTO_INCREMENT for table `_228_btngroups`
--
ALTER TABLE `_228_btngroups`
  MODIFY `id` bigint(20) NOT NULL AUTO_INCREMENT, AUTO_INCREMENT=23;

--
-- AUTO_INCREMENT for table `_228_groups`
--
ALTER TABLE `_228_groups`
  MODIFY `id` bigint(20) NOT NULL AUTO_INCREMENT, AUTO_INCREMENT=12;

--
-- AUTO_INCREMENT for table `_228_inputs`
--
ALTER TABLE `_228_inputs`
  MODIFY `id` bigint(20) NOT NULL AUTO_INCREMENT, AUTO_INCREMENT=210;

--
-- AUTO_INCREMENT for table `_310_btngroups`
--
ALTER TABLE `_310_btngroups`
  MODIFY `id` bigint(20) NOT NULL AUTO_INCREMENT, AUTO_INCREMENT=13;

--
-- AUTO_INCREMENT for table `_310_groups`
--
ALTER TABLE `_310_groups`
  MODIFY `id` bigint(20) NOT NULL AUTO_INCREMENT, AUTO_INCREMENT=7;

--
-- AUTO_INCREMENT for table `_310_inputs`
--
ALTER TABLE `_310_inputs`
  MODIFY `id` bigint(20) NOT NULL AUTO_INCREMENT, AUTO_INCREMENT=115;

--
-- AUTO_INCREMENT for table `_311_btngroups`
--
ALTER TABLE `_311_btngroups`
  MODIFY `id` bigint(20) NOT NULL AUTO_INCREMENT, AUTO_INCREMENT=11;

--
-- AUTO_INCREMENT for table `_311_groups`
--
ALTER TABLE `_311_groups`
  MODIFY `id` bigint(20) NOT NULL AUTO_INCREMENT, AUTO_INCREMENT=6;

--
-- AUTO_INCREMENT for table `_311_inputs`
--
ALTER TABLE `_311_inputs`
  MODIFY `id` bigint(20) NOT NULL AUTO_INCREMENT, AUTO_INCREMENT=96;

--
-- AUTO_INCREMENT for table `_312_btngroups`
--
ALTER TABLE `_312_btngroups`
  MODIFY `id` bigint(20) NOT NULL AUTO_INCREMENT, AUTO_INCREMENT=21;

--
-- AUTO_INCREMENT for table `_312_groups`
--
ALTER TABLE `_312_groups`
  MODIFY `id` bigint(20) NOT NULL AUTO_INCREMENT, AUTO_INCREMENT=11;

--
-- AUTO_INCREMENT for table `_312_inputs`
--
ALTER TABLE `_312_inputs`
  MODIFY `id` bigint(20) NOT NULL AUTO_INCREMENT, AUTO_INCREMENT=196;

--
-- AUTO_INCREMENT for table `_313_btngroups`
--
ALTER TABLE `_313_btngroups`
  MODIFY `id` bigint(20) NOT NULL AUTO_INCREMENT, AUTO_INCREMENT=19;

--
-- AUTO_INCREMENT for table `_313_groups`
--
ALTER TABLE `_313_groups`
  MODIFY `id` bigint(20) NOT NULL AUTO_INCREMENT, AUTO_INCREMENT=10;

--
-- AUTO_INCREMENT for table `_313_inputs`
--
ALTER TABLE `_313_inputs`
  MODIFY `id` bigint(20) NOT NULL AUTO_INCREMENT, AUTO_INCREMENT=178;

--
-- AUTO_INCREMENT for table `_314_btngroups`
--
ALTER TABLE `_314_btngroups`
  MODIFY `id` bigint(20) NOT NULL AUTO_INCREMENT, AUTO_INCREMENT=27;

--
-- AUTO_INCREMENT for table `_314_groups`
--
ALTER TABLE `_314_groups`
  MODIFY `id` bigint(20) NOT NULL AUTO_INCREMENT, AUTO_INCREMENT=14;

--
-- AUTO_INCREMENT for table `_314_inputs`
--
ALTER TABLE `_314_inputs`
  MODIFY `id` bigint(20) NOT NULL AUTO_INCREMENT, AUTO_INCREMENT=256;

--
-- AUTO_INCREMENT for table `_315_btngroups`
--
ALTER TABLE `_315_btngroups`
  MODIFY `id` bigint(20) NOT NULL AUTO_INCREMENT, AUTO_INCREMENT=23;

--
-- AUTO_INCREMENT for table `_315_groups`
--
ALTER TABLE `_315_groups`
  MODIFY `id` bigint(20) NOT NULL AUTO_INCREMENT, AUTO_INCREMENT=12;

--
-- AUTO_INCREMENT for table `_315_inputs`
--
ALTER TABLE `_315_inputs`
  MODIFY `id` bigint(20) NOT NULL AUTO_INCREMENT, AUTO_INCREMENT=246;

--
-- AUTO_INCREMENT for table `_316_btngroups`
--
ALTER TABLE `_316_btngroups`
  MODIFY `id` bigint(20) NOT NULL AUTO_INCREMENT, AUTO_INCREMENT=21;

--
-- AUTO_INCREMENT for table `_316_groups`
--
ALTER TABLE `_316_groups`
  MODIFY `id` bigint(20) NOT NULL AUTO_INCREMENT, AUTO_INCREMENT=11;

--
-- AUTO_INCREMENT for table `_316_inputs`
--
ALTER TABLE `_316_inputs`
  MODIFY `id` bigint(20) NOT NULL AUTO_INCREMENT, AUTO_INCREMENT=195;

--
-- AUTO_INCREMENT for table `_317_btngroups`
--
ALTER TABLE `_317_btngroups`
  MODIFY `id` bigint(20) NOT NULL AUTO_INCREMENT, AUTO_INCREMENT=13;

--
-- AUTO_INCREMENT for table `_317_groups`
--
ALTER TABLE `_317_groups`
  MODIFY `id` bigint(20) NOT NULL AUTO_INCREMENT, AUTO_INCREMENT=7;

--
-- AUTO_INCREMENT for table `_317_inputs`
--
ALTER TABLE `_317_inputs`
  MODIFY `id` bigint(20) NOT NULL AUTO_INCREMENT, AUTO_INCREMENT=118;

--
-- AUTO_INCREMENT for table `_318_btngroups`
--
ALTER TABLE `_318_btngroups`
  MODIFY `id` bigint(20) NOT NULL AUTO_INCREMENT, AUTO_INCREMENT=17;

--
-- AUTO_INCREMENT for table `_318_groups`
--
ALTER TABLE `_318_groups`
  MODIFY `id` bigint(20) NOT NULL AUTO_INCREMENT, AUTO_INCREMENT=9;

--
-- AUTO_INCREMENT for table `_318_inputs`
--
ALTER TABLE `_318_inputs`
  MODIFY `id` bigint(20) NOT NULL AUTO_INCREMENT, AUTO_INCREMENT=162;

--
-- AUTO_INCREMENT for table `_319_btngroups`
--
ALTER TABLE `_319_btngroups`
  MODIFY `id` bigint(20) NOT NULL AUTO_INCREMENT, AUTO_INCREMENT=17;

--
-- AUTO_INCREMENT for table `_319_groups`
--
ALTER TABLE `_319_groups`
  MODIFY `id` bigint(20) NOT NULL AUTO_INCREMENT, AUTO_INCREMENT=9;

--
-- AUTO_INCREMENT for table `_319_inputs`
--
ALTER TABLE `_319_inputs`
  MODIFY `id` bigint(20) NOT NULL AUTO_INCREMENT, AUTO_INCREMENT=161;

--
-- AUTO_INCREMENT for table `_320_btngroups`
--
ALTER TABLE `_320_btngroups`
  MODIFY `id` bigint(20) NOT NULL AUTO_INCREMENT, AUTO_INCREMENT=13;

--
-- AUTO_INCREMENT for table `_320_groups`
--
ALTER TABLE `_320_groups`
  MODIFY `id` bigint(20) NOT NULL AUTO_INCREMENT, AUTO_INCREMENT=7;

--
-- AUTO_INCREMENT for table `_320_inputs`
--
ALTER TABLE `_320_inputs`
  MODIFY `id` bigint(20) NOT NULL AUTO_INCREMENT, AUTO_INCREMENT=115;

--
-- AUTO_INCREMENT for table `_321_btngroups`
--
ALTER TABLE `_321_btngroups`
  MODIFY `id` bigint(20) NOT NULL AUTO_INCREMENT, AUTO_INCREMENT=21;

--
-- AUTO_INCREMENT for table `_321_groups`
--
ALTER TABLE `_321_groups`
  MODIFY `id` bigint(20) NOT NULL AUTO_INCREMENT, AUTO_INCREMENT=11;

--
-- AUTO_INCREMENT for table `_321_inputs`
--
ALTER TABLE `_321_inputs`
  MODIFY `id` bigint(20) NOT NULL AUTO_INCREMENT, AUTO_INCREMENT=204;

--
-- AUTO_INCREMENT for table `_322_btngroups`
--
ALTER TABLE `_322_btngroups`
  MODIFY `id` bigint(20) NOT NULL AUTO_INCREMENT, AUTO_INCREMENT=23;

--
-- AUTO_INCREMENT for table `_322_groups`
--
ALTER TABLE `_322_groups`
  MODIFY `id` bigint(20) NOT NULL AUTO_INCREMENT, AUTO_INCREMENT=12;

--
-- AUTO_INCREMENT for table `_322_inputs`
--
ALTER TABLE `_322_inputs`
  MODIFY `id` bigint(20) NOT NULL AUTO_INCREMENT, AUTO_INCREMENT=223;

--
-- AUTO_INCREMENT for table `_327_btngroups`
--
ALTER TABLE `_327_btngroups`
  MODIFY `id` bigint(20) NOT NULL AUTO_INCREMENT, AUTO_INCREMENT=19;

--
-- AUTO_INCREMENT for table `_327_groups`
--
ALTER TABLE `_327_groups`
  MODIFY `id` bigint(20) NOT NULL AUTO_INCREMENT, AUTO_INCREMENT=10;

--
-- AUTO_INCREMENT for table `_327_inputs`
--
ALTER TABLE `_327_inputs`
  MODIFY `id` bigint(20) NOT NULL AUTO_INCREMENT, AUTO_INCREMENT=183;

--
-- AUTO_INCREMENT for table `_423_btngroups`
--
ALTER TABLE `_423_btngroups`
  MODIFY `id` bigint(20) NOT NULL AUTO_INCREMENT, AUTO_INCREMENT=151;

--
-- AUTO_INCREMENT for table `_423_groups`
--
ALTER TABLE `_423_groups`
  MODIFY `id` bigint(20) NOT NULL AUTO_INCREMENT, AUTO_INCREMENT=103;

--
-- AUTO_INCREMENT for table `_423_inputs`
--
ALTER TABLE `_423_inputs`
  MODIFY `id` bigint(20) NOT NULL AUTO_INCREMENT, AUTO_INCREMENT=122;

--
-- AUTO_INCREMENT for table `_424_btngroups`
--
ALTER TABLE `_424_btngroups`
  MODIFY `id` bigint(20) NOT NULL AUTO_INCREMENT, AUTO_INCREMENT=43;

--
-- AUTO_INCREMENT for table `_424_groups`
--
ALTER TABLE `_424_groups`
  MODIFY `id` bigint(20) NOT NULL AUTO_INCREMENT, AUTO_INCREMENT=22;

--
-- AUTO_INCREMENT for table `_424_inputs`
--
ALTER TABLE `_424_inputs`
  MODIFY `id` bigint(20) NOT NULL AUTO_INCREMENT, AUTO_INCREMENT=34;

--
-- AUTO_INCREMENT for table `_425_btngroups`
--
ALTER TABLE `_425_btngroups`
  MODIFY `id` bigint(20) NOT NULL AUTO_INCREMENT, AUTO_INCREMENT=19;

--
-- AUTO_INCREMENT for table `_425_groups`
--
ALTER TABLE `_425_groups`
  MODIFY `id` bigint(20) NOT NULL AUTO_INCREMENT, AUTO_INCREMENT=10;

--
-- AUTO_INCREMENT for table `_425_inputs`
--
ALTER TABLE `_425_inputs`
  MODIFY `id` bigint(20) NOT NULL AUTO_INCREMENT, AUTO_INCREMENT=174;

--
-- AUTO_INCREMENT for table `_426_btngroups`
--
ALTER TABLE `_426_btngroups`
  MODIFY `id` bigint(20) NOT NULL AUTO_INCREMENT, AUTO_INCREMENT=23;

--
-- AUTO_INCREMENT for table `_426_groups`
--
ALTER TABLE `_426_groups`
  MODIFY `id` bigint(20) NOT NULL AUTO_INCREMENT, AUTO_INCREMENT=12;

--
-- AUTO_INCREMENT for table `_426_inputs`
--
ALTER TABLE `_426_inputs`
  MODIFY `id` bigint(20) NOT NULL AUTO_INCREMENT, AUTO_INCREMENT=210;

--
-- Constraints for dumped tables
--

--
-- Constraints for table `auth_group_permissions`
--
ALTER TABLE `auth_group_permissions`
  ADD CONSTRAINT `auth_group_permissio_permission_id_84c5c92e_fk_auth_perm` FOREIGN KEY (`permission_id`) REFERENCES `auth_permission` (`id`),
  ADD CONSTRAINT `auth_group_permissions_group_id_b120cbf9_fk_auth_group_id` FOREIGN KEY (`group_id`) REFERENCES `auth_group` (`id`);

--
-- Constraints for table `auth_permission`
--
ALTER TABLE `auth_permission`
  ADD CONSTRAINT `auth_permission_content_type_id_2f476e4b_fk_django_co` FOREIGN KEY (`content_type_id`) REFERENCES `django_content_type` (`id`);

--
-- Constraints for table `auth_user_groups`
--
ALTER TABLE `auth_user_groups`
  ADD CONSTRAINT `auth_user_groups_group_id_97559544_fk_auth_group_id` FOREIGN KEY (`group_id`) REFERENCES `auth_group` (`id`),
  ADD CONSTRAINT `auth_user_groups_users_id_391a3bde_fk_auth_user_id` FOREIGN KEY (`users_id`) REFERENCES `auth_user` (`id`);

--
-- Constraints for table `auth_user_user_permissions`
--
ALTER TABLE `auth_user_user_permissions`
  ADD CONSTRAINT `auth_user_user_permi_permission_id_1fbb5f2c_fk_auth_perm` FOREIGN KEY (`permission_id`) REFERENCES `auth_permission` (`id`),
  ADD CONSTRAINT `auth_user_user_permissions_users_id_aa8438e3_fk_auth_user_id` FOREIGN KEY (`users_id`) REFERENCES `auth_user` (`id`);

--
-- Constraints for table `city`
--
ALTER TABLE `city`
  ADD CONSTRAINT `city_country_id_ec9de532_fk_country_id` FOREIGN KEY (`country_id`) REFERENCES `country` (`id`),
  ADD CONSTRAINT `city_state_id_b686921b_fk_state_id` FOREIGN KEY (`state_id`) REFERENCES `state` (`id`);

--
-- Constraints for table `django_admin_log`
--
ALTER TABLE `django_admin_log`
  ADD CONSTRAINT `django_admin_log_content_type_id_c4bce8eb_fk_django_co` FOREIGN KEY (`content_type_id`) REFERENCES `django_content_type` (`id`),
  ADD CONSTRAINT `django_admin_log_user_id_c564eba6_fk_auth_user_id` FOREIGN KEY (`user_id`) REFERENCES `auth_user` (`id`);

--
-- Constraints for table `forms`
--
ALTER TABLE `forms`
  ADD CONSTRAINT `forms_subtype_id_ec82d63a_fk_subtype_id` FOREIGN KEY (`subtype_id`) REFERENCES `subtype` (`id`),
  ADD CONSTRAINT `forms_type_id_f9556a9a_fk_type_id` FOREIGN KEY (`type_id`) REFERENCES `type` (`id`);

--
-- Constraints for table `institute_details`
--
ALTER TABLE `institute_details`
  ADD CONSTRAINT `institute_details_user_id_79840c86_fk_auth_user_id` FOREIGN KEY (`user_id`) REFERENCES `auth_user` (`id`);

--
-- Constraints for table `institute_members`
--
ALTER TABLE `institute_members`
  ADD CONSTRAINT `institute_members_institute_id_4b5db1ad_fk_auth_user_id` FOREIGN KEY (`institute_id`) REFERENCES `auth_user` (`id`),
  ADD CONSTRAINT `institute_members_user_id_8b7e05e9_fk_auth_user_id` FOREIGN KEY (`user_id`) REFERENCES `auth_user` (`id`);

--
-- Constraints for table `pincode`
--
ALTER TABLE `pincode`
  ADD CONSTRAINT `pincode_city_id_c0930b5a_fk_city_id` FOREIGN KEY (`city_id`) REFERENCES `city` (`id`),
  ADD CONSTRAINT `pincode_country_id_f1227f5f_fk_country_id` FOREIGN KEY (`country_id`) REFERENCES `country` (`id`),
  ADD CONSTRAINT `pincode_state_id_944940df_fk_state_id` FOREIGN KEY (`state_id`) REFERENCES `state` (`id`);

--
-- Constraints for table `state`
--
ALTER TABLE `state`
  ADD CONSTRAINT `state_country_id_6b36f831_fk_country_id` FOREIGN KEY (`country_id`) REFERENCES `country` (`id`);

--
-- Constraints for table `subscription_plans`
--
ALTER TABLE `subscription_plans`
  ADD CONSTRAINT `subscription_plans_role_id_8cc00c3c_fk_roles_id` FOREIGN KEY (`role_id`) REFERENCES `roles` (`id`);

--
-- Constraints for table `subscription_plan_details`
--
ALTER TABLE `subscription_plan_details`
  ADD CONSTRAINT `subscription_plan_de_subscription_plan_id_a040f4a0_fk_subscript` FOREIGN KEY (`subscription_plan_id`) REFERENCES `subscription_plans` (`id`);

--
-- Constraints for table `subtype`
--
ALTER TABLE `subtype`
  ADD CONSTRAINT `subtype_type_id_03131749_fk_type_id` FOREIGN KEY (`type_id`) REFERENCES `type` (`id`);

--
-- Constraints for table `user_reports`
--
ALTER TABLE `user_reports`
  ADD CONSTRAINT `user_reports_subtype_id_9e1d6aef_fk_subtype_id` FOREIGN KEY (`subtype_id`) REFERENCES `subtype` (`id`),
  ADD CONSTRAINT `user_reports_type_id_61f57bd1_fk_type_id` FOREIGN KEY (`type_id`) REFERENCES `type` (`id`),
  ADD CONSTRAINT `user_reports_user_id_7617f51d_fk_auth_user_id` FOREIGN KEY (`user_id`) REFERENCES `auth_user` (`id`);

--
-- Constraints for table `user_subscription_details`
--
ALTER TABLE `user_subscription_details`
  ADD CONSTRAINT `user_subscription_details_user_id_8d6d6d8b_fk_auth_user_id` FOREIGN KEY (`user_id`) REFERENCES `auth_user` (`id`);

--
-- Constraints for table `user_subscription_history`
--
ALTER TABLE `user_subscription_history`
  ADD CONSTRAINT `user_subscription_history_user_id_b35b052c_fk_auth_user_id` FOREIGN KEY (`user_id`) REFERENCES `auth_user` (`id`);

--
-- Constraints for table `_11_groups`
--
ALTER TABLE `_11_groups`
  ADD CONSTRAINT `_11_groups_form_id_e43b685e_fk_forms_id` FOREIGN KEY (`form_id`) REFERENCES `forms` (`id`);

--
-- Constraints for table `_12_btngroups`
--
ALTER TABLE `_12_btngroups`
  ADD CONSTRAINT `_12_btngroups_form_id_5b844f29_fk_forms_id` FOREIGN KEY (`form_id`) REFERENCES `forms` (`id`);

--
-- Constraints for table `_12_groups`
--
ALTER TABLE `_12_groups`
  ADD CONSTRAINT `_12_groups_form_id_f6db2516_fk_forms_id` FOREIGN KEY (`form_id`) REFERENCES `forms` (`id`);

--
-- Constraints for table `_12_inputs`
--
ALTER TABLE `_12_inputs`
  ADD CONSTRAINT `_12_inputs_group_id_a00e11aa_fk__12_groups_id` FOREIGN KEY (`group_id`) REFERENCES `_12_groups` (`id`),
  ADD CONSTRAINT `_12_inputs_input_type_id_11870000_fk_input_types_id` FOREIGN KEY (`input_type_id`) REFERENCES `input_types` (`id`);

--
-- Constraints for table `_13_groups`
--
ALTER TABLE `_13_groups`
  ADD CONSTRAINT `_13_groups_form_id_17603689_fk_forms_id` FOREIGN KEY (`form_id`) REFERENCES `forms` (`id`);

--
-- Constraints for table `_24_btngroups`
--
ALTER TABLE `_24_btngroups`
  ADD CONSTRAINT `_24_btngroups_form_id_fbd1d3c7_fk_forms_id` FOREIGN KEY (`form_id`) REFERENCES `forms` (`id`);

--
-- Constraints for table `_24_groups`
--
ALTER TABLE `_24_groups`
  ADD CONSTRAINT `_24_groups_form_id_efa20e93_fk_forms_id` FOREIGN KEY (`form_id`) REFERENCES `forms` (`id`);

--
-- Constraints for table `_24_inputs`
--
ALTER TABLE `_24_inputs`
  ADD CONSTRAINT `_24_inputs_group_id_b980f422_fk__24_groups_id` FOREIGN KEY (`group_id`) REFERENCES `_24_groups` (`id`),
  ADD CONSTRAINT `_24_inputs_input_type_id_d9936a00_fk_input_types_id` FOREIGN KEY (`input_type_id`) REFERENCES `input_types` (`id`);

--
-- Constraints for table `_25_btngroups`
--
ALTER TABLE `_25_btngroups`
  ADD CONSTRAINT `_25_btngroups_form_id_d3f6dd0c_fk_forms_id` FOREIGN KEY (`form_id`) REFERENCES `forms` (`id`);

--
-- Constraints for table `_25_groups`
--
ALTER TABLE `_25_groups`
  ADD CONSTRAINT `_25_groups_form_id_8cdcd3c1_fk_forms_id` FOREIGN KEY (`form_id`) REFERENCES `forms` (`id`);

--
-- Constraints for table `_25_inputs`
--
ALTER TABLE `_25_inputs`
  ADD CONSTRAINT `_25_inputs_group_id_d92d44ba_fk__25_groups_id` FOREIGN KEY (`group_id`) REFERENCES `_25_groups` (`id`),
  ADD CONSTRAINT `_25_inputs_input_type_id_0490b1d2_fk_input_types_id` FOREIGN KEY (`input_type_id`) REFERENCES `input_types` (`id`);

--
-- Constraints for table `_26_groups`
--
ALTER TABLE `_26_groups`
  ADD CONSTRAINT `_26_groups_menu_id_3f7b831d_fk__26_menu_id` FOREIGN KEY (`menu_id`) REFERENCES `_26_menu` (`id`);

--
-- Constraints for table `_26_menu`
--
ALTER TABLE `_26_menu`
  ADD CONSTRAINT `_26_menu_form_id_f287793f_fk_forms_id` FOREIGN KEY (`form_id`) REFERENCES `forms` (`id`);

--
-- Constraints for table `_27_groups`
--
ALTER TABLE `_27_groups`
  ADD CONSTRAINT `_27_groups_menu_id_4db86455_fk__27_menu_id` FOREIGN KEY (`menu_id`) REFERENCES `_27_menu` (`id`);

--
-- Constraints for table `_27_menu`
--
ALTER TABLE `_27_menu`
  ADD CONSTRAINT `_27_menu_form_id_3bd36e84_fk_forms_id` FOREIGN KEY (`form_id`) REFERENCES `forms` (`id`);

--
-- Constraints for table `_38_btngroups`
--
ALTER TABLE `_38_btngroups`
  ADD CONSTRAINT `_38_btngroups_form_id_0568d1e0_fk_forms_id` FOREIGN KEY (`form_id`) REFERENCES `forms` (`id`);

--
-- Constraints for table `_38_groups`
--
ALTER TABLE `_38_groups`
  ADD CONSTRAINT `_38_groups_form_id_aa1a238a_fk_forms_id` FOREIGN KEY (`form_id`) REFERENCES `forms` (`id`);

--
-- Constraints for table `_38_inputs`
--
ALTER TABLE `_38_inputs`
  ADD CONSTRAINT `_38_inputs_group_id_f7c10329_fk__38_groups_id` FOREIGN KEY (`group_id`) REFERENCES `_38_groups` (`id`),
  ADD CONSTRAINT `_38_inputs_input_type_id_829a35b8_fk_input_types_id` FOREIGN KEY (`input_type_id`) REFERENCES `input_types` (`id`);

--
-- Constraints for table `_39_btngroups`
--
ALTER TABLE `_39_btngroups`
  ADD CONSTRAINT `_39_btngroups_form_id_1a835270_fk_forms_id` FOREIGN KEY (`form_id`) REFERENCES `forms` (`id`);

--
-- Constraints for table `_39_groups`
--
ALTER TABLE `_39_groups`
  ADD CONSTRAINT `_39_groups_form_id_7f016373_fk_forms_id` FOREIGN KEY (`form_id`) REFERENCES `forms` (`id`);

--
-- Constraints for table `_39_inputs`
--
ALTER TABLE `_39_inputs`
  ADD CONSTRAINT `_39_inputs_group_id_8f2919cb_fk__39_groups_id` FOREIGN KEY (`group_id`) REFERENCES `_39_groups` (`id`),
  ADD CONSTRAINT `_39_inputs_input_type_id_e3a0e4c6_fk_input_types_id` FOREIGN KEY (`input_type_id`) REFERENCES `input_types` (`id`);

--
-- Constraints for table `_228_btngroups`
--
ALTER TABLE `_228_btngroups`
  ADD CONSTRAINT `_228_btngroups_form_id_6d244901_fk_forms_id` FOREIGN KEY (`form_id`) REFERENCES `forms` (`id`);

--
-- Constraints for table `_228_groups`
--
ALTER TABLE `_228_groups`
  ADD CONSTRAINT `_228_groups_form_id_730dacc1_fk_forms_id` FOREIGN KEY (`form_id`) REFERENCES `forms` (`id`);

--
-- Constraints for table `_228_inputs`
--
ALTER TABLE `_228_inputs`
  ADD CONSTRAINT `_228_inputs_group_id_f95fa7ef_fk__228_groups_id` FOREIGN KEY (`group_id`) REFERENCES `_228_groups` (`id`),
  ADD CONSTRAINT `_228_inputs_input_type_id_eeeb675c_fk_input_types_id` FOREIGN KEY (`input_type_id`) REFERENCES `input_types` (`id`);

--
-- Constraints for table `_310_btngroups`
--
ALTER TABLE `_310_btngroups`
  ADD CONSTRAINT `_310_btngroups_form_id_a17104d6_fk_forms_id` FOREIGN KEY (`form_id`) REFERENCES `forms` (`id`);

--
-- Constraints for table `_310_groups`
--
ALTER TABLE `_310_groups`
  ADD CONSTRAINT `_310_groups_form_id_b409d260_fk_forms_id` FOREIGN KEY (`form_id`) REFERENCES `forms` (`id`);

--
-- Constraints for table `_310_inputs`
--
ALTER TABLE `_310_inputs`
  ADD CONSTRAINT `_310_inputs_group_id_d9e70c2c_fk__310_groups_id` FOREIGN KEY (`group_id`) REFERENCES `_310_groups` (`id`),
  ADD CONSTRAINT `_310_inputs_input_type_id_1d4ef128_fk_input_types_id` FOREIGN KEY (`input_type_id`) REFERENCES `input_types` (`id`);

--
-- Constraints for table `_311_btngroups`
--
ALTER TABLE `_311_btngroups`
  ADD CONSTRAINT `_311_btngroups_form_id_371505e0_fk_forms_id` FOREIGN KEY (`form_id`) REFERENCES `forms` (`id`);

--
-- Constraints for table `_311_groups`
--
ALTER TABLE `_311_groups`
  ADD CONSTRAINT `_311_groups_form_id_32c5aeac_fk_forms_id` FOREIGN KEY (`form_id`) REFERENCES `forms` (`id`);

--
-- Constraints for table `_311_inputs`
--
ALTER TABLE `_311_inputs`
  ADD CONSTRAINT `_311_inputs_group_id_24749926_fk__311_groups_id` FOREIGN KEY (`group_id`) REFERENCES `_311_groups` (`id`),
  ADD CONSTRAINT `_311_inputs_input_type_id_35a7fc8a_fk_input_types_id` FOREIGN KEY (`input_type_id`) REFERENCES `input_types` (`id`);

--
-- Constraints for table `_312_btngroups`
--
ALTER TABLE `_312_btngroups`
  ADD CONSTRAINT `_312_btngroups_form_id_dace006e_fk_forms_id` FOREIGN KEY (`form_id`) REFERENCES `forms` (`id`);

--
-- Constraints for table `_312_groups`
--
ALTER TABLE `_312_groups`
  ADD CONSTRAINT `_312_groups_form_id_2bf57e47_fk_forms_id` FOREIGN KEY (`form_id`) REFERENCES `forms` (`id`);

--
-- Constraints for table `_312_inputs`
--
ALTER TABLE `_312_inputs`
  ADD CONSTRAINT `_312_inputs_group_id_493cdf70_fk__312_groups_id` FOREIGN KEY (`group_id`) REFERENCES `_312_groups` (`id`),
  ADD CONSTRAINT `_312_inputs_input_type_id_6e8080e5_fk_input_types_id` FOREIGN KEY (`input_type_id`) REFERENCES `input_types` (`id`);

--
-- Constraints for table `_313_btngroups`
--
ALTER TABLE `_313_btngroups`
  ADD CONSTRAINT `_313_btngroups_form_id_adc2aa1f_fk_forms_id` FOREIGN KEY (`form_id`) REFERENCES `forms` (`id`);

--
-- Constraints for table `_313_groups`
--
ALTER TABLE `_313_groups`
  ADD CONSTRAINT `_313_groups_form_id_84a3f903_fk_forms_id` FOREIGN KEY (`form_id`) REFERENCES `forms` (`id`);

--
-- Constraints for table `_313_inputs`
--
ALTER TABLE `_313_inputs`
  ADD CONSTRAINT `_313_inputs_group_id_4731184e_fk__313_groups_id` FOREIGN KEY (`group_id`) REFERENCES `_313_groups` (`id`),
  ADD CONSTRAINT `_313_inputs_input_type_id_1ccc6cf4_fk_input_types_id` FOREIGN KEY (`input_type_id`) REFERENCES `input_types` (`id`);

--
-- Constraints for table `_314_btngroups`
--
ALTER TABLE `_314_btngroups`
  ADD CONSTRAINT `_314_btngroups_form_id_054bfb0e_fk_forms_id` FOREIGN KEY (`form_id`) REFERENCES `forms` (`id`);

--
-- Constraints for table `_314_groups`
--
ALTER TABLE `_314_groups`
  ADD CONSTRAINT `_314_groups_form_id_ab3e873e_fk_forms_id` FOREIGN KEY (`form_id`) REFERENCES `forms` (`id`);

--
-- Constraints for table `_314_inputs`
--
ALTER TABLE `_314_inputs`
  ADD CONSTRAINT `_314_inputs_group_id_d3f40afa_fk__314_groups_id` FOREIGN KEY (`group_id`) REFERENCES `_314_groups` (`id`),
  ADD CONSTRAINT `_314_inputs_input_type_id_7c267f99_fk_input_types_id` FOREIGN KEY (`input_type_id`) REFERENCES `input_types` (`id`);

--
-- Constraints for table `_315_btngroups`
--
ALTER TABLE `_315_btngroups`
  ADD CONSTRAINT `_315_btngroups_form_id_c2241c47_fk_forms_id` FOREIGN KEY (`form_id`) REFERENCES `forms` (`id`);

--
-- Constraints for table `_315_groups`
--
ALTER TABLE `_315_groups`
  ADD CONSTRAINT `_315_groups_form_id_109467d9_fk_forms_id` FOREIGN KEY (`form_id`) REFERENCES `forms` (`id`);

--
-- Constraints for table `_315_inputs`
--
ALTER TABLE `_315_inputs`
  ADD CONSTRAINT `_315_inputs_group_id_a0ac9f82_fk__315_groups_id` FOREIGN KEY (`group_id`) REFERENCES `_315_groups` (`id`),
  ADD CONSTRAINT `_315_inputs_input_type_id_acca5735_fk_input_types_id` FOREIGN KEY (`input_type_id`) REFERENCES `input_types` (`id`);

--
-- Constraints for table `_316_btngroups`
--
ALTER TABLE `_316_btngroups`
  ADD CONSTRAINT `_316_btngroups_form_id_2112dcad_fk_forms_id` FOREIGN KEY (`form_id`) REFERENCES `forms` (`id`);

--
-- Constraints for table `_316_groups`
--
ALTER TABLE `_316_groups`
  ADD CONSTRAINT `_316_groups_form_id_4dea0c08_fk_forms_id` FOREIGN KEY (`form_id`) REFERENCES `forms` (`id`);

--
-- Constraints for table `_316_inputs`
--
ALTER TABLE `_316_inputs`
  ADD CONSTRAINT `_316_inputs_group_id_9e82fd65_fk__316_groups_id` FOREIGN KEY (`group_id`) REFERENCES `_316_groups` (`id`),
  ADD CONSTRAINT `_316_inputs_input_type_id_f87b5322_fk_input_types_id` FOREIGN KEY (`input_type_id`) REFERENCES `input_types` (`id`);

--
-- Constraints for table `_317_btngroups`
--
ALTER TABLE `_317_btngroups`
  ADD CONSTRAINT `_317_btngroups_form_id_2f5636bf_fk_forms_id` FOREIGN KEY (`form_id`) REFERENCES `forms` (`id`);

--
-- Constraints for table `_317_groups`
--
ALTER TABLE `_317_groups`
  ADD CONSTRAINT `_317_groups_form_id_4b895a39_fk_forms_id` FOREIGN KEY (`form_id`) REFERENCES `forms` (`id`);

--
-- Constraints for table `_317_inputs`
--
ALTER TABLE `_317_inputs`
  ADD CONSTRAINT `_317_inputs_group_id_f5f2275d_fk__317_groups_id` FOREIGN KEY (`group_id`) REFERENCES `_317_groups` (`id`),
  ADD CONSTRAINT `_317_inputs_input_type_id_06d2d4a4_fk_input_types_id` FOREIGN KEY (`input_type_id`) REFERENCES `input_types` (`id`);

--
-- Constraints for table `_318_btngroups`
--
ALTER TABLE `_318_btngroups`
  ADD CONSTRAINT `_318_btngroups_form_id_9f2ceba8_fk_forms_id` FOREIGN KEY (`form_id`) REFERENCES `forms` (`id`);

--
-- Constraints for table `_318_groups`
--
ALTER TABLE `_318_groups`
  ADD CONSTRAINT `_318_groups_form_id_c316ef88_fk_forms_id` FOREIGN KEY (`form_id`) REFERENCES `forms` (`id`);

--
-- Constraints for table `_318_inputs`
--
ALTER TABLE `_318_inputs`
  ADD CONSTRAINT `_318_inputs_group_id_929df23b_fk__318_groups_id` FOREIGN KEY (`group_id`) REFERENCES `_318_groups` (`id`),
  ADD CONSTRAINT `_318_inputs_input_type_id_893c64cc_fk_input_types_id` FOREIGN KEY (`input_type_id`) REFERENCES `input_types` (`id`);

--
-- Constraints for table `_319_btngroups`
--
ALTER TABLE `_319_btngroups`
  ADD CONSTRAINT `_319_btngroups_form_id_2203510e_fk_forms_id` FOREIGN KEY (`form_id`) REFERENCES `forms` (`id`);

--
-- Constraints for table `_319_groups`
--
ALTER TABLE `_319_groups`
  ADD CONSTRAINT `_319_groups_form_id_f26ebdca_fk_forms_id` FOREIGN KEY (`form_id`) REFERENCES `forms` (`id`);

--
-- Constraints for table `_319_inputs`
--
ALTER TABLE `_319_inputs`
  ADD CONSTRAINT `_319_inputs_group_id_59b2eee8_fk__319_groups_id` FOREIGN KEY (`group_id`) REFERENCES `_319_groups` (`id`),
  ADD CONSTRAINT `_319_inputs_input_type_id_6f9f9b9d_fk_input_types_id` FOREIGN KEY (`input_type_id`) REFERENCES `input_types` (`id`);

--
-- Constraints for table `_320_btngroups`
--
ALTER TABLE `_320_btngroups`
  ADD CONSTRAINT `_320_btngroups_form_id_00eca10a_fk_forms_id` FOREIGN KEY (`form_id`) REFERENCES `forms` (`id`);

--
-- Constraints for table `_320_groups`
--
ALTER TABLE `_320_groups`
  ADD CONSTRAINT `_320_groups_form_id_56ff758b_fk_forms_id` FOREIGN KEY (`form_id`) REFERENCES `forms` (`id`);

--
-- Constraints for table `_320_inputs`
--
ALTER TABLE `_320_inputs`
  ADD CONSTRAINT `_320_inputs_group_id_d29c3280_fk__320_groups_id` FOREIGN KEY (`group_id`) REFERENCES `_320_groups` (`id`),
  ADD CONSTRAINT `_320_inputs_input_type_id_8144a1e3_fk_input_types_id` FOREIGN KEY (`input_type_id`) REFERENCES `input_types` (`id`);

--
-- Constraints for table `_321_btngroups`
--
ALTER TABLE `_321_btngroups`
  ADD CONSTRAINT `_321_btngroups_form_id_71c70490_fk_forms_id` FOREIGN KEY (`form_id`) REFERENCES `forms` (`id`);

--
-- Constraints for table `_321_groups`
--
ALTER TABLE `_321_groups`
  ADD CONSTRAINT `_321_groups_form_id_b36dc29b_fk_forms_id` FOREIGN KEY (`form_id`) REFERENCES `forms` (`id`);

--
-- Constraints for table `_321_inputs`
--
ALTER TABLE `_321_inputs`
  ADD CONSTRAINT `_321_inputs_group_id_dc067fb0_fk__321_groups_id` FOREIGN KEY (`group_id`) REFERENCES `_321_groups` (`id`),
  ADD CONSTRAINT `_321_inputs_input_type_id_d30278ef_fk_input_types_id` FOREIGN KEY (`input_type_id`) REFERENCES `input_types` (`id`);

--
-- Constraints for table `_322_btngroups`
--
ALTER TABLE `_322_btngroups`
  ADD CONSTRAINT `_322_btngroups_form_id_0626ca01_fk_forms_id` FOREIGN KEY (`form_id`) REFERENCES `forms` (`id`);

--
-- Constraints for table `_322_groups`
--
ALTER TABLE `_322_groups`
  ADD CONSTRAINT `_322_groups_form_id_1c789707_fk_forms_id` FOREIGN KEY (`form_id`) REFERENCES `forms` (`id`);

--
-- Constraints for table `_322_inputs`
--
ALTER TABLE `_322_inputs`
  ADD CONSTRAINT `_322_inputs_group_id_3bc2d9b3_fk__322_groups_id` FOREIGN KEY (`group_id`) REFERENCES `_322_groups` (`id`),
  ADD CONSTRAINT `_322_inputs_input_type_id_9820a2b2_fk_input_types_id` FOREIGN KEY (`input_type_id`) REFERENCES `input_types` (`id`);

--
-- Constraints for table `_327_btngroups`
--
ALTER TABLE `_327_btngroups`
  ADD CONSTRAINT `_327_btngroups_form_id_195e4093_fk_forms_id` FOREIGN KEY (`form_id`) REFERENCES `forms` (`id`);

--
-- Constraints for table `_327_groups`
--
ALTER TABLE `_327_groups`
  ADD CONSTRAINT `_327_groups_form_id_c11fe5c2_fk_forms_id` FOREIGN KEY (`form_id`) REFERENCES `forms` (`id`);

--
-- Constraints for table `_327_inputs`
--
ALTER TABLE `_327_inputs`
  ADD CONSTRAINT `_327_inputs_group_id_f9d07fc3_fk__327_groups_id` FOREIGN KEY (`group_id`) REFERENCES `_327_groups` (`id`),
  ADD CONSTRAINT `_327_inputs_input_type_id_17743667_fk_input_types_id` FOREIGN KEY (`input_type_id`) REFERENCES `input_types` (`id`);

--
-- Constraints for table `_423_btngroups`
--
ALTER TABLE `_423_btngroups`
  ADD CONSTRAINT `_423_btngroups_form_id_cf77922d_fk_forms_id` FOREIGN KEY (`form_id`) REFERENCES `forms` (`id`);

--
-- Constraints for table `_423_groups`
--
ALTER TABLE `_423_groups`
  ADD CONSTRAINT `_423_groups_form_id_43321053_fk_forms_id` FOREIGN KEY (`form_id`) REFERENCES `forms` (`id`);

--
-- Constraints for table `_423_inputs`
--
ALTER TABLE `_423_inputs`
  ADD CONSTRAINT `_423_inputs_group_id_5ab8e987_fk__423_groups_id` FOREIGN KEY (`group_id`) REFERENCES `_423_groups` (`id`),
  ADD CONSTRAINT `_423_inputs_input_type_id_305e3894_fk_input_types_id` FOREIGN KEY (`input_type_id`) REFERENCES `input_types` (`id`);

--
-- Constraints for table `_424_btngroups`
--
ALTER TABLE `_424_btngroups`
  ADD CONSTRAINT `_424_btngroups_form_id_9e53e44a_fk_forms_id` FOREIGN KEY (`form_id`) REFERENCES `forms` (`id`);

--
-- Constraints for table `_424_groups`
--
ALTER TABLE `_424_groups`
  ADD CONSTRAINT `_424_groups_form_id_6f7f78b4_fk_forms_id` FOREIGN KEY (`form_id`) REFERENCES `forms` (`id`);

--
-- Constraints for table `_424_inputs`
--
ALTER TABLE `_424_inputs`
  ADD CONSTRAINT `_424_inputs_group_id_971a10d2_fk__424_groups_id` FOREIGN KEY (`group_id`) REFERENCES `_424_groups` (`id`),
  ADD CONSTRAINT `_424_inputs_input_type_id_9aab13bf_fk_input_types_id` FOREIGN KEY (`input_type_id`) REFERENCES `input_types` (`id`);

--
-- Constraints for table `_425_btngroups`
--
ALTER TABLE `_425_btngroups`
  ADD CONSTRAINT `_425_btngroups_form_id_e0e1ecc7_fk_forms_id` FOREIGN KEY (`form_id`) REFERENCES `forms` (`id`);

--
-- Constraints for table `_425_groups`
--
ALTER TABLE `_425_groups`
  ADD CONSTRAINT `_425_groups_form_id_a8a1dc00_fk_forms_id` FOREIGN KEY (`form_id`) REFERENCES `forms` (`id`);

--
-- Constraints for table `_425_inputs`
--
ALTER TABLE `_425_inputs`
  ADD CONSTRAINT `_425_inputs_group_id_118b8a73_fk__425_groups_id` FOREIGN KEY (`group_id`) REFERENCES `_425_groups` (`id`),
  ADD CONSTRAINT `_425_inputs_input_type_id_0dcc30de_fk_input_types_id` FOREIGN KEY (`input_type_id`) REFERENCES `input_types` (`id`);

--
-- Constraints for table `_426_btngroups`
--
ALTER TABLE `_426_btngroups`
  ADD CONSTRAINT `_426_btngroups_form_id_35c8fdc2_fk_forms_id` FOREIGN KEY (`form_id`) REFERENCES `forms` (`id`);

--
-- Constraints for table `_426_groups`
--
ALTER TABLE `_426_groups`
  ADD CONSTRAINT `_426_groups_form_id_a8e8f837_fk_forms_id` FOREIGN KEY (`form_id`) REFERENCES `forms` (`id`);

--
-- Constraints for table `_426_inputs`
--
ALTER TABLE `_426_inputs`
  ADD CONSTRAINT `_426_inputs_group_id_8d862015_fk__426_groups_id` FOREIGN KEY (`group_id`) REFERENCES `_426_groups` (`id`),
  ADD CONSTRAINT `_426_inputs_input_type_id_a2303d6a_fk_input_types_id` FOREIGN KEY (`input_type_id`) REFERENCES `input_types` (`id`);
COMMIT;

