-- ------------------------------------------------------------------------------------------------------------------

-- 1 _11

INSERT INTO `_11_groups` (`id`, `deleted_at`, `name`, `description`, `status`, `created_at`, `updated_at`, `form_id`) VALUES
(131, NULL, 'A. If You Already Have a Rough Idea for Research.', '', 1, '2025-06-24 11:09:02.912665', '2025-06-24 11:09:02.912716', 1),
(132, NULL, 'Fine Tuning of Your Research Idea', '', 1, '2025-06-24 11:09:02.917006', '2025-06-24 11:09:02.917021', 1),
(133, NULL, 'B. If You Don\'t Have a Research Ide - But Have Deep Interest in Academics', '', 1, '2025-06-24 11:09:02.921907', '2025-06-24 11:09:02.921924', 1);

-- ------------------------------------------------------------------------------------------------------------------
-- 2 _12
INSERT INTO `_12_btngroups` (`id`, `deleted_at`, `name`, `description`, `status`, `created_at`, `updated_at`, `form_id`) VALUES
(55, NULL, 'Instant Validation of the Fine-tuned Research Idea.', '', 1, '2025-07-04 05:48:54.209216', '2025-07-04 05:48:54.209235', 2);


INSERT INTO `_12_groups` (`id`, `deleted_at`, `name`, `description`, `status`, `created_at`, `updated_at`, `form_id`) VALUES
(56, NULL, 'The Details of Fine-Tuned Research Idea.', '', 1, '2025-07-04 05:48:54.193327', '2025-07-04 05:48:54.193435', 2);

INSERT INTO `_12_inputs` (`id`, `deleted_at`, `name`, `placeholder`, `remark`, `required`, `status`, `created_at`, `updated_at`, `group_id`, `input_type_id`, `file`) VALUES
(166, NULL, 'The Fine-Tuned Idea for Research or Publication', '', '', 1, 1, '2025-07-04 05:48:54.194795', '2025-07-04 05:48:54.194825', 56, 1, ''),
(167, NULL, 'The domain or the field of study relevant to the idea', '', '', 1, 1, '2025-07-04 05:48:54.195726', '2025-07-04 05:48:54.195745', 56, 1, ''),
(168, NULL, 'Objective/Expected Outcome: The intended outcome or impact', '', '', 1, 1, '2025-07-04 05:48:54.196779', '2025-07-04 05:48:54.196796', 56, 1, '');

-- ------------------------------------------------------------------------------------------------------------------
-- 3 13

INSERT INTO `_13_groups` (`id`, `deleted_at`, `name`, `description`, `image`, `status`, `created_at`, `updated_at`, `form_id`) VALUES
(28, NULL, 'The Logical Flow of Your Research / Publication', 'At Step-00, you can transform your fleeting sparks of creativity into substantial concepts, by simply inputting your initial idea, specifying the domain, and outlining your expected outcomes- and validate your ideas for further research. With i-Max Vigyana, you\'ll receive instant, tailored outputs including a comprehensive literature review, hypothesis formulation, and insights into the feasibility and challenges of your research, all aimed at nurturing and advancing your academic endeavours.', '13/image.png', 1, '2025-06-11 12:54:08.208059', '2025-06-11 12:54:08.208074', 3);

-- ------------------------------------------------------------------------------------------------------------------
--  4 24
INSERT INTO `_24_btngroups` (`id`, `deleted_at`, `description_o`, `description_t`, `status`, `created_at`, `updated_at`, `form_id`) VALUES
(33, NULL, 'The Step-02 is designed to enhance the critical thinking capabilities of scholars at all levels of their research process. By simply inputting an idea or concept, i-Max Vigyana\'s advanced critical thinking engine provides comprehensive analysis, raises probing questions, and offers diverse perspectives, thereby deepening your understanding and analytical skills.', 'Critical Thinking Engine Algorithm (2200 Plus Einstein Level Thinking Pathways) is embedded into each button of Vigyana - that means, you get the result of critical thinking by inputting the right data & by dicking the buttons.', 1, '2025-06-26 11:39:01.109154', '2025-06-26 11:39:01.109163', 4);

INSERT INTO `_24_groups` (`id`, `deleted_at`, `name`, `description`, `status`, `created_at`, `updated_at`, `form_id`) VALUES
(73, NULL, 'A. Critical Thinking at Intellectual Standards Level', 'Here you can test your Concepts, Theories, Ideas, Thoughts, or Hypotheses against stringent intellectual standards with the help of Artificial Intelligence. Fill the text box (boxes) below and dick the button corresponding to the intellectual standard:', 1, '2025-06-26 11:39:01.104309', '2025-06-26 11:39:01.104329', 4),
(74, NULL, 'B. Critical Thinking at Elements of Thought / Reasoning Level', 'Here you can test your Concepts, Theories, Ideas, Thoughts, or Hypotheses for Higher-Order Thinking, that leads to High-Impact Research. You can test them along with various elements of thought/reasoning with the help of Artificial Intelligence. a. Fill the text box (boxes) above with your Concept/Theory/Idea/Thought/Hypotheses. b. Then, fill the text box (boxes) on the right side and dick the button corresponding to the elements of thought/ reasoning that you want to analyse.', 1, '2025-06-26 11:39:01.105941', '2025-06-26 11:39:01.105951', 4);


INSERT INTO `_24_inputs` (`id`, `deleted_at`, `name`, `placeholder`, `remark`, `required`, `status`, `created_at`, `updated_at`, `group_id`, `input_type_id`) VALUES
(397, NULL, 'Concept/Idea/Theory to be analysed -1', '', '', 0, 1, '2025-06-26 11:39:01.104843', '2025-06-26 11:39:01.104853', 73, 1),
(398, NULL, 'Concept/Idea/Theory to be analysed-2', '', '', 0, 1, '2025-06-26 11:39:01.105224', '2025-06-26 11:39:01.105234', 73, 1),
(399, NULL, 'Concept/Idea/Theory to be analysed - 3', '', '', 0, 1, '2025-06-26 11:39:01.105579', '2025-06-26 11:39:01.105589', 73, 1),
(400, NULL, 'What is the PURPOSE of your thought/reasoning?', '', '', 0, 1, '2025-06-26 11:39:01.106313', '2025-06-26 11:39:01.106322', 74, 1),
(401, NULL, 'What are your QUESTIONS that support your thought/reasoning?', '', '', 0, 1, '2025-06-26 11:39:01.106657', '2025-06-26 11:39:01.106666', 74, 1),
(402, NULL, 'What DATA, INFORMATION, EVIDENCE do you use to support your thought/reasoning?', '', '', 0, 1, '2025-06-26 11:39:01.107008', '2025-06-26 11:39:01.107017', 74, 1),
(403, NULL, 'What CONCEPT/IDEA shape your thought/reasoning?', '', '', 0, 1, '2025-06-26 11:39:01.107360', '2025-06-26 11:39:01.107369', 74, 1),
(404, NULL, 'Which POINT OF VIEW leads you to the current thought/reasoning?', '', '', 0, 1, '2025-06-26 11:39:01.107699', '2025-06-26 11:39:01.107708', 74, 1),
(405, NULL, 'What are the INFERENCES/INTERPRETATIONS that support your thought/reasoning?', '', '', 0, 1, '2025-06-26 11:39:01.108050', '2025-06-26 11:39:01.108060', 74, 1),
(406, NULL, 'What are the main ASSUMPTIONS behind your thought/reasoning?', '', '', 0, 1, '2025-06-26 11:39:01.108396', '2025-06-26 11:39:01.108405', 74, 1),
(407, NULL, 'What are the IMPLICATIONS / CONSEQUENCES of your thought/reasoning?', '', '', 0, 1, '2025-06-26 11:39:01.108736', '2025-06-26 11:39:01.108746', 74, 1);

-- ------------------------------------------------------------------------------------------------------------------
-- 5 25
INSERT INTO `_25_btngroups` (`id`, `deleted_at`, `name`, `description`, `status`, `created_at`, `updated_at`, `form_id`) VALUES
(11, NULL, 'Blooms\'s Cognitive Compass: Elevate Your Research Thinking', 'This tool helps you align your research with Bloom\'s Taxonomy, providing structured insights into the cognitive demands of your work. By selecting a level, you can assess whether your research achieves basic understanding or ventures into complex evaluation and creation, guiding you towards a more comprehensive and higher-level academic inquiry.', 1, '2025-07-21 06:57:42.333891', '2025-07-21 06:57:42.333906', 5);

INSERT INTO `_25_groups` (`id`, `deleted_at`, `name`, `description`, `status`, `created_at`, `updated_at`, `form_id`) VALUES
(11, NULL, 'The Meta-Cognitive Progress for Research', 'This tool helps you align your research with Bloom\'s Taxonomy, providing structured insights into the cognitive demands of your work. By selecting a level, you can assess whether your research achieves basic understanding or ventures into complex evaluation and creation, guiding you towards a more comprehensive and higher-level academic inquiry.', 1, '2025-07-21 06:57:42.321136', '2025-07-21 06:57:42.321158', 5);

INSERT INTO `_25_inputs` (`id`, `deleted_at`, `name`, `placeholder`, `remark`, `required`, `status`, `created_at`, `updated_at`, `group_id`, `input_type_id`) VALUES
(51, NULL, 'Research Problem', '', '', 1, 1, '2025-07-21 06:57:42.321703', '2025-07-21 06:57:42.321717', 11, 1),
(52, NULL, 'Hypothesis', '', '', 1, 1, '2025-07-21 06:57:42.322170', '2025-07-21 06:57:42.322183', 11, 1),
(53, NULL, 'Domain(s)', '', '', 1, 1, '2025-07-21 06:57:42.322607', '2025-07-21 06:57:42.322620', 11, 1),
(54, NULL, 'Uniqueness of the Research', '', '', 1, 1, '2025-07-21 06:57:42.332742', '2025-07-21 06:57:42.332763', 11, 1),
(55, NULL, 'What do you want to establish?', '', '', 1, 1, '2025-07-21 06:57:42.333317', '2025-07-21 06:57:42.333336', 11, 1);

-- ------------------------------------------------------------------------------------------------------------------
-- 6 26

INSERT INTO `_26_menu` (`id`, `deleted_at`, `name`, `status`, `created_at`, `updated_at`, `form_id`) VALUES
(272, NULL, 'Blooms for Research', 1, '2025-07-08 11:05:37.239092', '2025-07-08 11:05:37.239125', 6),
(273, NULL, 'A & B Reasoning', 1, '2025-07-08 11:05:37.250013', '2025-07-08 11:05:37.250026', 6),
(274, NULL, 'Conceptual clarity and Coherence', 1, '2025-07-08 11:05:37.260569', '2025-07-08 11:05:37.260583', 6),
(275, NULL, 'Critical Evaluation of Arguments', 1, '2025-07-08 11:05:37.275155', '2025-07-08 11:05:37.275167', 6),
(276, NULL, 'Hypothesis Testing and Dialectics', 1, '2025-07-08 11:05:37.289851', '2025-07-08 11:05:37.289866', 6),
(277, NULL, 'Boundary and Scope Management', 1, '2025-07-08 11:05:37.306047', '2025-07-08 11:05:37.306065', 6),
(278, NULL, 'Causality and Assumption Analysis', 1, '2025-07-08 11:05:37.325704', '2025-07-08 11:05:37.325718', 6),
(279, NULL, 'Perspective Shifts and Alternate Views', 1, '2025-07-08 11:05:37.339866', '2025-07-08 11:05:37.339879', 6),
(280, NULL, 'Reasoning and Logic Validation', 1, '2025-07-08 11:05:37.354009', '2025-07-08 11:05:37.354021', 6),
(281, NULL, 'Case Studies and Reverse Analysis', 1, '2025-07-08 11:05:37.369618', '2025-07-08 11:05:37.369660', 6);


INSERT INTO `_26_groups` (`id`, `deleted_at`, `name`, `description`, `status`, `created_at`, `updated_at`, `menu_id`) VALUES
(807, NULL, 'A. Concept A to Concept B: Reasoning', 'This tool helps researchers to reason. Start from an initial concept (A) and bring to the conclusion (B) that you would like to achieve.', 1, '2025-07-08 11:05:37.239982', '2025-07-08 11:05:37.240002', 272),
(808, NULL, 'B. Concept A to Concept B: Inter- disciplinary Research', 'This tool significantly benefits researchers to analyse and integrate concepts across various disciplines. Input Concept A, and Concept B in text boxes. Applications include Interdisciplinary Research Integration, Systematic Literature Reviews, Policy Analysis and Development etc.', 1, '2025-07-08 11:05:37.244656', '2025-07-08 11:05:37.244675', 272),
(809, NULL, 'C. Concept A to Concept B: Critique, Argue & Compare.', 'This tool enables researchers to critically evaluate any concept, idea, or hypothesis through valid reasoning. By entering a concept into the designated text box (CONCEPT A), the tool provides a critique or argument related to that concept. If you wish to compare and critique two concepts, simply input the second concept (CONCEPT B) into the additional text box for comparison.', 1, '2025-07-08 11:05:37.247563', '2025-07-08 11:05:37.247579', 272),
(810, NULL, 'A. Concept A to Concept B: Reasoning', 'This tool helps researchers to reason. Start from an initial concept (A) and bring to the conclusion (B) that you would like to achieve.', 1, '2025-07-08 11:05:37.250566', '2025-07-08 11:05:37.250579', 273),
(811, NULL, 'B. Concept A to Concept B: Inter- disciplinary Research', 'This tool significantly benefits researchers to analyse and integrate concepts across various disciplines. Input Concept A, and Concept B in text boxes. Applications include Interdisciplinary Research Integration, Systematic Literature Reviews, Policy Analysis and Development etc.', 1, '2025-07-08 11:05:37.255871', '2025-07-08 11:05:37.255891', 273),
(812, NULL, 'C. Concept A to Concept B: Critique, Argue & Compare.', 'This tool enables researchers to critically evaluate any concept, idea, or hypothesis through valid reasoning. By entering a concept into the designated text box (CONCEPT A), the tool provides a critique or argument related to that concept. If you wish to compare and critique two concepts, simply input the second concept (CONCEPT B) into the additional text box for comparison.', 1, '2025-07-08 11:05:37.258167', '2025-07-08 11:05:37.258183', 273),
(813, NULL, 'A. Conceptual Coherence Validator', 'This tool ensures that individual concepts used in the research are coherent and support the broader argument or interpretation.', 1, '2025-07-08 11:05:37.261110', '2025-07-08 11:05:37.261124', 274),
(814, NULL, 'B. Concept Deconstruction and Rebuild', 'This tool deconstructs a central concept in the research, allowing researchers to rebuild it with modifications that address gaps or challenges.', 1, '2025-07-08 11:05:37.266458', '2025-07-08 11:05:37.266471', 274),
(815, NULL, 'C. Conceptual Linkage Explorer', 'This tool helps researchers discover connections between seemingly unrelated concepts, fostering creativity and novel insights', 1, '2025-07-08 11:05:37.271007', '2025-07-08 11:05:37.271019', 274),
(816, NULL, 'A. Argument Strength Evaluator', 'This tool analyses the strength and persuasiveness of research arguments, providing insights into their effectiveness and areas for enhancement.', 1, '2025-07-08 11:05:37.275630', '2025-07-08 11:05:37.275641', 275),
(817, NULL, 'B. Counter-argument Development Tool', 'This tool assists researchers in developing strong counter-arguments to anticipate and address potential criticisms effectively.', 1, '2025-07-08 11:05:37.279779', '2025-07-08 11:05:37.279791', 275),
(818, NULL, 'C. Rationality Checker', 'This tool assesses the rationality of arguments and decisions within research, promoting more scientifically sound conclusions.', 1, '2025-07-08 11:05:37.285314', '2025-07-08 11:05:37.285328', 275),
(819, NULL, 'A. Dialectical Hypothesis Tester', 'This tool tests the robustness of the hypothesis by challenging it with opposing arguments and data, encouraging researchers to strengthen or modify their hypothesis.', 1, '2025-07-08 11:05:37.290359', '2025-07-08 11:05:37.290373', 276),
(820, NULL, 'B. Antithesis Discovery Tool', 'This tool Identifies the antithesis to the researcher\'s current argument by finding opposing studies, data, or theories in the literature.', 1, '2025-07-08 11:05:37.296015', '2025-07-08 11:05:37.296032', 276),
(821, NULL, 'C. Reverse Hypothesis Engineering', 'This tool helps researchers reverse-engineer research conclusions to generate new hypotheses by tracing results back to unexplored premises and assumptions.', 1, '2025-07-08 11:05:37.301332', '2025-07-08 11:05:37.301345', 276),
(822, NULL, 'A. Boundary Complexity Analyser', 'This tool analyses whether the boundaries of the research add unnecessary complexity or, conversely, oversimplify the scope, offering strategies to balance complexity.', 1, '2025-07-08 11:05:37.306627', '2025-07-08 11:05:37.306645', 277),
(823, NULL, 'B. Boundary Critique for Systems', 'This tool critically evaluates the boundaries of the system to ensure that important elements are included, questioning what is inside and outside the system\'s scope.', 1, '2025-07-08 11:05:37.312073', '2025-07-08 11:05:37.312091', 277),
(824, NULL, 'C. Research Outcome Deconstructor', 'This tool breaks down research outcomes to reveal the underlying factors that contributed to the success or failure of the research, helping improve future designs.', 1, '2025-07-08 11:05:37.320371', '2025-07-08 11:05:37.320385', 277),
(825, NULL, 'A. Causality Validator', 'This tool ensures that the conclusions drawn from research data are based on valid causal relationships, not just correlations.', 1, '2025-07-08 11:05:37.326175', '2025-07-08 11:05:37.326188', 278),
(826, NULL, 'B. Assumption Disruptor', 'This tool Identifies and questions the hidden assumptions behind research hypotheses, forcing researchers to critically assess the foundations of their work.', 1, '2025-07-08 11:05:37.330762', '2025-07-08 11:05:37.330775', 278),
(827, NULL, 'C. Devil\'s Advocate Data Challenger', 'This tool scrutinizes the data used in research, posing skeptical challenges regarding the accuracy, interpretation, & relevance of the data.', 1, '2025-07-08 11:05:37.335201', '2025-07-08 11:05:37.335214', 278),
(828, NULL, 'A. Alternate Perspective Generator', 'This tool forces researchers to consider their research topic from an entirely different perspective (e.g., opposing academic schools of thought, different cultural views).', 1, '2025-07-08 11:05:37.340343', '2025-07-08 11:05:37.340355', 279),
(829, NULL, 'B. Paradigm Disruptor', 'This tool challenges the researcher to critically evaluate whether their work follows conventional paradigms and whether alternative paradigms could offer fresh insights.', 1, '2025-07-08 11:05:37.345166', '2025-07-08 11:05:37.345183', 279),
(830, NULL, 'C. Stakeholder Objection Forecaster', 'This tool predicts potential objections from different stakeholders (academics, policymakers, the public) and helps researchers pre-emptively address them.', 1, '2025-07-08 11:05:37.349688', '2025-07-08 11:05:37.349706', 279),
(831, NULL, 'A. Deductive Reasoning Optimizer', 'This tool enhances the structure and validity of deductive reasoning within research. It analyses the logical flow from premises to conclusion, ensuring that the arguments are valid, consistent, and free from logical errors.', 1, '2025-07-08 11:05:37.354442', '2025-07-08 11:05:37.354453', 280),
(832, NULL, 'B. Inductive Reasoning Validator', 'This tool evaluates inductive reasoning by examining how well generalizations or conclusions are supported by specific data, identifying over generalization, weak evidence, or gaps in the reasoning.', 1, '2025-07-08 11:05:37.358726', '2025-07-08 11:05:37.358743', 280),
(833, NULL, 'C. Research Heuristic Advisor', 'This tool offers guidance on using heuristics in research decision-making, while identifying potential pitfalls and suggesting corrections.', 1, '2025-07-08 11:05:37.363476', '2025-07-08 11:05:37.363494', 280),
(834, NULL, 'A. Reverse Case Study Analyser', 'This tool deconstructs case studies to reveal the underlying factors, assumptions, and decisions that shaped the outcomes, offering lessons for future research.', 1, '2025-07-08 11:05:37.370288', '2025-07-08 11:05:37.370308', 281),
(835, NULL, 'B. Literature Review Disassembler', 'This tool breaks down a literature review into its core sources and arguments, showing how the review was constructed and identifying opportunities for expanding or refining the analysis.', 1, '2025-07-08 11:05:37.375192', '2025-07-08 11:05:37.375206', 281),
(836, NULL, 'C. Intellectual Risk Assessment', 'This tool assesses the intellectual risks associated with novel research ideas or controversial claims, offering strategies to mitigate these risks.', 1, '2025-07-08 11:05:37.380474', '2025-07-08 11:05:37.380495', 281);

-- ------------------------------------------------------------------------------------------------------------------
-- 7 27

INSERT INTO `_27_menu` (`id`, `deleted_at`, `name`, `status`, `created_at`, `updated_at`, `form_id`) VALUES
(133, NULL, 'Integrative Research Thinking', 1, '2025-07-04 07:50:03.180445', '2025-07-04 07:50:03.180478', 7),
(134, NULL, 'Abstract Theoretical Exploration', 1, '2025-07-04 07:50:03.210750', '2025-07-04 07:50:03.210776', 7),
(135, NULL, 'Advanced Computational Insights', 1, '2025-07-04 07:50:03.235184', '2025-07-04 07:50:03.235202', 7),
(136, NULL, 'Redefining Foundations for Research', 1, '2025-07-04 07:50:03.258653', '2025-07-04 07:50:03.258671', 7),
(137, NULL, 'Cognitive and Decision-Making Enhancement', 1, '2025-07-04 07:50:03.285350', '2025-07-04 07:50:03.285367', 7),
(138, NULL, 'Complex Systems Interrogation ', 1, '2025-07-04 07:50:03.308482', '2025-07-04 07:50:03.308499', 7),
(139, NULL, 'Expanding Cognitive Horizons', 1, '2025-07-04 07:50:03.331067', '2025-07-04 07:50:03.331084', 7),
(140, NULL, 'Creative and Innovative Frameworks', 1, '2025-07-04 07:50:03.356311', '2025-07-04 07:50:03.356328', 7),
(141, NULL, 'Challenging Conventional Wisdom', 1, '2025-07-04 07:50:03.379476', '2025-07-04 07:50:03.379498', 7),
(142, NULL, 'Philosophical Depths and Ethical Considerations', 1, '2025-07-04 07:50:03.403124', '2025-07-04 07:50:03.403140', 7);


INSERT INTO `_27_groups` (`id`, `deleted_at`, `name`, `description`, `status`, `created_at`, `updated_at`, `menu_id`) VALUES
(512, NULL, 'A. Non-Linear Associative Thinking. Inspired By: Nikola Tesla', 'Significance:Enables the connection of seemingly unrelated concepts to generate ground-breaking innovations. Expected Outputs: Revolutionary concepts and inventions that combine principles from disparate fields, resulting in innovations that redefine industries.', 1, '2025-07-04 07:50:03.181457', '2025-07-04 07:50:03.181474', 133),
(513, NULL, 'B. Synergistic Convergence. Inspired By: Marie Curie', 'Significance:Involves bringing together disparate ideas, fields, or technologies to create a new, more powerful whole. Expected Outputs: Breakthrough discoveries that emerge from the intersection of disciplines, often leading to entirely new fields of study.', 1, '2025-07-04 07:50:03.190772', '2025-07-04 07:50:03.190792', 133),
(514, NULL, 'C. Hyper-Conscious Exploration. Inspired By: Buckminster Fuller', 'Significance:Involves the conscious exploration of the intersections between different domains of knowledge, seeking out new synergies and applications. Problem Solved: Expands the boundaries of what is possible by exploring the frontiers of knowledge where disciplines intersect.', 1, '2025-07-04 07:50:03.196875', '2025-07-04 07:50:03.196892', 133),
(515, NULL, 'D. Holistic Pattern Recognition. Inspired By: Barbara McClintock', 'Significance:Involves recognizing complex patterns across multiple scales and contexts, leading to deep insights into biological and physical systems. Expected Outputs: Deep insights into the underlying structures and behaviors of complex systems, often leading to ground-breaking discoveries.', 1, '2025-07-04 07:50:03.204345', '2025-07-04 07:50:03.204365', 133),
(516, NULL, 'A. Thought Experiments with Deep Abstraction. Inspired By: Albert Einstein', 'Significance:Utilizes abstract thought experiments to explore fundamental principles and uncover universal truths. Expected Outputs: New theories or modifications to existing ones that provide deeper insights into the nature of reality.', 1, '2025-07-04 07:50:03.211673', '2025-07-04 07:50:03.211689', 134),
(517, NULL, 'B. Temporal and Spatial Transcendence. Inspired By: Carl Sagan', 'Significance:Involves thinking across vast spans of time and space, considering the long-term implications of ideas and actions on a cosmic scale. Expected Outputs: Theories and concepts that transcend current human understanding, contributing to long-term knowledge and progress.', 1, '2025-07-04 07:50:03.217372', '2025-07-04 07:50:03.217389', 134),
(518, NULL, 'C. Singularity Projection. Inspired By: Ray Kurzweil', 'Significance:Projects the implications of approaching technological singularity, where AI surpasses human intelligence, to inform current research and innovation strategies. Expected Outputs: Research strategies and innovations that are future-proof, positioning researchers to lead in a post-singularity world.', 1, '2025-07-04 07:50:03.223588', '2025-07-04 07:50:03.223609', 134),
(519, NULL, 'D. Holographic Thinking. Inspired By: Dennis Gabor', 'Significance:Thinks of problems and solutions as holograms, where every part contains the whole, enabling researchers to explore ideas from multiple perspectives simultaneously. Expected Outputs: Holistic solutions that integrate all relevant perspectives, leading to comprehensive and highly effective innovations.', 1, '2025-07-04 07:50:03.229226', '2025-07-04 07:50:03.229243', 134),
(520, NULL, 'A. Algorithmic Intuition. Inspired By: Alan Turing', 'Significance:Combines computational algorithms with human intuition to enhance decision-making in uncertain environments. Expected Outputs: Highly accurate predictions and decisions that blend computational precision with human insight, leading to breakthrough developments in AI and machine learning.', 1, '2025-07-04 07:50:03.235932', '2025-07-04 07:50:03.235967', 135),
(521, NULL, 'B. Quantum Computing Integration. Inspired By: Richard Feynman', 'Significance:Integrates quantum computing principles into cognitive processes to enhance problem-solving capabilities far beyond classical computation. Expected Outputs: Radically enhanced computational capabilities that enable the solution of problems previously considered intractable, leading to new advancements in cryptography, optimization, and AI.', 1, '2025-07-04 07:50:03.241646', '2025-07-04 07:50:03.241662', 135),
(522, NULL, 'C. Neural Network Augmentation. Inspired By: Yoshua Bengio', 'Significance:Enhances human cognitive processes by integrating them with advanced neural networks, creating a symbiotic relationship between human and machine intelligence. Expected Outputs: Enhanced cognitive capabilities that allow for more sophisticated problem-solving, leading to innovations that combine human creativity with machine precision.', 1, '2025-07-04 07:50:03.247831', '2025-07-04 07:50:03.247848', 135),
(523, NULL, 'D. Multi-Spectral Analysis. Inspired By: Richard Feynman', 'Significance:Involves analyzing problems or systems across multiple spectra (e.g., electromagnetic, acoustic, or even conceptual), revealing hidden patterns and insights. Expected Outputs: Deep insights into the structure and behavior of complex systems, leading to innovations in materials engineering, remote sensing, and beyond.', 1, '2025-07-04 07:50:03.253139', '2025-07-04 07:50:03.253156', 135),
(524, NULL, 'A. First Principles Thinking. Inspired By: Elon Musk ', 'Significance: Breaks down complex problems into their most basic, fundamental components, then rebuilds solutions from the ground up. Expected Outputs: Radically innovative solutions that challenge conventional wisdom and provide new frameworks for understanding and solving problems.', 1, '2025-07-04 07:50:03.259491', '2025-07-04 07:50:03.259519', 136),
(525, NULL, 'B. Meta-Analytic Synthesis. Inspired By: Gene Glass', 'Significance: Goes beyond traditional meta-analysis by synthesizing data across multiple levels of analysis, creating comprehensive models that integrate diverse findings. Expected Outputs: Comprehensive, integrated models that provide new insights into complex phenomena, enabling more accurate predictions and theoretical advancements.', 1, '2025-07-04 07:50:03.265723', '2025-07-04 07:50:03.265742', 136),
(526, NULL, 'C. Ethical Paradox Resolution. Inspired By: Immanuel Kant', 'Significance: Focuses on resolving ethical paradoxes that arise in cutting-edge research and innovation, particularly in fields like AI, biotechnology, and quantum computing. Expected Outputs: Ethically robust frameworks that guide research and innovation, ensuring that technological advancements benefit humanity while minimizing harm.', 1, '2025-07-04 07:50:03.272436', '2025-07-04 07:50:03.272460', 136),
(527, NULL, 'D. Hyperspace Conceptualization. Inspired By: Albert Einstein', 'Significance: Involves conceptualizing and solving problems by visualizing them in hyperspace (spaces with more than three dimensions), enabling the exploration of complex phenomena from entirely new perspectives. Expected Outputs: New theories and models that extend our understanding of space, time, and matter, potentially leading to breakthroughs in quantum physics and cosmology.', 1, '2025-07-04 07:50:03.278965', '2025-07-04 07:50:03.278988', 136),
(528, NULL, 'A. Intuitive Synthesis of Information. Inspired By: Steve Jobs', 'Significance: Combines rational analysis with intuitive insight to synthesize information into a coherent, innovative whole. Expected Outputs: Products, services, or theories that resonate deeply with users or stakeholders, often characterized by their elegance and simplicity.', 1, '2025-07-04 07:50:03.286035', '2025-07-04 07:50:03.286051', 137),
(529, NULL, 'B. Meta-Cognitive Strategy Development. Inspired By: Noam Chomsky', 'Significance: Involves the development of strategies that not only solve problems but also enhance the researcher’s cognitive processes over time. Expected Outputs: Enhanced cognitive abilities, leading to progressively more sophisticated problem-solving and research outcomes.', 1, '2025-07-04 07:50:03.291681', '2025-07-04 07:50:03.291698', 137),
(530, NULL, 'C. Fractal Cognition. Inspired By: Benoit Mandelbrot', 'Significance: Utilizes the principles of fractals to understand and model complex systems that exhibit self-similarity across different scales. Expected Outputs: Insights into the underlying patterns and structures of complex systems, leading to new models and theories that can predict system behavior across multiple scales.', 1, '2025-07-04 07:50:03.297552', '2025-07-04 07:50:03.297568', 137),
(531, NULL, 'D. Paradoxical Synthesis. Inspired By: Hegel', 'Significance: Involves synthesizing contradictory ideas or theories into a new, more comprehensive framework that transcends the limitations of the original components. Expected Outputs: New, synthesized theories that provide a more complete understanding of complex phenomena, leading to advancements in fields where contradictions are prevalent.', 1, '2025-07-04 07:50:03.303066', '2025-07-04 07:50:03.303083', 137),
(532, NULL, 'A. Hyper-Complexity Modelling. Inspired By: Alan Turing', 'Significance: Involves creating models of systems so complex that they approach the limits of computational or human understanding. Expected Outputs: Models and simulations that provide deep insights into the behavior of complex systems, often revealing new principles or laws.', 1, '2025-07-04 07:50:03.309280', '2025-07-04 07:50:03.309299', 138),
(533, NULL, 'B. Dynamic Systems Interrogation. Inspired By: Stephen Hawking', 'Significance: Involves interrogating the fundamental dynamics of complex systems to uncover the rules governing their behavior. Expected Outputs: New laws or principles that explain the behavior of complex systems, leading to predictive models with wide applicability.', 1, '2025-07-04 07:50:03.314857', '2025-07-04 07:50:03.314874', 138),
(534, NULL, 'C. Emergent Property Analysis. Inspired By: Erwin Schrödinger', 'Significance: Investigates the properties that emerge from complex systems that are not apparent from their individual components. Expected Outputs: Insights into the emergent properties of complex systems, leading to new theories and applications in fields like biology, physics, and artificial intelligence.', 1, '2025-07-04 07:50:03.320367', '2025-07-04 07:50:03.320387', 138),
(535, NULL, 'D. Hyper-Empirical Methodology. Inspired By: Francis Bacon', 'Significance: Extends traditional empiricism by incorporating data from non-traditional sources, including virtual simulations, AI-generated data, and meta-analyses, to create a more robust empirical foundation. Expected Outputs: Comprehensive empirical models that provide new insights and validate theories across a wide range of disciplines, leading to more robust and generalizable findings.', 1, '2025-07-04 07:50:03.325845', '2025-07-04 07:50:03.325862', 138),
(536, NULL, 'A. Quantum Entanglement Cognition. Inspired By: David Bohm', 'Significance: Draws on the principles of quantum entanglement to create cognitive connections between seemingly unrelated ideas, enabling non-local thinking. Expected Outputs: Deeply interconnected ideas and theories that transcend traditional boundaries, leading to disruptive innovations and novel theoretical frameworks.', 1, '2025-07-04 07:50:03.331811', '2025-07-04 07:50:03.331840', 139),
(537, NULL, 'B. Conscious System Feedback Loops. Inspired By: Norbert Wiener', 'Significance: Creates feedback loops between conscious thought processes and external systems (such as AI or physical simulations) to enhance learning and innovation. Expected Outputs: Rapidly evolving ideas and solutions that are continuously refined through interaction with external systems, leading to highly optimized research outcomes.', 1, '2025-07-04 07:50:03.337401', '2025-07-04 07:50:03.337418', 139),
(538, NULL, 'C. Epistemic Frame Creation. Inspired By: Thomas Kuhn', 'Significance: Involves creating new epistemic frames—ways of knowing and understanding the world—that challenge and expand traditional paradigms. Expected Outputs: New ways of understanding and exploring reality, leading to innovative research methodologies and theoretical breakthroughs.', 1, '2025-07-04 07:50:03.342955', '2025-07-04 07:50:03.342972', 139),
(539, NULL, 'D. Multiverse Reasoning. Inspired By: Hugh Everett III', 'Significance: Explores the implications of the multiverse theory for research and innovation, considering multiple, parallel realities. Expected Outputs: Theories and models that incorporate the possibility of multiple realities, leading to new insights into quantum mechanics, cosmology, and beyond.', 1, '2025-07-04 07:50:03.349028', '2025-07-04 07:50:03.349054', 139),
(540, NULL, 'A. Symbiotic Ideation. Inspired By: Douglas Engelbart', 'Significance: Involves the co-creation of ideas between humans and advanced AI, leading to the generation of novel concepts that neither could produce alone. Expected Outputs: Radically new ideas and innovations that push the boundaries of what is possible in both technology and human creativity.', 1, '2025-07-04 07:50:03.357064', '2025-07-04 07:50:03.357080', 140),
(541, NULL, 'B. Iterative Hypothetical Modelling. Inspired By: Werner Heisenberg', 'Significance: Involves creating, testing, and refining hypotheses in an iterative loop, continuously improving understanding. Expected Outputs: Highly refined models and theories that evolve in response to new data, leading to a progressively deeper understanding of the research subject.', 1, '2025-07-04 07:50:03.362600', '2025-07-04 07:50:03.362617', 140),
(542, NULL, 'C. Reciprocal Modelling. Inspired By: Niels Bohr', 'Significance: Involves constructing models that simultaneously account for two or more contradictory theories, allowing for a deeper exploration of their interplay and reconciliation. Expected Outputs: Integrated models that provide a more comprehensive understanding of complex phenomena, potentially leading to the resolution of longstanding theoretical conflicts.', 1, '2025-07-04 07:50:03.367879', '2025-07-04 07:50:03.367899', 140),
(543, NULL, 'D. Non-Deterministic Thinking. Inspired By: Werner Heisenberg', 'Significance: Embraces the inherent uncertainty and non-determinism of certain systems, using it as a tool for exploration and innovation rather than a limitation. Expected Outputs: Innovative solutions and theories that harness the power of uncertainty, leading to breakthroughs in quantum computing, stochastic modeling, and beyond.', 1, '2025-07-04 07:50:03.373229', '2025-07-04 07:50:03.373245', 140),
(544, NULL, 'A. Radical Openness. Inspired By: Richard Dawkins', 'Significance: Embraces radical openness to new ideas, theories, and methodologies, regardless of their source or initial plausibility. Expected Outputs: The acceptance and development of ground-breaking ideas that challenge the status quo and lead to significant advancements in knowledge.', 1, '2025-07-04 07:50:03.380645', '2025-07-04 07:50:03.380672', 141),
(545, NULL, 'B. Reverse Causality Thinking. Inspired By: Richard Feynman', 'Significance: Explores the effects before the causes, reversing traditional causal reasoning to uncover hidden relationships and insights. Expected Outputs: New theories or models that explain complex phenomena in novel ways, potentially leading to paradigm shifts.', 1, '2025-07-04 07:50:03.386678', '2025-07-04 07:50:03.386695', 141),
(546, NULL, 'C. Cognitive Dissonance Exploitation. Inspired By: Leon Festinger', 'Significance: Intentionally creates and harnesses cognitive dissonance to drive deeper exploration and innovation. Expected Outputs: Breakthrough ideas and innovations that arise from the resolution of cognitive dissonance, leading to new paradigms and theories.', 1, '2025-07-04 07:50:03.392172', '2025-07-04 07:50:03.392189', 141),
(547, NULL, 'D. Asymmetric Reasoning. Inspired By: Nassim Nicholas Taleb', 'Significance: Focuses on identifying and exploiting asymmetries in knowledge, risk, and reward. Expected Outputs: Strategies and theories that capitalize on hidden asymmetries, leading to disproportionate gains or insights.', 1, '2025-07-04 07:50:03.397726', '2025-07-04 07:50:03.397743', 141),
(548, NULL, 'A. Hyper-Contextualization. Inspired By: Clifford Geertz', 'Significance: Involves placing ideas, innovations, or theories within an extremely rich and detailed context, considering all possible influences and implications. Expected Outputs: Deeply contextualized theories and innovations that are more resilient, applicable, and effective across diverse scenarios.', 1, '2025-07-04 07:50:03.403802', '2025-07-04 07:50:03.403819', 142),
(549, NULL, 'B. Holonic Thinking. Inspired By: Arthur Koestler', 'Significance: Based on the concept of holons, which are entities that are both wholes and parts, this thinking approach helps in understanding complex, layered systems. Expected Outputs: New insights into the multi-level interactions within systems, leading to innovations in organizational design, biological research, and systems engineering.', 1, '2025-07-04 07:50:03.409139', '2025-07-04 07:50:03.409155', 142),
(550, NULL, 'C. Entropy-Driven Creativity. Inspired By: Ilya Prigogine', 'Significance: Uses the principles of entropy and self-organization to drive creative processes, encouraging the emergence of novel ideas from the \"chaos\" of the unknown. Expected Outputs: Novel, high-impact ideas and solutions that emerge from the interplay of order and chaos, potentially leading to breakthroughs in systems theory, AI, and innovation management.', 1, '2025-07-04 07:50:03.415731', '2025-07-04 07:50:03.415756', 142),
(551, NULL, 'D. Teleological Exploration. Inspired By: Aristotle', 'Significance: Involves exploring problems and systems by considering their ultimate purpose or end goal (telos), rather than just their immediate causes or mechanisms. Expected Outputs: Innovations and theories that align with the ultimate goals or purposes of systems, leading to more impactful and ethically sound outcomes.', 1, '2025-07-04 07:50:03.421978', '2025-07-04 07:50:03.422010', 142);

-- ------------------------------------------------------------------------------------------------------------------
-- 8 38

INSERT INTO `_38_btngroups` (`id`, `deleted_at`, `name`, `description`, `status`, `created_at`, `updated_at`, `form_id`) VALUES
(112, NULL, 'Outputs: Bloom\'s Taxonomy -Cognitive- K3, and K4 Levels', 'sa ddas sad asd das ads asd das ads das asd d asa sd', 1, '2025-07-04 07:59:04.426791', '2025-07-04 07:59:04.426812', 8),
(113, NULL, 'Outputs: Bloom\'s Taxonomy - Cognitive - K5, K6, Meta-Cognitive Levels & New Research Ideas', '', 1, '2025-07-04 07:59:04.445480', '2025-07-04 07:59:04.445497', 8);

INSERT INTO `_38_groups` (`id`, `deleted_at`, `name`, `description`, `status`, `created_at`, `updated_at`, `form_id`) VALUES
(86, NULL, '', '', 1, '2025-07-04 07:59:04.411131', '2025-07-04 07:59:04.411163', 8);

INSERT INTO `_38_inputs` (`id`, `deleted_at`, `name`, `placeholder`, `remark`, `required`, `status`, `created_at`, `updated_at`, `group_id`, `input_type_id`) VALUES
(1257, NULL, 'Tentative Research Problem Statement', '', '', 0, 1, '2025-07-04 07:59:04.412238', '2025-07-04 07:59:04.412260', 86, 1),
(1258, NULL, 'Preliminary Research Questions', '', '', 0, 1, '2025-07-04 07:59:04.413016', '2025-07-04 07:59:04.413033', 86, 1),
(1259, NULL, 'Draft List of Keywords', '', '', 0, 1, '2025-07-04 07:59:04.413836', '2025-07-04 07:59:04.413857', 86, 1),
(1260, NULL, 'Names Databases/Search Engines (JSTOR, PubMed)', '', '', 0, 1, '2025-07-04 07:59:04.414650', '2025-07-04 07:59:04.414667', 86, 1),
(1261, NULL, 'Scope of the Review (Geography/Duration etc)', '', '', 0, 1, '2025-07-04 07:59:04.415390', '2025-07-04 07:59:04.415408', 86, 1),
(1262, NULL, 'List of Renowned Journals/Publications', '', '', 0, 1, '2025-07-04 07:59:04.416100', '2025-07-04 07:59:04.416127', 86, 1),
(1263, NULL, 'Preliminary Theoretical and Conceptual Ideas', '', '', 0, 1, '2025-07-04 07:59:04.416808', '2025-07-04 07:59:04.416825', 86, 1),
(1264, NULL, 'Existing Literature Reviews', '', '', 0, 1, '2025-07-04 07:59:04.417563', '2025-07-04 07:59:04.417581', 86, 1),
(1265, NULL, 'Reference Management Software Tool', '', '', 0, 1, '2025-07-04 07:59:04.418338', '2025-07-04 07:59:04.418362', 86, 1),
(1266, NULL, 'Feedback from Experts', '', '', 0, 1, '2025-07-04 07:59:04.419132', '2025-07-04 07:59:04.419149', 86, 1),
(1267, NULL, 'Initial Operational Definitions', '', '', 0, 1, '2025-07-04 07:59:04.419932', '2025-07-04 07:59:04.419954', 86, 1),
(1268, NULL, 'Preliminary Statistical Techniques', '', '', 0, 1, '2025-07-04 07:59:04.420757', '2025-07-04 07:59:04.420778', 86, 1),
(1269, NULL, 'Preliminary Quantitative Data Sets', '', '', 0, 1, '2025-07-04 07:59:04.421499', '2025-07-04 07:59:04.421517', 86, 1),
(1270, NULL, 'Philosophical Frameworks', '', '', 0, 1, '2025-07-04 07:59:04.422191', '2025-07-04 07:59:04.422209', 86, 1),
(1271, NULL, 'Previous Qualitative Approaches', '', '', 0, 1, '2025-07-04 07:59:04.422979', '2025-07-04 07:59:04.423000', 86, 1),
(1272, NULL, 'Any Specific Input', '', '', 0, 1, '2025-07-04 07:59:04.423741', '2025-07-04 07:59:04.423759', 86, 1),
(1273, NULL, 'Additional Data - 1: (filename.pdf)', '', '', 0, 1, '2025-07-04 07:59:04.424477', '2025-07-04 07:59:04.424494', 86, 4),
(1274, NULL, 'Additional Data - 2: (filename.csv)', '', '', 0, 1, '2025-07-04 07:59:04.425188', '2025-07-04 07:59:04.425223', 86, 5),
(1275, NULL, 'Additional Data - 3: (filename.png)', '', '', 0, 1, '2025-07-04 07:59:04.426030', '2025-07-04 07:59:04.426047', 86, 6);

-- ------------------------------------------------------------------------------------------------------------------
-- 9 39
INSERT INTO `_39_btngroups` (`id`, `deleted_at`, `name`, `description`, `status`, `created_at`, `updated_at`, `form_id`) VALUES
(17, NULL, 'Outputs: Bloom\'s Taxonomy -Cognitive- K3, and K4 Levels', '', 1, '2025-07-07 07:18:35.010188', '2025-07-07 07:18:35.010207', 9),
(18, NULL, 'Outputs: Bloom\'s Taxonomy - Cognitive - K5, K6, Meta-Cognitive Levels & New Research Ideas', '', 1, '2025-07-07 07:18:35.022853', '2025-07-07 07:18:35.022872', 9);

INSERT INTO `_39_groups` (`id`, `deleted_at`, `name`, `description`, `status`, `created_at`, `updated_at`, `form_id`) VALUES
(9, NULL, '', '', 1, '2025-07-07 07:18:34.994841', '2025-07-07 07:18:34.994875', 9);

INSERT INTO `_39_inputs` (`id`, `deleted_at`, `name`, `placeholder`, `remark`, `required`, `status`, `created_at`, `updated_at`, `group_id`, `input_type_id`) VALUES
(153, NULL, 'Refined Research Problem Statement(s)', '', '', 1, 1, '2025-07-07 07:18:34.995789', '2025-07-07 07:18:34.995808', 9, 1),
(154, NULL, 'Findings & Gaps from Literature Review', '', '', 1, 1, '2025-07-07 07:18:34.996530', '2025-07-07 07:18:34.996548', 9, 1),
(155, NULL, 'Preliminary Hypotheses or Research Questions', '', '', 1, 1, '2025-07-07 07:18:34.997365', '2025-07-07 07:18:34.997387', 9, 1),
(156, NULL, 'Objective/Initial Idea/Concept', '', '', 1, 1, '2025-07-07 07:18:34.998128', '2025-07-07 07:18:34.998146', 9, 1),
(157, NULL, 'Feedback from Experts/ List of Research Areas', '', '', 1, 1, '2025-07-07 07:18:34.998832', '2025-07-07 07:18:34.998851', 9, 1),
(158, NULL, 'Journal/Conference Target List', '', '', 1, 1, '2025-07-07 07:18:34.999537', '2025-07-07 07:18:34.999566', 9, 1),
(159, NULL, 'Potential Benefits of Research', '', '', 1, 1, '2025-07-07 07:18:35.000454', '2025-07-07 07:18:35.000473', 9, 1),
(160, NULL, 'Resources Availability', '', '', 1, 1, '2025-07-07 07:18:35.001264', '2025-07-07 07:18:35.001298', 9, 1),
(161, NULL, 'Details of Prior Similar Studies', '', '', 1, 1, '2025-07-07 07:18:35.001984', '2025-07-07 07:18:35.002002', 9, 1),
(162, NULL, 'List of Quantitative Research Techniques', '', '', 1, 1, '2025-07-07 07:18:35.002698', '2025-07-07 07:18:35.002717', 9, 1),
(163, NULL, 'Preliminary Data Sets', '', '', 1, 1, '2025-07-07 07:18:35.003439', '2025-07-07 07:18:35.003457', 9, 1),
(164, NULL, 'Known Variables', '', '', 1, 1, '2025-07-07 07:18:35.004181', '2025-07-07 07:18:35.004199', 9, 1),
(165, NULL, 'Stakeholders\' Inputs', '', '', 1, 1, '2025-07-07 07:18:35.005040', '2025-07-07 07:18:35.005059', 9, 1),
(166, NULL, 'Narratives or Anecdotes', '', '', 1, 1, '2025-07-07 07:18:35.005753', '2025-07-07 07:18:35.005771', 9, 1),
(167, NULL, 'Qualitative Research Paradigms', '', '', 1, 1, '2025-07-07 07:18:35.006465', '2025-07-07 07:18:35.006484', 9, 1),
(168, NULL, 'Any Specific Input', '', '', 1, 1, '2025-07-07 07:18:35.007150', '2025-07-07 07:18:35.007169', 9, 1),
(169, NULL, 'Additional Data - 1: (filename.pdf)', '', '', 1, 1, '2025-07-07 07:18:35.007915', '2025-07-07 07:18:35.007934', 9, 4),
(170, NULL, 'Additional Data - 2: (filename.csv)', '', '', 1, 1, '2025-07-07 07:18:35.008634', '2025-07-07 07:18:35.008652', 9, 5),
(171, NULL, 'Additional Data - 3: (filename.png)', '', '', 1, 1, '2025-07-07 07:18:35.009373', '2025-07-07 07:18:35.009391', 9, 6);

-- ------------------------------------------------------------------------------------------------------------------
-- 10 310
INSERT INTO `_310_btngroups` (`id`, `deleted_at`, `name`, `description`, `status`, `created_at`, `updated_at`, `form_id`) VALUES
(11, NULL, 'Outputs: Bloom\'s Taxonomy -Cognitive- K3, and K4 Levels', '', 1, '2025-07-04 07:58:29.386818', '2025-07-04 07:58:29.386835', 10),
(12, NULL, 'Outputs: Bloom\'s Taxonomy - Cognitive - K5, K6, Meta-Cognitive Levels & New Research Ideas', '', 1, '2025-07-04 07:58:29.433342', '2025-07-04 07:58:29.433371', 10);

INSERT INTO `_310_groups` (`id`, `deleted_at`, `name`, `description`, `status`, `created_at`, `updated_at`, `form_id`) VALUES
(6, NULL, '', '', 1, '2025-07-04 07:58:29.370833', '2025-07-04 07:58:29.370866', 10);

INSERT INTO `_310_inputs` (`id`, `deleted_at`, `name`, `placeholder`, `remark`, `required`, `status`, `created_at`, `updated_at`, `group_id`, `input_type_id`) VALUES
(96, NULL, 'A Clear Research Problem Statement', '', '', 1, 1, '2025-07-04 07:58:29.372203', '2025-07-04 07:58:29.372233', 6, 1),
(97, NULL, 'List of Concepts (Preliminary Ideas / Terms)', '', '', 1, 1, '2025-07-04 07:58:29.373010', '2025-07-04 07:58:29.373028', 6, 1),
(98, NULL, 'Existing Literature Review Summary', '', '', 1, 1, '2025-07-04 07:58:29.373731', '2025-07-04 07:58:29.373747', 6, 1),
(99, NULL, 'Measurement Tools - from Literature Review', '', '', 1, 1, '2025-07-04 07:58:29.374530', '2025-07-04 07:58:29.374552', 6, 1),
(100, NULL, 'Expected/Desired Outcomes', '', '', 1, 1, '2025-07-04 07:58:29.375503', '2025-07-04 07:58:29.375527', 6, 1),
(101, NULL, 'Tentative List of variables', '', '', 1, 1, '2025-07-04 07:58:29.376342', '2025-07-04 07:58:29.376364', 6, 1),
(102, NULL, 'Preliminary Hypotheses (Quantitative)', '', '', 1, 1, '2025-07-04 07:58:29.377108', '2025-07-04 07:58:29.377125', 6, 1),
(103, NULL, 'Statistical Analysis Plan (Quantitative)', '', '', 1, 1, '2025-07-04 07:58:29.377800', '2025-07-04 07:58:29.377816', 6, 1),
(104, NULL, 'Previous Quantitative Studies (Quantitative)', '', '', 1, 1, '2025-07-04 07:58:29.378516', '2025-07-04 07:58:29.378544', 6, 1),
(105, NULL, 'Known Quantitative Data Sets (Quantitative)', '', '', 1, 1, '2025-07-04 07:58:29.379240', '2025-07-04 07:58:29.379266', 6, 1),
(106, NULL, 'Narrative Structures (Qualitative)', '', '', 1, 1, '2025-07-04 07:58:29.380077', '2025-07-04 07:58:29.380099', 6, 1),
(107, NULL, 'Interview/Focus Group Guides (Qualitative)', '', '', 1, 1, '2025-07-04 07:58:29.380799', '2025-07-04 07:58:29.380816', 6, 1),
(108, NULL, 'Case Study Profiles (Qualitative)', '', '', 1, 1, '2025-07-04 07:58:29.381571', '2025-07-04 07:58:29.381591', 6, 1),
(109, NULL, 'Qualitative Coding Plans (Qualitative)', '', '', 1, 1, '2025-07-04 07:58:29.382362', '2025-07-04 07:58:29.382380', 6, 1),
(110, NULL, 'Feedback from Experts - about variables', '', '', 1, 1, '2025-07-04 07:58:29.383067', '2025-07-04 07:58:29.383084', 6, 1),
(111, NULL, 'Any Specific Input', '', '', 1, 1, '2025-07-04 07:58:29.383762', '2025-07-04 07:58:29.383780', 6, 1),
(112, NULL, 'Additional Data - 1: (filename.pdf)', '', '', 1, 1, '2025-07-04 07:58:29.384538', '2025-07-04 07:58:29.384558', 6, 4),
(113, NULL, 'Additional Data - 2: (filename.csv)', '', '', 1, 1, '2025-07-04 07:58:29.385337', '2025-07-04 07:58:29.385353', 6, 5),
(114, NULL, 'Additional Data - 3: (filename.png)', '', '', 1, 1, '2025-07-04 07:58:29.386040', '2025-07-04 07:58:29.386057', 6, 6);

-- ------------------------------------------------------------------------------------------------------------------
-- 11 311
INSERT INTO `_311_btngroups` (`id`, `deleted_at`, `name`, `description`, `status`, `created_at`, `updated_at`, `form_id`) VALUES
(9, NULL, 'Outputs: Bloom\'s Taxonomy -Cognitive- K3, and K4 Levels', '', 1, '2025-07-04 08:02:47.119867', '2025-07-04 08:02:47.119884', 11),
(10, NULL, 'Outputs: Bloom\'s Taxonomy - Cognitive - K5, K6, Meta-Cognitive Levels & New Research Ideas', '', 1, '2025-07-04 08:02:47.157120', '2025-07-04 08:02:47.157137', 11);

INSERT INTO `_311_groups` (`id`, `deleted_at`, `name`, `description`, `status`, `created_at`, `updated_at`, `form_id`) VALUES
(5, NULL, '', '', 1, '2025-07-04 08:02:47.104629', '2025-07-04 08:02:47.104661', 11);

INSERT INTO `_311_inputs` (`id`, `deleted_at`, `name`, `placeholder`, `remark`, `required`, `status`, `created_at`, `updated_at`, `group_id`, `input_type_id`) VALUES
(77, NULL, 'Hypotheses Repository', '', '', 1, 1, '2025-07-04 08:02:47.105556', '2025-07-04 08:02:47.105573', 5, 1),
(78, NULL, 'Research Problem & Objectives', '', '', 1, 1, '2025-07-04 08:02:47.106303', '2025-07-04 08:02:47.106320', 5, 1),
(79, NULL, 'Literature Review Summary', '', '', 1, 1, '2025-07-04 08:02:47.107169', '2025-07-04 08:02:47.107191', 5, 1),
(80, NULL, 'Preliminary Concepts & Variables', '', '', 1, 1, '2025-07-04 08:02:47.107841', '2025-07-04 08:02:47.107857', 5, 1),
(81, NULL, 'Desired Outcomes of Research', '', '', 1, 1, '2025-07-04 08:02:47.108523', '2025-07-04 08:02:47.108555', 5, 1),
(82, NULL, 'Existing / Similar Hypotheses Examples', '', '', 1, 1, '2025-07-04 08:02:47.109215', '2025-07-04 08:02:47.109231', 5, 1),
(83, NULL, 'Intended Research Methodology / Plan', '', '', 1, 1, '2025-07-04 08:02:47.110015', '2025-07-04 08:02:47.110035', 5, 1),
(84, NULL, 'Identified Variables', '', '', 1, 1, '2025-07-04 08:02:47.110753', '2025-07-04 08:02:47.110773', 5, 1),
(85, NULL, 'Feedback from Experts - Regarding Hypotheses', '', '', 1, 1, '2025-07-04 08:02:47.111568', '2025-07-04 08:02:47.111586', 5, 1),
(86, NULL, 'Statistical Analysis Techniques', '', '', 1, 1, '2025-07-04 08:02:47.112333', '2025-07-04 08:02:47.112363', 5, 1),
(87, NULL, 'Operational Definitions', '', '', 1, 1, '2025-07-04 08:02:47.113044', '2025-07-04 08:02:47.113060', 5, 1),
(88, NULL, 'Potential Relationships between Variables', '', '', 1, 1, '2025-07-04 08:02:47.113735', '2025-07-04 08:02:47.113752', 5, 1),
(89, NULL, 'Thematic Areas for Exploration (Qualitative)', '', '', 1, 1, '2025-07-04 08:02:47.114462', '2025-07-04 08:02:47.114479', 5, 1),
(90, NULL, 'Qualitative Methodologies', '', '', 1, 1, '2025-07-04 08:02:47.115270', '2025-07-04 08:02:47.115291', 5, 1),
(91, NULL, 'Previous Qualitative Hypotheses / Questions', '', '', 1, 1, '2025-07-04 08:02:47.116050', '2025-07-04 08:02:47.116067', 5, 1),
(92, NULL, 'Any Specific Input', '', '', 1, 1, '2025-07-04 08:02:47.116758', '2025-07-04 08:02:47.116774', 5, 1),
(93, NULL, 'Additional Data - 1: (filename.pdf)', '', '', 1, 1, '2025-07-04 08:02:47.117488', '2025-07-04 08:02:47.117504', 5, 4),
(94, NULL, 'Additional Data - 2: (filename.csv)', '', '', 1, 1, '2025-07-04 08:02:47.118299', '2025-07-04 08:02:47.118320', 5, 5),
(95, NULL, 'Additional Data - 3: (filename.png)', '', '', 1, 1, '2025-07-04 08:02:47.119079', '2025-07-04 08:02:47.119096', 5, 6);

-- ------------------------------------------------------------------------------------------------------------------
-- 12 312 

INSERT INTO `_312_btngroups` (`id`, `deleted_at`, `name`, `description`, `status`, `created_at`, `updated_at`, `form_id`) VALUES
(19, NULL, 'Outputs: Bloom\'s Taxonomy -Cognitive- K3, and K4 Levels', '', 1, '2025-07-16 07:02:54.633870', '2025-07-16 07:02:54.633893', 12),
(20, NULL, 'Outputs: Bloom\'s Taxonomy - Cognitive - K5, K6, Meta-Cognitive Levels & New Research Ideas', '', 1, '2025-07-16 07:02:54.654572', '2025-07-16 07:02:54.654596', 12);


INSERT INTO `_312_groups` (`id`, `deleted_at`, `name`, `description`, `status`, `created_at`, `updated_at`, `form_id`) VALUES
(10, NULL, '', '', 1, '2025-07-16 07:02:54.617765', '2025-07-16 07:02:54.617806', 12);

INSERT INTO `_312_inputs` (`id`, `deleted_at`, `name`, `placeholder`, `remark`, `required`, `status`, `created_at`, `updated_at`, `group_id`, `input_type_id`) VALUES
(176, NULL, 'Research Design(s) Chosen', '', '', 0, 1, '2025-07-16 07:02:54.618939', '2025-07-16 07:02:54.618959', 10, 1),
(177, NULL, 'Research Problem Statement', '', '', 0, 1, '2025-07-16 07:02:54.619763', '2025-07-16 07:02:54.619780', 10, 1),
(178, NULL, 'Research Objectives', '', '', 0, 1, '2025-07-16 07:02:54.620503', '2025-07-16 07:02:54.620520', 10, 1),
(179, NULL, 'Formulated Hypotheses', '', '', 0, 1, '2025-07-16 07:02:54.621240', '2025-07-16 07:02:54.621258', 10, 1),
(180, NULL, 'Literature Review Insights', '', '', 0, 1, '2025-07-16 07:02:54.621987', '2025-07-16 07:02:54.622005', 10, 1),
(181, NULL, 'Intended Outcomes', '', '', 0, 1, '2025-07-16 07:02:54.622728', '2025-07-16 07:02:54.622746', 10, 1),
(182, NULL, 'Identified Variables (Quantitative)', '', '', 0, 1, '2025-07-16 07:02:54.623434', '2025-07-16 07:02:54.623452', 10, 1),
(183, NULL, 'Thematic Areas (Qualitative)', '', '', 0, 1, '2025-07-16 07:02:54.624134', '2025-07-16 07:02:54.624158', 10, 1),
(184, NULL, 'Data Collection Plans (Quantitative)', '', '', 0, 1, '2025-07-16 07:02:54.624877', '2025-07-16 07:02:54.624895', 10, 1),
(185, NULL, 'Qualitative Methodologies', '', '', 0, 1, '2025-07-16 07:02:54.625627', '2025-07-16 07:02:54.625645', 10, 1),
(186, NULL, 'Preliminary Field Sites/Contacts (Qualitative)', '', '', 0, 1, '2025-07-16 07:02:54.626329', '2025-07-16 07:02:54.626346', 10, 1),
(187, NULL, 'Measurement Tools', '', '', 0, 1, '2025-07-16 07:02:54.627023', '2025-07-16 07:02:54.627040', 10, 1),
(188, NULL, 'Available Resources', '', '', 0, 1, '2025-07-16 07:02:54.627735', '2025-07-16 07:02:54.627752', 10, 1),
(189, NULL, 'Data Collection Instruments (Qualitative)', '', '', 0, 1, '2025-07-16 07:02:54.628428', '2025-07-16 07:02:54.628446', 10, 1),
(190, NULL, 'Ethical Considerations', '', '', 0, 1, '2025-07-16 07:02:54.629140', '2025-07-16 07:02:54.629157', 10, 1),
(191, NULL, 'Statistical Analysis Techniques (Quantitative)', '', '', 0, 1, '2025-07-16 07:02:54.629832', '2025-07-16 07:02:54.629849', 10, 1),
(192, NULL, 'Any Specific Input', '', '', 0, 1, '2025-07-16 07:02:54.630539', '2025-07-16 07:02:54.630556', 10, 1),
(193, NULL, 'Additional Data - 1: (filename.pdf)', '', '', 0, 1, '2025-07-16 07:02:54.631230', '2025-07-16 07:02:54.631248', 10, 4),
(194, NULL, 'Additional Data - 2: (filename.csv)', '', '', 0, 1, '2025-07-16 07:02:54.632203', '2025-07-16 07:02:54.632229', 10, 5),
(195, NULL, 'Additional Data - 3: (filename.png)', '', '', 0, 1, '2025-07-16 07:02:54.633007', '2025-07-16 07:02:54.633027', 10, 6);

-- ------------------------------------------------------------------------------------------------------------------
-- 13 313
INSERT INTO `_313_btngroups` (`id`, `deleted_at`, `name`, `description`, `status`, `created_at`, `updated_at`, `form_id`) VALUES
(17, NULL, 'Outputs: Bloom\'s Taxonomy -Cognitive- K3, and K4 Levels', '', 1, '2025-07-08 10:38:24.007653', '2025-07-08 10:38:24.007668', 13),
(18, NULL, 'Outputs: Bloom\'s Taxonomy - Cognitive - K5, K6, Meta-Cognitive Levels & New Research Ideas', '', 1, '2025-07-08 10:38:24.041760', '2025-07-08 10:38:24.041773', 13);

INSERT INTO `_313_groups` (`id`, `deleted_at`, `name`, `description`, `status`, `created_at`, `updated_at`, `form_id`) VALUES
(9, NULL, '', '', 1, '2025-07-08 10:38:23.994798', '2025-07-08 10:38:23.994824', 13);

INSERT INTO `_313_inputs` (`id`, `deleted_at`, `name`, `placeholder`, `remark`, `required`, `status`, `created_at`, `updated_at`, `group_id`, `input_type_id`) VALUES
(157, NULL, 'Chosen Study Design', '', '', 1, 1, '2025-07-08 10:38:23.995569', '2025-07-08 10:38:23.995582', 9, 1),
(158, NULL, 'Research Objectives', '', '', 1, 1, '2025-07-08 10:38:23.996109', '2025-07-08 10:38:23.996123', 9, 1),
(159, NULL, 'Chosen Research Design (from 4A)', '', '', 1, 1, '2025-07-08 10:38:23.996687', '2025-07-08 10:38:23.996703', 9, 1),
(160, NULL, 'Intended Outcomes', '', '', 1, 1, '2025-07-08 10:38:23.997334', '2025-07-08 10:38:23.997353', 9, 1),
(161, NULL, 'Research Problem Statement', '', '', 1, 1, '2025-07-08 10:38:23.997880', '2025-07-08 10:38:23.997893', 9, 1),
(162, NULL, 'Available Resources', '', '', 1, 1, '2025-07-08 10:38:23.998381', '2025-07-08 10:38:23.998394', 9, 1),
(163, NULL, 'Identified Variables (Quantitative)', '', '', 1, 1, '2025-07-08 10:38:23.998969', '2025-07-08 10:38:23.998988', 9, 1),
(164, NULL, 'Thematic Areas (Qualitative)', '', '', 1, 1, '2025-07-08 10:38:23.999584', '2025-07-08 10:38:23.999602', 9, 1),
(165, NULL, 'Literature Review Insights', '', '', 1, 1, '2025-07-08 10:38:24.000182', '2025-07-08 10:38:24.000200', 9, 1),
(166, NULL, 'Existing Data Sets / Expected Data Sources', '', '', 1, 1, '2025-07-08 10:38:24.000761', '2025-07-08 10:38:24.000778', 9, 1),
(167, NULL, 'Potential Field Sites or Populations', '', '', 1, 1, '2025-07-08 10:38:24.001438', '2025-07-08 10:38:24.001457', 9, 1),
(168, NULL, 'Preliminary Hypotheses, & Research Questions', '', '', 1, 1, '2025-07-08 10:38:24.002128', '2025-07-08 10:38:24.002148', 9, 1),
(169, NULL, 'Data Collection Instruments and Plans', '', '', 1, 1, '2025-07-08 10:38:24.002737', '2025-07-08 10:38:24.002756', 9, 1),
(170, NULL, 'Expected Sample Size (Quantitative)', '', '', 1, 1, '2025-07-08 10:38:24.003350', '2025-07-08 10:38:24.003368', 9, 1),
(171, NULL, 'Ethical considerations', '', '', 1, 1, '2025-07-08 10:38:24.003870', '2025-07-08 10:38:24.003884', 9, 1),
(172, NULL, 'Statistical Analysis Techniques', '', '', 1, 1, '2025-07-08 10:38:24.004346', '2025-07-08 10:38:24.004359', 9, 1),
(173, NULL, 'Qualitative Methodologies', '', '', 0, 1, '2025-07-08 10:38:24.004856', '2025-07-08 10:38:24.004869', 9, 1),
(174, NULL, 'Any Specific Input', '', '', 0, 1, '2025-07-08 10:38:24.005341', '2025-07-08 10:38:24.005354', 9, 1),
(175, NULL, 'Additional Data - 1: (filename.pdf)', '', '', 0, 1, '2025-07-08 10:38:24.005791', '2025-07-08 10:38:24.005803', 9, 4),
(176, NULL, 'Additional Data - 2: (filename.csv)', '', '', 0, 1, '2025-07-08 10:38:24.006365', '2025-07-08 10:38:24.006386', 9, 5),
(177, NULL, 'Additional Data - 3: (filename.png)', '', '', 0, 1, '2025-07-08 10:38:24.006977', '2025-07-08 10:38:24.006992', 9, 6);

-- ------------------------------------------------------------------------------------------------------------------
-- 14 314
INSERT INTO `_314_btngroups` (`id`, `deleted_at`, `name`, `description`, `status`, `created_at`, `updated_at`, `form_id`) VALUES
(25, NULL, 'Outputs: Bloom\'s Taxonomy -Cognitive- K3, and K4 Levels', '', 1, '2025-07-21 12:34:18.816319', '2025-07-21 12:34:18.816336', 14),
(26, NULL, 'Outputs: Bloom\'s Taxonomy - Cognitive - K5, K6, Meta-Cognitive Levels & New Research Ideas', '', 1, '2025-07-21 12:34:18.854710', '2025-07-21 12:34:18.854727', 14);

INSERT INTO `_314_groups` (`id`, `deleted_at`, `name`, `description`, `status`, `created_at`, `updated_at`, `form_id`) VALUES
(13, NULL, '', '', 1, '2025-07-21 12:34:18.800003', '2025-07-21 12:34:18.800035', 14);

INSERT INTO `_314_inputs` (`id`, `deleted_at`, `name`, `placeholder`, `remark`, `required`, `status`, `created_at`, `updated_at`, `group_id`, `input_type_id`) VALUES
(236, NULL, 'Chosen Data Collection Method', '', '', 0, 1, '2025-07-21 12:34:18.800984', '2025-07-21 12:34:18.801001', 13, 1),
(237, NULL, 'Research Problem & Objectives', '', '', 0, 1, '2025-07-21 12:34:18.801744', '2025-07-21 12:34:18.801761', 13, 1),
(238, NULL, 'Chosen Study Design', '', '', 0, 1, '2025-07-21 12:34:18.802446', '2025-07-21 12:34:18.802464', 13, 1),
(239, NULL, 'Expected Data Types', '', '', 0, 1, '2025-07-21 12:34:18.803146', '2025-07-21 12:34:18.803163', 13, 1),
(240, NULL, 'Available Resources', '', '', 0, 1, '2025-07-21 12:34:18.803856', '2025-07-21 12:34:18.803874', 13, 1),
(241, NULL, 'Target Population', '', '', 0, 1, '2025-07-21 12:34:18.804785', '2025-07-21 12:34:18.804807', 13, 1),
(242, NULL, 'Ethical Considerations', '', '', 0, 1, '2025-07-21 12:34:18.805672', '2025-07-21 12:34:18.805693', 13, 1),
(243, NULL, 'Literature Review Insights', '', '', 0, 1, '2025-07-21 12:34:18.806500', '2025-07-21 12:34:18.806517', 13, 1),
(244, NULL, 'Formulated Hypotheses', '', '', 0, 1, '2025-07-21 12:34:18.807287', '2025-07-21 12:34:18.807316', 13, 1),
(245, NULL, 'Desired Statistical Analyses', '', '', 0, 1, '2025-07-21 12:34:18.808091', '2025-07-21 12:34:18.808114', 13, 1),
(246, NULL, 'Existing Datasets', '', '', 0, 1, '2025-07-21 12:34:18.809053', '2025-07-21 12:34:18.809071', 13, 1),
(247, NULL, 'Potential Surveys / Questionnaires', '', '', 0, 1, '2025-07-21 12:34:18.809777', '2025-07-21 12:34:18.809795', 13, 1),
(248, NULL, 'Desired Sampling Method', '', '', 0, 1, '2025-07-21 12:34:18.810525', '2025-07-21 12:34:18.810543', 13, 1),
(249, NULL, 'Thematic Areas of Interest', '', '', 0, 1, '2025-07-21 12:34:18.811266', '2025-07-21 12:34:18.811284', 13, 1),
(250, NULL, 'Existing Qualitative Data', '', '', 0, 1, '2025-07-21 12:34:18.811972', '2025-07-21 12:34:18.811989', 13, 1),
(251, NULL, 'Potential Interview/Focus Group Guides (Qualitative)', '', '', 0, 1, '2025-07-21 12:34:18.812671', '2025-07-21 12:34:18.812700', 13, 1),
(252, NULL, 'Any Specific Input', '', '', 0, 1, '2025-07-21 12:34:18.813422', '2025-07-21 12:34:18.813440', 13, 1),
(253, NULL, 'Additional Data - 1: (filename.pdf)', '', '', 0, 1, '2025-07-21 12:34:18.814169', '2025-07-21 12:34:18.814186', 13, 4),
(254, NULL, 'Additional Data - 2: (filename.csv)', '', '', 0, 1, '2025-07-21 12:34:18.814879', '2025-07-21 12:34:18.814897', 13, 5),
(255, NULL, 'Additional Data - 3: (filename.png)', '', '', 0, 1, '2025-07-21 12:34:18.815582', '2025-07-21 12:34:18.815609', 13, 6);

-- ------------------------------------------------------------------------------------------------------------------
-- 15 315 
INSERT INTO `_315_btngroups` (`id`, `deleted_at`, `name`, `description`, `status`, `created_at`, `updated_at`, `form_id`) VALUES
(21, NULL, 'Outputs: Bloom\'s Taxonomy -Cognitive- K3, and K4 Levels', '', 1, '2025-07-23 07:32:11.935793', '2025-07-23 07:32:11.935808', 15),
(22, NULL, 'Outputs: Bloom\'s Taxonomy - Cognitive - K5, K6, Meta-Cognitive Levels & New Research Ideas', '', 1, '2025-07-23 07:32:11.955570', '2025-07-23 07:32:11.955586', 15);

INSERT INTO `_315_groups` (`id`, `deleted_at`, `name`, `description`, `status`, `created_at`, `updated_at`, `form_id`) VALUES
(11, NULL, '', '', 1, '2025-07-23 07:32:11.914754', '2025-07-23 07:32:11.914781', 15);

INSERT INTO `_315_inputs` (`id`, `deleted_at`, `name`, `placeholder`, `remark`, `required`, `status`, `created_at`, `updated_at`, `group_id`, `input_type_id`) VALUES
(221, NULL, 'Chosen Attitudinal Scale(s)', '', '', 0, 1, '2025-07-23 07:32:11.915633', '2025-07-23 07:32:11.915650', 11, 1),
(222, NULL, 'Chosen data Collection Method(s)', '', '', 0, 1, '2025-07-23 07:32:11.916408', '2025-07-23 07:32:11.916424', 11, 1),
(223, NULL, 'Chosen Study Design(s)', '', '', 0, 1, '2025-07-23 07:32:11.917154', '2025-07-23 07:32:11.917170', 11, 1),
(224, NULL, 'Research Objectives', '', '', 0, 1, '2025-07-23 07:32:11.917901', '2025-07-23 07:32:11.917916', 11, 1),
(225, NULL, 'Literature Review Insights', '', '', 0, 1, '2025-07-23 07:32:11.918619', '2025-07-23 07:32:11.918635', 11, 1),
(226, NULL, 'Target Population Profile', '', '', 0, 1, '2025-07-23 07:32:11.919345', '2025-07-23 07:32:11.919361', 11, 1),
(227, NULL, 'Previous Surveys / Questionnaires', '', '', 0, 1, '2025-07-23 07:32:11.920076', '2025-07-23 07:32:11.920092', 11, 1),
(228, NULL, 'Ethical Considerations', '', '', 0, 1, '2025-07-23 07:32:11.920814', '2025-07-23 07:32:11.920829', 11, 1),
(229, NULL, 'Identified Variables', '', '', 0, 1, '2025-07-23 07:32:11.921625', '2025-07-23 07:32:11.921645', 11, 1),
(230, NULL, 'Desired Statistical Analyses', '', '', 0, 1, '2025-07-23 07:32:11.922662', '2025-07-23 07:32:11.922683', 11, 1),
(231, NULL, 'Hypotheses and Assumptions', '', '', 0, 1, '2025-07-23 07:32:11.923592', '2025-07-23 07:32:11.923609', 11, 1),
(232, NULL, 'Scale Type Preference', '', '', 0, 1, '2025-07-23 07:32:11.924458', '2025-07-23 07:32:11.924480', 11, 1),
(233, NULL, 'Preliminary Scale Items', '', '', 0, 1, '2025-07-23 07:32:11.925347', '2025-07-23 07:32:11.925383', 11, 1),
(234, NULL, 'Qualitative Data Collection Settings', '', '', 0, 1, '2025-07-23 07:32:11.926446', '2025-07-23 07:32:11.926476', 11, 1),
(235, NULL, 'Desired Qualitative Approaches', '', '', 0, 1, '2025-07-23 07:32:11.927346', '2025-07-23 07:32:11.927363', 11, 1),
(236, NULL, 'Narratives or Themes (Qualitative)', '', '', 0, 1, '2025-07-23 07:32:11.928288', '2025-07-23 07:32:11.928305', 11, 1),
(237, NULL, 'Expected Data Types', '', '', 0, 1, '2025-07-23 07:32:11.929192', '2025-07-23 07:32:11.929208', 11, 1),
(238, NULL, 'Available Resources', '', '', 0, 1, '2025-07-23 07:32:11.929925', '2025-07-23 07:32:11.929942', 11, 1),
(239, NULL, 'Previous Qualitative Instruments', '', '', 0, 1, '2025-07-23 07:32:11.930667', '2025-07-23 07:32:11.930683', 11, 1),
(240, NULL, 'Open-Ended Questions (Qualitative)', '', '', 0, 1, '2025-07-23 07:32:11.931419', '2025-07-23 07:32:11.931434', 11, 1),
(241, NULL, 'Feedback Mechanism', '', '', 0, 1, '2025-07-23 07:32:11.932151', '2025-07-23 07:32:11.932167', 11, 1),
(242, NULL, 'Any Specific Input', '', '', 0, 1, '2025-07-23 07:32:11.932904', '2025-07-23 07:32:11.932920', 11, 1),
(243, NULL, 'Additional Data - 1: (filename.pdf)', '', '', 0, 1, '2025-07-23 07:32:11.933613', '2025-07-23 07:32:11.933628', 11, 4),
(244, NULL, 'Additional Data - 2: (filename.csv)', '', '', 0, 1, '2025-07-23 07:32:11.934322', '2025-07-23 07:32:11.934343', 11, 5),
(245, NULL, 'Additional Data - 3: (filename.png)', '', '', 0, 1, '2025-07-23 07:32:11.935050', '2025-07-23 07:32:11.935065', 11, 6);

-- ------------------------------------------------------------------------------------------------------------------
-- 16 316 
INSERT INTO `_316_btngroups` (`id`, `deleted_at`, `name`, `description`, `status`, `created_at`, `updated_at`, `form_id`) VALUES
(19, NULL, 'Outputs: Bloom\'s Taxonomy -Cognitive- K3, and K4 Levels', '', 1, '2025-07-04 08:21:28.490636', '2025-07-04 08:21:28.490652', 16),
(20, NULL, 'Outputs: Bloom\'s Taxonomy - Cognitive - K5, K6, Meta-Cognitive Levels & New Research Ideas', '', 1, '2025-07-04 08:21:28.530062', '2025-07-04 08:21:28.530078', 16);


INSERT INTO `_316_groups` (`id`, `deleted_at`, `name`, `description`, `status`, `created_at`, `updated_at`, `form_id`) VALUES
(10, NULL, '', '', 1, '2025-07-04 08:21:28.474461', '2025-07-04 08:21:28.474494', 16);

INSERT INTO `_316_inputs` (`id`, `deleted_at`, `name`, `placeholder`, `remark`, `required`, `status`, `created_at`, `updated_at`, `group_id`, `input_type_id`) VALUES
(176, NULL, 'Details of Identified Instrument', '', '', 0, 1, '2025-07-04 08:21:28.475503', '2025-07-04 08:21:28.475524', 10, 1),
(177, NULL, 'Chosen data Collection Method', '', '', 0, 1, '2025-07-04 08:21:28.476337', '2025-07-04 08:21:28.476354', 10, 1),
(178, NULL, 'Research Objectives', '', '', 0, 1, '2025-07-04 08:21:28.477078', '2025-07-04 08:21:28.477096', 10, 1),
(179, NULL, 'Formulated Hypotheses', '', '', 0, 1, '2025-07-04 08:21:28.477809', '2025-07-04 08:21:28.477840', 10, 1),
(180, NULL, 'Pilot Test Data', '', '', 0, 1, '2025-07-04 08:21:28.478561', '2025-07-04 08:21:28.478578', 10, 1),
(181, NULL, 'Expected Data Types', '', '', 0, 1, '2025-07-04 08:21:28.479279', '2025-07-04 08:21:28.479301', 10, 1),
(182, NULL, 'Desired Statistical Analyses', '', '', 0, 1, '2025-07-04 08:21:28.480061', '2025-07-04 08:21:28.480077', 10, 1),
(183, NULL, 'Previous Validity & Reliability Tests', '', '', 0, 1, '2025-07-04 08:21:28.480823', '2025-07-04 08:21:28.480840', 10, 1),
(184, NULL, 'Measurement Scales', '', '', 0, 1, '2025-07-04 08:21:28.481549', '2025-07-04 08:21:28.481566', 10, 1),
(185, NULL, 'Sample Size & Sampling Method', '', '', 0, 1, '2025-07-04 08:21:28.482240', '2025-07-04 08:21:28.482257', 10, 1),
(186, NULL, 'Thematic Areas of Interest', '', '', 0, 1, '2025-07-04 08:21:28.482973', '2025-07-04 08:21:28.482990', 10, 1),
(187, NULL, 'Data Collection Context', '', '', 0, 1, '2025-07-04 08:21:28.483688', '2025-07-04 08:21:28.483718', 10, 1),
(188, NULL, 'Researcher Reflexivity Notes', '', '', 0, 1, '2025-07-04 08:21:28.484455', '2025-07-04 08:21:28.484476', 10, 1),
(189, NULL, 'Feedback & Revisions', '', '', 0, 1, '2025-07-04 08:21:28.485378', '2025-07-04 08:21:28.485395', 10, 1),
(190, NULL, 'Transcription Details', '', '', 0, 1, '2025-07-04 08:21:28.486192', '2025-07-04 08:21:28.486215', 10, 1),
(191, NULL, 'Any Specific Input', '', '', 0, 1, '2025-07-04 08:21:28.487009', '2025-07-04 08:21:28.487031', 10, 1),
(192, NULL, 'Additional Data - 1: (filename.pdf)', '', '', 0, 1, '2025-07-04 08:21:28.487858', '2025-07-04 08:21:28.487879', 10, 4),
(193, NULL, 'Additional Data - 2: (filename.csv)', '', '', 0, 1, '2025-07-04 08:21:28.488655', '2025-07-04 08:21:28.488677', 10, 5),
(194, NULL, 'Additional Data - 3: (filename.png)', '', '', 0, 1, '2025-07-04 08:21:28.489637', '2025-07-04 08:21:28.489659', 10, 6);

-- ------------------------------------------------------------------------------------------------------------------
-- 17 317 

INSERT INTO `_317_btngroups` (`id`, `deleted_at`, `name`, `description`, `status`, `created_at`, `updated_at`, `form_id`) VALUES
(11, NULL, 'Outputs: Bloom\'s Taxonomy -Cognitive- K3, and K4 Levels', '', 1, '2025-07-04 08:23:45.444488', '2025-07-04 08:23:45.444512', 17),
(12, NULL, 'Outputs: Bloom\'s Taxonomy - Cognitive - K5, K6, Meta-Cognitive Levels & New Research Ideas', '', 1, '2025-07-04 08:23:45.480930', '2025-07-04 08:23:45.480968', 17);

INSERT INTO `_317_groups` (`id`, `deleted_at`, `name`, `description`, `status`, `created_at`, `updated_at`, `form_id`) VALUES
(6, NULL, '', '', 1, '2025-07-04 08:23:45.426218', '2025-07-04 08:23:45.426257', 17);

INSERT INTO `_317_inputs` (`id`, `deleted_at`, `name`, `placeholder`, `remark`, `required`, `status`, `created_at`, `updated_at`, `group_id`, `input_type_id`) VALUES
(98, NULL, 'Research Objectives & Hypotheses', '', '', 1, 1, '2025-07-04 08:23:45.427380', '2025-07-04 08:23:45.427397', 6, 1),
(99, NULL, 'Population Details', '', '', 1, 1, '2025-07-04 08:23:45.428209', '2025-07-04 08:23:45.428230', 6, 1),
(100, NULL, 'Sampling Techniques Preferred', '', '', 1, 1, '2025-07-04 08:23:45.429001', '2025-07-04 08:23:45.429023', 6, 1),
(101, NULL, 'Desired Confidence Level (for Quantitative)', '', '', 1, 1, '2025-07-04 08:23:45.429877', '2025-07-04 08:23:45.429900', 6, 1),
(102, NULL, 'Margin of Error (for Quantitative)', '', '', 1, 1, '2025-07-04 08:23:45.430751', '2025-07-04 08:23:45.430773', 6, 1),
(103, NULL, 'Population Variability (for Quantitative)', '', '', 1, 1, '2025-07-04 08:23:45.431606', '2025-07-04 08:23:45.431630', 6, 1),
(104, NULL, 'Access Constraints', '', '', 1, 1, '2025-07-04 08:23:45.432419', '2025-07-04 08:23:45.432458', 6, 1),
(105, NULL, 'Resource Limitations', '', '', 1, 1, '2025-07-04 08:23:45.433268', '2025-07-04 08:23:45.433290', 6, 1),
(106, NULL, 'Ethical Considerations', '', '', 1, 1, '2025-07-04 08:23:45.434163', '2025-07-04 08:23:45.434187', 6, 1),
(107, NULL, 'Sample Size', '', '', 1, 1, '2025-07-04 08:23:45.435031', '2025-07-04 08:23:45.435054', 6, 1),
(108, NULL, 'Previous Quantitative Studies', '', '', 1, 1, '2025-07-04 08:23:45.435843', '2025-07-04 08:23:45.435865', 6, 1),
(109, NULL, 'Previous Qualitative Studies', '', '', 1, 1, '2025-07-04 08:23:45.436714', '2025-07-04 08:23:45.436734', 6, 1),
(110, NULL, 'Participants Profile (for Qualitative)', '', '', 1, 1, '2025-07-04 08:23:45.437514', '2025-07-04 08:23:45.437531', 6, 1),
(111, NULL, 'Feedback & Revisions', '', '', 1, 1, '2025-07-04 08:23:45.438273', '2025-07-04 08:23:45.438305', 6, 1),
(112, NULL, 'Literature Review Insights', '', '', 1, 1, '2025-07-04 08:23:45.438987', '2025-07-04 08:23:45.439004', 6, 1),
(113, NULL, 'Pilot Test Data', '', '', 1, 1, '2025-07-04 08:23:45.439702', '2025-07-04 08:23:45.439719', 6, 1),
(114, NULL, 'Any Specific Input', '', '', 1, 1, '2025-07-04 08:23:45.440622', '2025-07-04 08:23:45.440647', 6, 1),
(115, NULL, 'Additional Data - 1: (filename.pdf)', '', '', 0, 1, '2025-07-04 08:23:45.441431', '2025-07-04 08:23:45.441451', 6, 4),
(116, NULL, 'Additional Data - 2: (filename.csv)', '', '', 0, 1, '2025-07-04 08:23:45.442438', '2025-07-04 08:23:45.442459', 6, 5),
(117, NULL, 'Additional Data - 3: (filename.png)', '', '', 0, 1, '2025-07-04 08:23:45.443272', '2025-07-04 08:23:45.443296', 6, 6);

-- ------------------------------------------------------------------------------------------------------------------
-- 18 318 
INSERT INTO `_318_btngroups` (`id`, `deleted_at`, `name`, `description`, `status`, `created_at`, `updated_at`, `form_id`) VALUES
(15, NULL, 'Outputs: Bloom\'s Taxonomy -Cognitive- K3, and K4 Levels', '', 1, '2025-07-08 10:51:44.710381', '2025-07-08 10:51:44.710393', 18),
(16, NULL, 'Outputs: Bloom\'s Taxonomy - Cognitive - K5, K6, Meta-Cognitive Levels & New Research Ideas', '', 1, '2025-07-08 10:51:44.744863', '2025-07-08 10:51:44.744881', 18);

INSERT INTO `_318_groups` (`id`, `deleted_at`, `name`, `description`, `status`, `created_at`, `updated_at`, `form_id`) VALUES
(8, NULL, '', '', 1, '2025-07-08 10:51:44.698362', '2025-07-08 10:51:44.698387', 18);

INSERT INTO `_318_inputs` (`id`, `deleted_at`, `name`, `placeholder`, `remark`, `required`, `status`, `created_at`, `updated_at`, `group_id`, `input_type_id`) VALUES
(141, NULL, 'Refined Research Questions', '', '', 1, 1, '2025-07-08 10:51:44.699134', '2025-07-08 10:51:44.699147', 8, 1),
(142, NULL, 'Comprehensive Literature Review', '', '', 1, 1, '2025-07-08 10:51:44.699672', '2025-07-08 10:51:44.699684', 8, 1),
(143, NULL, 'Detailed Objectives of Study/Research', '', '', 1, 1, '2025-07-08 10:51:44.700215', '2025-07-08 10:51:44.700228', 8, 1),
(144, NULL, 'Finalized Hypotheses', '', '', 1, 1, '2025-07-08 10:51:44.700716', '2025-07-08 10:51:44.700729', 8, 1),
(145, NULL, 'Selected Methodology and Justification', '', '', 1, 1, '2025-07-08 10:51:44.701180', '2025-07-08 10:51:44.701191', 8, 1),
(146, NULL, 'Stakeholder Analysis', '', '', 1, 1, '2025-07-08 10:51:44.701626', '2025-07-08 10:51:44.701637', 8, 1),
(147, NULL, 'Significance and Innovation Statement', '', '', 1, 1, '2025-07-08 10:51:44.702084', '2025-07-08 10:51:44.702096', 8, 1),
(148, NULL, 'Ethical Approval / Stakeholder Considerations', '', '', 1, 1, '2025-07-08 10:51:44.702521', '2025-07-08 10:51:44.702533', 8, 1),
(149, NULL, 'Funding Alignment Overview', '', '', 1, 1, '2025-07-08 10:51:44.702958', '2025-07-08 10:51:44.702970', 8, 1),
(150, NULL, 'Data Collection & Stakeholder Engagement Plan', '', '', 1, 1, '2025-07-08 10:51:44.703410', '2025-07-08 10:51:44.703422', 8, 1),
(151, NULL, 'Advanced Analytical Framework', '', '', 1, 1, '2025-07-08 10:51:44.704012', '2025-07-08 10:51:44.704027', 8, 1),
(152, NULL, 'Comprehensive Budget with Justification', '', '', 1, 1, '2025-07-08 10:51:44.704635', '2025-07-08 10:51:44.704656', 8, 1),
(153, NULL, 'Resource and Infrastructure Alignment', '', '', 1, 1, '2025-07-08 10:51:44.705309', '2025-07-08 10:51:44.705331', 8, 1),
(154, NULL, 'Collaboration and Stakeholder Support Plan', '', '', 1, 1, '2025-07-08 10:51:44.705961', '2025-07-08 10:51:44.705981', 8, 1),
(155, NULL, 'Feedback from Experts & Stakeholders', '', '', 1, 1, '2025-07-08 10:51:44.706521', '2025-07-08 10:51:44.706538', 8, 1),
(156, NULL, 'Project Timeline', '', '', 1, 1, '2025-07-08 10:51:44.707055', '2025-07-08 10:51:44.707067', 8, 1),
(157, NULL, 'Detailed Expected Outcomes', '', '', 1, 1, '2025-07-08 10:51:44.707644', '2025-07-08 10:51:44.707665', 8, 1),
(158, NULL, 'Any Specific Input', '', '', 1, 1, '2025-07-08 10:51:44.708279', '2025-07-08 10:51:44.708298', 8, 1),
(159, NULL, 'Additional Data - 1: (filename.pdf)', '', '', 1, 1, '2025-07-08 10:51:44.708909', '2025-07-08 10:51:44.708929', 8, 4),
(160, NULL, 'Additional Data - 2: (filename.csv)', '', '', 0, 1, '2025-07-08 10:51:44.709447', '2025-07-08 10:51:44.709460', 8, 5),
(161, NULL, 'Additional Data - 3: (filename.png)', '', '', 0, 1, '2025-07-08 10:51:44.709917', '2025-07-08 10:51:44.709930', 8, 6);

-- ------------------------------------------------------------------------------------------------------------------
-- 19 319 
INSERT INTO `_319_btngroups` (`id`, `deleted_at`, `name`, `description`, `status`, `created_at`, `updated_at`, `form_id`) VALUES
(15, NULL, 'Outputs: Bloom\'s Taxonomy -Cognitive- K3, and K4 Levels', '', 1, '2025-07-08 10:56:12.821304', '2025-07-08 10:56:12.821315', 19),
(16, NULL, 'Outputs: Bloom\'s Taxonomy - Cognitive - K5, K6, Meta-Cognitive Levels & New Research Ideas', '', 1, '2025-07-08 10:56:12.849461', '2025-07-08 10:56:12.849480', 19);

INSERT INTO `_319_groups` (`id`, `deleted_at`, `name`, `description`, `status`, `created_at`, `updated_at`, `form_id`) VALUES
(8, NULL, '', '', 1, '2025-07-08 10:56:12.810967', '2025-07-08 10:56:12.811003', 19);

INSERT INTO `_319_inputs` (`id`, `deleted_at`, `name`, `placeholder`, `remark`, `required`, `status`, `created_at`, `updated_at`, `group_id`, `input_type_id`) VALUES
(140, NULL, 'Chosen Data Collection Strategy', '', '', 1, 1, '2025-07-08 10:56:12.811893', '2025-07-08 10:56:12.811912', 8, 1),
(141, NULL, 'Research Problem Summary', '', '', 1, 1, '2025-07-08 10:56:12.812427', '2025-07-08 10:56:12.812439', 8, 1),
(142, NULL, 'Variables Identified', '', '', 1, 1, '2025-07-08 10:56:12.812928', '2025-07-08 10:56:12.812940', 8, 1),
(143, NULL, 'Hypothesis Statement', '', '', 1, 1, '2025-07-08 10:56:12.813395', '2025-07-08 10:56:12.813406', 8, 1),
(144, NULL, 'Research Design Type', '', '', 1, 1, '2025-07-08 10:56:12.813840', '2025-07-08 10:56:12.813852', 8, 1),
(145, NULL, 'Methodology Details (Techniques/Approaches)', '', '', 1, 1, '2025-07-08 10:56:12.814282', '2025-07-08 10:56:12.814293', 8, 1),
(146, NULL, 'Data Collection Instrumentation Description', '', '', 1, 1, '2025-07-08 10:56:12.814719', '2025-07-08 10:56:12.814730', 8, 1),
(147, NULL, 'Sample Characteristics', '', '', 1, 1, '2025-07-08 10:56:12.815162', '2025-07-08 10:56:12.815173', 8, 1),
(148, NULL, 'Data Collection Methods (Survey/Experiment etc)', '', '', 1, 1, '2025-07-08 10:56:12.815599', '2025-07-08 10:56:12.815610', 8, 1),
(149, NULL, 'Ethical Considerations', '', '', 1, 1, '2025-07-08 10:56:12.816037', '2025-07-08 10:56:12.816048', 8, 1),
(150, NULL, 'Preliminary Test Results (Pilot Studies)', '', '', 1, 1, '2025-07-08 10:56:12.816471', '2025-07-08 10:56:12.816482', 8, 1),
(151, NULL, 'Literature Review Highlights', '', '', 1, 1, '2025-07-08 10:56:12.816902', '2025-07-08 10:56:12.816913', 8, 1),
(152, NULL, 'Operational Definitions of Variables', '', '', 1, 1, '2025-07-08 10:56:12.817339', '2025-07-08 10:56:12.817350', 8, 1),
(153, NULL, 'Expected Data Types (Qualitative/Quantitative)', '', '', 1, 1, '2025-07-08 10:56:12.817771', '2025-07-08 10:56:12.817783', 8, 1),
(154, NULL, 'Research Questions/Goals', '', '', 1, 1, '2025-07-08 10:56:12.818201', '2025-07-08 10:56:12.818213', 8, 1),
(155, NULL, 'Funding and Resources', '', '', 1, 1, '2025-07-08 10:56:12.818640', '2025-07-08 10:56:12.818651', 8, 1),
(156, NULL, 'Data Analysis Plan', '', '', 1, 1, '2025-07-08 10:56:12.819071', '2025-07-08 10:56:12.819082', 8, 1),
(157, NULL, 'Any Specific Input', '', '', 1, 1, '2025-07-08 10:56:12.819500', '2025-07-08 10:56:12.819512', 8, 1),
(158, NULL, 'Additional Data - 2: (filename.csv)', '', '', 1, 1, '2025-07-08 10:56:12.819934', '2025-07-08 10:56:12.819946', 8, 4),
(159, NULL, 'Additional Data - 3: (filename.png)', '', '', 0, 1, '2025-07-08 10:56:12.820367', '2025-07-08 10:56:12.820379', 8, 5),
(160, NULL, 'Additional Data - 3: (filename.png)', '', '', 0, 1, '2025-07-08 10:56:12.820797', '2025-07-08 10:56:12.820808', 8, 6);

-- ------------------------------------------------------------------------------------------------------------------
-- 20 320
INSERT INTO `_320_btngroups` (`id`, `deleted_at`, `name`, `description`, `status`, `created_at`, `updated_at`, `form_id`) VALUES
(11, NULL, 'Outputs: Bloom\'s Taxonomy -Cognitive- K3, and K4 Levels', '', 1, '2025-07-04 08:48:33.800298', '2025-07-04 08:48:33.800315', 20),
(12, NULL, 'Outputs: Bloom\'s Taxonomy - Cognitive - K5, K6, Meta-Cognitive Levels & New Research Ideas', '', 1, '2025-07-04 08:48:33.838865', '2025-07-04 08:48:33.838884', 20);

INSERT INTO `_320_groups` (`id`, `deleted_at`, `name`, `description`, `status`, `created_at`, `updated_at`, `form_id`) VALUES
(6, NULL, '', '', 1, '2025-07-04 08:48:33.784620', '2025-07-04 08:48:33.784652', 20);

INSERT INTO `_320_inputs` (`id`, `deleted_at`, `name`, `placeholder`, `remark`, `required`, `status`, `created_at`, `updated_at`, `group_id`, `input_type_id`) VALUES
(96, NULL, 'Details of Collected Raw Data', '', '', 1, 1, '2025-07-04 08:48:33.785576', '2025-07-04 08:48:33.785594', 6, 1),
(97, NULL, 'Research Objectives', '', '', 1, 1, '2025-07-04 08:48:33.786285', '2025-07-04 08:48:33.786302', 6, 1),
(98, NULL, 'Formulated Hypotheses', '', '', 1, 1, '2025-07-04 08:48:33.787031', '2025-07-04 08:48:33.787047', 6, 1),
(99, NULL, 'Data Collection Methodology', '', '', 1, 1, '2025-07-04 08:48:33.787834', '2025-07-04 08:48:33.787859', 6, 1),
(100, NULL, 'Software/Tools Available', '', '', 1, 1, '2025-07-04 08:48:33.788661', '2025-07-04 08:48:33.788681', 6, 1),
(101, NULL, 'Desired Output Format', '', '', 1, 1, '2025-07-04 08:48:33.789492', '2025-07-04 08:48:33.789515', 6, 1),
(102, NULL, 'Descriptive Statistics Needs', '', '', 1, 1, '2025-07-04 08:48:33.790315', '2025-07-04 08:48:33.790333', 6, 1),
(103, NULL, 'Inferential Statistics Needs', '', '', 1, 1, '2025-07-04 08:48:33.791055', '2025-07-04 08:48:33.791073', 6, 1),
(104, NULL, 'Level of Measurement', '', '', 1, 1, '2025-07-04 08:48:33.791757', '2025-07-04 08:48:33.791774', 6, 1),
(105, NULL, 'Missing Data', '', '', 1, 1, '2025-07-04 08:48:33.792467', '2025-07-04 08:48:33.792485', 6, 1),
(106, NULL, 'Outliers', '', '', 1, 1, '2025-07-04 08:48:33.793167', '2025-07-04 08:48:33.793195', 6, 1),
(107, NULL, 'Coding Framework', '', '', 1, 1, '2025-07-04 08:48:33.794169', '2025-07-04 08:48:33.794198', 6, 1),
(108, NULL, 'Stakeholder Feedback', '', '', 1, 1, '2025-07-04 08:48:33.795075', '2025-07-04 08:48:33.795092', 6, 1),
(109, NULL, 'Data Analysis Approach', '', '', 1, 1, '2025-07-04 08:48:33.795780', '2025-07-04 08:48:33.795797', 6, 1),
(110, NULL, 'Iterative Analysis Needs', '', '', 1, 1, '2025-07-04 08:48:33.796470', '2025-07-04 08:48:33.796487', 6, 1),
(111, NULL, 'Any Specific Input', '', '', 1, 1, '2025-07-04 08:48:33.797183', '2025-07-04 08:48:33.797201', 6, 1),
(112, NULL, 'Additional Data - 1: (filename.Pdf)', '', '', 1, 1, '2025-07-04 08:48:33.797874', '2025-07-04 08:48:33.797892', 6, 4),
(113, NULL, 'Additional data -2: (filename.CSV)', '', '', 1, 1, '2025-07-04 08:48:33.798736', '2025-07-04 08:48:33.798760', 6, 5),
(114, NULL, 'Additional Data - 3: (filename.png)', '', '', 1, 1, '2025-07-04 08:48:33.799481', '2025-07-04 08:48:33.799497', 6, 6);

-- ------------------------------------------------------------------------------------------------------------------
-- 21 321 
INSERT INTO `_321_btngroups` (`id`, `deleted_at`, `name`, `description`, `status`, `created_at`, `updated_at`, `form_id`) VALUES
(19, NULL, 'Outputs: Bloom\'s Taxonomy -Cognitive- K3, and K4 Levels', '', 1, '2025-07-22 07:27:12.271314', '2025-07-22 07:27:12.271328', 21),
(20, NULL, 'Outputs: Bloom\'s Taxonomy - Cognitive - K5, K6, Meta-Cognitive Levels & New Research Ideas', '', 1, '2025-07-22 07:27:12.337256', '2025-07-22 07:27:12.337267', 21);

INSERT INTO `_321_groups` (`id`, `deleted_at`, `name`, `description`, `status`, `created_at`, `updated_at`, `form_id`) VALUES
(10, NULL, '', '', 1, '2025-07-22 07:27:12.258334', '2025-07-22 07:27:12.258360', 21);

INSERT INTO `_321_inputs` (`id`, `deleted_at`, `name`, `placeholder`, `remark`, `required`, `status`, `created_at`, `updated_at`, `group_id`, `input_type_id`) VALUES
(183, NULL, 'The Processed Data from \'Data Processing\'', '', '', 0, 1, '2025-07-22 07:27:12.259044', '2025-07-22 07:27:12.259058', 10, 1),
(184, NULL, 'Research Objectives', '', '', 0, 1, '2025-07-22 07:27:12.259683', '2025-07-22 07:27:12.259703', 10, 1),
(185, NULL, 'Formulated Hypotheses', '', '', 0, 1, '2025-07-22 07:27:12.260402', '2025-07-22 07:27:12.260419', 10, 1),
(186, NULL, 'Study Design', '', '', 0, 1, '2025-07-22 07:27:12.261041', '2025-07-22 07:27:12.261058', 10, 1),
(187, NULL, 'Audience Information', '', '', 0, 1, '2025-07-22 07:27:12.261751', '2025-07-22 07:27:12.261764', 10, 1),
(188, NULL, 'Preferred Platforms', '', '', 0, 1, '2025-07-22 07:27:12.262313', '2025-07-22 07:27:12.262335', 10, 1),
(189, NULL, 'Hardware & Software Resources', '', '', 0, 1, '2025-07-22 07:27:12.262903', '2025-07-22 07:27:12.262916', 10, 1),
(190, NULL, 'Descriptive Statistics', '', '', 0, 1, '2025-07-22 07:27:12.263478', '2025-07-22 07:27:12.263495', 10, 1),
(191, NULL, 'Complex Analyses Results', '', '', 0, 1, '2025-07-22 07:27:12.264091', '2025-07-22 07:27:12.264107', 10, 1),
(192, NULL, 'Preferred Graphical Representations', '', '', 0, 1, '2025-07-22 07:27:12.264676', '2025-07-22 07:27:12.264691', 10, 1),
(193, NULL, 'Interactivity Needs', '', '', 0, 1, '2025-07-22 07:27:12.265210', '2025-07-22 07:27:12.265225', 10, 1),
(194, NULL, 'Coded Data Outputs', '', '', 0, 1, '2025-07-22 07:27:12.265734', '2025-07-22 07:27:12.265748', 10, 1),
(195, NULL, 'Narratives/Quotes', '', '', 0, 1, '2025-07-22 07:27:12.266268', '2025-07-22 07:27:12.266282', 10, 1),
(196, NULL, 'Visualization Preferences', '', '', 0, 1, '2025-07-22 07:27:12.266788', '2025-07-22 07:27:12.266802', 10, 1),
(197, NULL, 'Depth of Data', '', '', 0, 1, '2025-07-22 07:27:12.267288', '2025-07-22 07:27:12.267298', 10, 1),
(198, NULL, 'Data Collection Methodology', '', '', 0, 1, '2025-07-22 07:27:12.267918', '2025-07-22 07:27:12.267938', 10, 1),
(199, NULL, 'Outliers (Quantitative)', '', '', 0, 1, '2025-07-22 07:27:12.268576', '2025-07-22 07:27:12.268594', 10, 1),
(200, NULL, 'Any Specific Input', '', '', 0, 1, '2025-07-22 07:27:12.269191', '2025-07-22 07:27:12.269209', 10, 1),
(201, NULL, 'Additional Data - 1: (filename.pdf)', '', '', 0, 1, '2025-07-22 07:27:12.269737', '2025-07-22 07:27:12.269752', 10, 4),
(202, NULL, 'Additional Data - 2: (filename.csv)', '', '', 0, 1, '2025-07-22 07:27:12.270254', '2025-07-22 07:27:12.270268', 10, 5),
(203, NULL, 'Additional Data - 3: (filename.png)', '', '', 0, 1, '2025-07-22 07:27:12.270791', '2025-07-22 07:27:12.270804', 10, 6);

-- ------------------------------------------------------------------------------------------------------------------
-- 22 322 
INSERT INTO `_322_btngroups` (`id`, `deleted_at`, `name`, `description`, `status`, `created_at`, `updated_at`, `form_id`) VALUES
(21, NULL, 'Outputs: Bloom\'s Taxonomy -Cognitive- K3, and K4 Levels', '', 1, '2025-07-08 11:00:27.488044', '2025-07-08 11:00:27.488056', 22),
(22, NULL, 'Outputs: Bloom\'s Taxonomy - Cognitive - K5, K6, Meta-Cognitive Levels & New Research Ideas', '', 1, '2025-07-08 11:00:27.515432', '2025-07-08 11:00:27.515445', 22);

INSERT INTO `_322_groups` (`id`, `deleted_at`, `name`, `description`, `status`, `created_at`, `updated_at`, `form_id`) VALUES
(11, NULL, '', '', 1, '2025-07-08 11:00:27.475067', '2025-07-08 11:00:27.475092', 22);

INSERT INTO `_322_inputs` (`id`, `deleted_at`, `name`, `placeholder`, `remark`, `required`, `status`, `created_at`, `updated_at`, `group_id`, `input_type_id`) VALUES
(201, NULL, 'Research Objectives & Goals', '', '', 0, 1, '2025-07-08 11:00:27.475920', '2025-07-08 11:00:27.475934', 11, 1),
(202, NULL, 'Research Methodology', '', '', 0, 1, '2025-07-08 11:00:27.476581', '2025-07-08 11:00:27.476596', 11, 1),
(203, NULL, 'Data Collection Instruments', '', '', 0, 1, '2025-07-08 11:00:27.477125', '2025-07-08 11:00:27.477138', 11, 1),
(204, NULL, 'Collected Data & the Processed Data', '', '', 0, 1, '2025-07-08 11:00:27.477828', '2025-07-08 11:00:27.477849', 11, 1),
(205, NULL, 'Comprehensive Literature Review', '', '', 0, 1, '2025-07-08 11:00:27.478370', '2025-07-08 11:00:27.478383', 11, 1),
(206, NULL, 'Research Findings & Results', '', '', 0, 1, '2025-07-08 11:00:27.478838', '2025-07-08 11:00:27.478850', 11, 1),
(207, NULL, 'Interpretation of Results', '', '', 0, 1, '2025-07-08 11:00:27.479295', '2025-07-08 11:00:27.479307', 11, 1),
(208, NULL, 'Recommendations & Implications', '', '', 0, 1, '2025-07-08 11:00:27.479734', '2025-07-08 11:00:27.479746', 11, 1),
(209, NULL, 'Statistical Analysis Details', '', '', 0, 1, '2025-07-08 11:00:27.480169', '2025-07-08 11:00:27.480181', 11, 1),
(210, NULL, 'Description of Figures and Tables / Infographics', '', '', 0, 1, '2025-07-08 11:00:27.480697', '2025-07-08 11:00:27.480713', 11, 1),
(211, NULL, 'Validation & Reliability Reports', '', '', 0, 1, '2025-07-08 11:00:27.481350', '2025-07-08 11:00:27.481369', 11, 1),
(212, NULL, 'Control Variables', '', '', 0, 1, '2025-07-08 11:00:27.482017', '2025-07-08 11:00:27.482038', 11, 1),
(213, NULL, 'Thematic Codes or Categories', '', '', 0, 1, '2025-07-08 11:00:27.482657', '2025-07-08 11:00:27.482677', 11, 1),
(214, NULL, 'Participant Quotes', '', '', 0, 1, '2025-07-08 11:00:27.483328', '2025-07-08 11:00:27.483348', 11, 1),
(215, NULL, 'Narrative Descriptions', '', '', 0, 1, '2025-07-08 11:00:27.484169', '2025-07-08 11:00:27.484189', 11, 1),
(216, NULL, 'References & Citation Style', '', '', 0, 1, '2025-07-08 11:00:27.484875', '2025-07-08 11:00:27.484891', 11, 1),
(217, NULL, 'Data Visualizations (Qualitative)', '', '', 0, 1, '2025-07-08 11:00:27.485366', '2025-07-08 11:00:27.485379', 11, 1),
(218, NULL, 'Researcher Reflexivity Notes (Qualitative)', '', '', 0, 1, '2025-07-08 11:00:27.485855', '2025-07-08 11:00:27.485867', 11, 1),
(219, NULL, 'Any Specific Input', '', '', 0, 1, '2025-07-08 11:00:27.486293', '2025-07-08 11:00:27.486305', 11, 1),
(220, NULL, 'Additional Data - 1: (filename.pdf)', '', '', 0, 1, '2025-07-08 11:00:27.486733', '2025-07-08 11:00:27.486745', 11, 4),
(221, NULL, 'Additional Data - 2: (filename.csv)', '', '', 0, 1, '2025-07-08 11:00:27.487172', '2025-07-08 11:00:27.487184', 11, 5),
(222, NULL, 'Additional Data - 3: (filename.png)', '', '', 0, 1, '2025-07-08 11:00:27.487605', '2025-07-08 11:00:27.487617', 11, 6);

-- ------------------------------------------------------------------------------------------------------------------
-- 23 423 

INSERT INTO `_423_btngroups` (`id`, `deleted_at`, `name`, `description`, `status`, `created_at`, `updated_at`, `form_id`) VALUES
(149, NULL, 'Outputs: Bloom\'s Taxonomy -Cognitive- K3, and K4 Levels', '', 1, '2025-07-03 08:19:21.459506', '2025-07-03 08:19:21.459524', 23),
(150, NULL, 'Outputs: Bloom\'s Taxonomy - Cognitive - K5, K6, Meta-Cognitive Levels & New Research Ideas', '', 1, '2025-07-03 08:19:21.467014', '2025-07-03 08:19:21.467035', 23);

INSERT INTO `_423_groups` (`id`, `deleted_at`, `name`, `description`, `status`, `created_at`, `updated_at`, `form_id`) VALUES
(102, NULL, '', '', 1, '2025-07-03 08:19:21.457826', '2025-07-03 08:19:21.457861', 23);

INSERT INTO `_423_inputs` (`id`, `deleted_at`, `name`, `placeholder`, `remark`, `required`, `status`, `created_at`, `updated_at`, `group_id`, `input_type_id`) VALUES
(121, NULL, 'A concept / an idea / an example product / a theorem', '', '', 1, 1, '2025-07-03 08:19:21.458738', '2025-07-03 08:19:21.458756', 102, 1);

-- ------------------------------------------------------------------------------------------------------------------
-- 24 424 
INSERT INTO `_424_btngroups` (`id`, `deleted_at`, `name`, `description`, `status`, `created_at`, `updated_at`, `form_id`) VALUES
(41, NULL, 'Outputs: Bloom\'s Taxonomy -Cognitive- K3, and K4 Levels', '', 1, '2025-06-30 10:00:11.628152', '2025-06-30 10:00:11.628177', 24),
(42, NULL, 'Outputs: Bloom\'s Taxonomy - Cognitive - K5, K6, Meta-Cognitive Levels & New Research Ideas', '', 1, '2025-06-30 10:00:11.663698', '2025-06-30 10:00:11.663718', 24);

INSERT INTO `_424_groups` (`id`, `deleted_at`, `name`, `description`, `status`, `created_at`, `updated_at`, `form_id`) VALUES
(21, NULL, '', '', 1, '2025-06-30 10:00:11.623875', '2025-06-30 10:00:11.623921', 24);

INSERT INTO `_424_inputs` (`id`, `deleted_at`, `name`, `placeholder`, `remark`, `required`, `status`, `created_at`, `updated_at`, `group_id`, `input_type_id`) VALUES
(33, NULL, 'A concept / an idea / an example product / a theorem', '', '', 1, 1, '2025-06-30 10:00:11.626390', '2025-06-30 10:00:11.626461', 21, 1);

-- ------------------------------------------------------------------------------------------------------------------
-- 25 425 
INSERT INTO `_425_btngroups` (`id`, `deleted_at`, `name`, `description`, `status`, `created_at`, `updated_at`, `form_id`) VALUES
(17, NULL, 'Outputs: Bloom\'s Taxonomy -Cognitive- K3, and K4 Levels', '', 1, '2025-07-04 08:58:57.071821', '2025-07-04 08:58:57.071846', 25),
(18, NULL, 'Outputs: Bloom\'s Taxonomy - Cognitive - K5, K6, Meta-Cognitive Levels & New Research Ideas', '', 1, '2025-07-04 08:58:57.112596', '2025-07-04 08:58:57.112617', 25);

INSERT INTO `_425_groups` (`id`, `deleted_at`, `name`, `description`, `status`, `created_at`, `updated_at`, `form_id`) VALUES
(9, NULL, '', '', 1, '2025-07-04 08:58:57.055122', '2025-07-04 08:58:57.055171', 25);

INSERT INTO `_425_inputs` (`id`, `deleted_at`, `name`, `placeholder`, `remark`, `required`, `status`, `created_at`, `updated_at`, `group_id`, `input_type_id`) VALUES
(155, NULL, 'Inter-disciplinary Research Topic', '', '', 1, 1, '2025-07-04 08:58:57.056357', '2025-07-04 08:58:57.056378', 9, 1),
(156, NULL, 'Modern Concept Description', '', '', 1, 1, '2025-07-04 08:58:57.057152', '2025-07-04 08:58:57.057169', 9, 1),
(157, NULL, 'Interest Areas in Indian Knowledge System', '', '', 1, 1, '2025-07-04 08:58:57.057950', '2025-07-04 08:58:57.057970', 9, 1),
(158, NULL, 'Researcher\'s Background', '', '', 1, 1, '2025-07-04 08:58:57.058712', '2025-07-04 08:58:57.058732', 9, 1),
(159, NULL, 'Resource Availability', '', '', 1, 1, '2025-07-04 08:58:57.059454', '2025-07-04 08:58:57.059478', 9, 1),
(160, NULL, 'Timeframe for Research', '', '', 1, 1, '2025-07-04 08:58:57.060252', '2025-07-04 08:58:57.060274', 9, 1),
(161, NULL, 'Physical Capabilities and Constraints', '', '', 1, 1, '2025-07-04 08:58:57.061036', '2025-07-04 08:58:57.061058', 9, 1),
(162, NULL, 'Ethical Considerations', '', '', 1, 1, '2025-07-04 08:58:57.061822', '2025-07-04 08:58:57.061844', 9, 1),
(163, NULL, 'Targeted Research Outcome', '', '', 1, 1, '2025-07-04 08:58:57.062608', '2025-07-04 08:58:57.062631', 9, 1),
(164, NULL, 'Preferred Research Methodologies', '', '', 1, 1, '2025-07-04 08:58:57.063384', '2025-07-04 08:58:57.063407', 9, 1),
(165, NULL, 'Collaboration Opportunities', '', '', 1, 1, '2025-07-04 08:58:57.064169', '2025-07-04 08:58:57.064190', 9, 1),
(166, NULL, 'Target Audience/Stakeholders', '', '', 1, 1, '2025-07-04 08:58:57.064946', '2025-07-04 08:58:57.064969', 9, 1),
(167, NULL, 'Cultural and Societal Context', '', '', 1, 1, '2025-07-04 08:58:57.065767', '2025-07-04 08:58:57.065788', 9, 1),
(168, NULL, 'Technological Tools and Support', '', '', 1, 1, '2025-07-04 08:58:57.066542', '2025-07-04 08:58:57.066564', 9, 1),
(169, NULL, 'Historical Research in the Area', '', '', 1, 1, '2025-07-04 08:58:57.067315', '2025-07-04 08:58:57.067337', 9, 1),
(170, NULL, 'Constraints and Limitations', '', '', 1, 1, '2025-07-04 08:58:57.068138', '2025-07-04 08:58:57.068161', 9, 1),
(171, NULL, 'Additional Data - 1: (filename.pdf)', '', '', 1, 1, '2025-07-04 08:58:57.068898', '2025-07-04 08:58:57.068916', 9, 4),
(172, NULL, 'Additional Data - 2: (filename.csv)', '', '', 1, 1, '2025-07-04 08:58:57.069715', '2025-07-04 08:58:57.069737', 9, 5),
(173, NULL, 'Additional data -3: (filename.png)', '', '', 0, 1, '2025-07-04 08:58:57.070692', '2025-07-04 08:58:57.070714', 9, 6);

-- ------------------------------------------------------------------------------------------------------------------
-- 26 426 
INSERT INTO `_426_btngroups` (`id`, `deleted_at`, `name`, `description`, `status`, `created_at`, `updated_at`, `form_id`) VALUES
(21, NULL, 'Outputs: Bloom\'s Taxonomy -Cognitive- K3, and K4 Levels', '', 1, '2025-07-22 05:48:41.394024', '2025-07-22 05:48:41.394042', 26),
(22, NULL, 'Outputs: Bloom\'s Taxonomy - Cognitive - K5, K6, Meta-Cognitive Levels & New Research Ideas', '', 1, '2025-07-22 05:48:41.407910', '2025-07-22 05:48:41.407921', 26);

INSERT INTO `_426_groups` (`id`, `deleted_at`, `name`, `description`, `status`, `created_at`, `updated_at`, `form_id`) VALUES
(11, NULL, '', '', 1, '2025-07-22 05:48:41.382478', '2025-07-22 05:48:41.382507', 26);

INSERT INTO `_426_inputs` (`id`, `deleted_at`, `name`, `placeholder`, `remark`, `required`, `status`, `created_at`, `updated_at`, `group_id`, `input_type_id`) VALUES
(191, NULL, 'Tentative Research Problem Statement', '', '', 1, 1, '2025-07-22 05:48:41.383373', '2025-07-22 05:48:41.383389', 11, 1),
(192, NULL, 'Preliminary Research Questions', '', '', 1, 1, '2025-07-22 05:48:41.383966', '2025-07-22 05:48:41.383983', 11, 1),
(193, NULL, 'Draft List of Keywords', '', '', 1, 1, '2025-07-22 05:48:41.384545', '2025-07-22 05:48:41.384561', 11, 1),
(194, NULL, 'Names Databases/Search Engines (JSTOR, PubMed)', '', '', 1, 1, '2025-07-22 05:48:41.385103', '2025-07-22 05:48:41.385117', 11, 1),
(195, NULL, 'Scope of the Review (Geography/Duration etc)', '', '', 1, 1, '2025-07-22 05:48:41.385627', '2025-07-22 05:48:41.385643', 11, 1),
(196, NULL, 'List of Renowned Journals/Publications', '', '', 1, 1, '2025-07-22 05:48:41.386223', '2025-07-22 05:48:41.386239', 11, 1),
(197, NULL, 'Preliminary Theoretical and Conceptual Ideas', '', '', 1, 1, '2025-07-22 05:48:41.386749', '2025-07-22 05:48:41.386762', 11, 1),
(198, NULL, 'Existing Literature Reviews', '', '', 1, 1, '2025-07-22 05:48:41.387240', '2025-07-22 05:48:41.387257', 11, 1),
(199, NULL, 'Reference Management Software Tool', '', '', 1, 1, '2025-07-22 05:48:41.387782', '2025-07-22 05:48:41.387798', 11, 1),
(200, NULL, 'Feedback from Experts', '', '', 1, 1, '2025-07-22 05:48:41.388311', '2025-07-22 05:48:41.388326', 11, 1),
(201, NULL, 'Initial Operational Definitions', '', '', 1, 1, '2025-07-22 05:48:41.388799', '2025-07-22 05:48:41.388811', 11, 1),
(202, NULL, 'Preliminary Statistical Techniques', '', '', 1, 1, '2025-07-22 05:48:41.389318', '2025-07-22 05:48:41.389333', 11, 1),
(203, NULL, 'Preliminary Quantitative Data Sets', '', '', 1, 1, '2025-07-22 05:48:41.390017', '2025-07-22 05:48:41.390036', 11, 1),
(204, NULL, 'Philosophical Frameworks', '', '', 1, 1, '2025-07-22 05:48:41.390513', '2025-07-22 05:48:41.390525', 11, 1),
(205, NULL, 'Previous Qualitative Approaches', '', '', 1, 1, '2025-07-22 05:48:41.391007', '2025-07-22 05:48:41.391023', 11, 1),
(206, NULL, 'Additional Data - 1', '', '', 1, 1, '2025-07-22 05:48:41.391518', '2025-07-22 05:48:41.391533', 11, 1),
(207, NULL, 'Additional Data - 2: (filename.pdf)', '', '', 1, 1, '2025-07-22 05:48:41.392061', '2025-07-22 05:48:41.392078', 11, 4),
(208, NULL, 'Additional Data - 3: (filename.csv)', '', '', 1, 1, '2025-07-22 05:48:41.392574', '2025-07-22 05:48:41.392587', 11, 5),
(209, NULL, 'Additional Data - 4: (filename.csv)', '', '', 1, 1, '2025-07-22 05:48:41.393311', '2025-07-22 05:48:41.393329', 11, 5);

-- ------------------------------------------------------------------------------------------------------------------
-- 27 327 
INSERT INTO `_327_btngroups` (`id`, `deleted_at`, `name`, `description`, `status`, `created_at`, `updated_at`, `form_id`) VALUES
(17, NULL, 'Outputs: Bloom\'s Taxonomy -Cognitive- K3, and K4 Levels', '', 1, '2025-07-08 11:02:44.803315', '2025-07-08 11:02:44.803331', 27),
(18, NULL, 'Outputs: Bloom\'s Taxonomy - Cognitive - K5, K6, Meta-Cognitive Levels & New Research Ideas', '', 1, '2025-07-08 11:02:44.833840', '2025-07-08 11:02:44.833856', 27);

INSERT INTO `_327_groups` (`id`, `deleted_at`, `name`, `description`, `status`, `created_at`, `updated_at`, `form_id`) VALUES
(9, NULL, '', '', 1, '2025-07-08 11:02:44.786893', '2025-07-08 11:02:44.786927', 27);

INSERT INTO `_327_inputs` (`id`, `deleted_at`, `name`, `placeholder`, `remark`, `required`, `status`, `created_at`, `updated_at`, `group_id`, `input_type_id`) VALUES
(161, NULL, 'Research Topic', '', '', 1, 1, '2025-07-08 11:02:44.788199', '2025-07-08 11:02:44.788219', 9, 1),
(162, NULL, 'Research Type', '', '', 1, 1, '2025-07-08 11:02:44.789009', '2025-07-08 11:02:44.789030', 9, 1),
(163, NULL, 'Research Objectives', '', '', 1, 1, '2025-07-08 11:02:44.789732', '2025-07-08 11:02:44.789753', 9, 1),
(164, NULL, 'Literature Review Summary', '', '', 1, 1, '2025-07-08 11:02:44.790361', '2025-07-08 11:02:44.790377', 9, 1),
(165, NULL, 'Methodology Overview', '', '', 1, 1, '2025-07-08 11:02:44.791005', '2025-07-08 11:02:44.791025', 9, 1),
(166, NULL, 'Data Analysis Techniques', '', '', 1, 1, '2025-07-08 11:02:44.791706', '2025-07-08 11:02:44.791728', 9, 1),
(167, NULL, 'Key Findings', '', '', 1, 1, '2025-07-08 11:02:44.792329', '2025-07-08 11:02:44.792345', 9, 1),
(168, NULL, 'Research Implications', '', '', 1, 1, '2025-07-08 11:02:44.792931', '2025-07-08 11:02:44.792959', 9, 1),
(169, NULL, 'Limitations and Challenges', '', '', 1, 1, '2025-07-08 11:02:44.793610', '2025-07-08 11:02:44.793633', 9, 1),
(170, NULL, 'Future Research Directions', '', '', 1, 1, '2025-07-08 11:02:44.794367', '2025-07-08 11:02:44.794391', 9, 1),
(171, NULL, 'Personal Contribution', '', '', 1, 1, '2025-07-08 11:02:44.795051', '2025-07-08 11:02:44.795070', 9, 1),
(172, NULL, 'Ethical Considerations', '', '', 1, 1, '2025-07-08 11:02:44.795665', '2025-07-08 11:02:44.795684', 9, 1),
(173, NULL, 'Interdisciplinary Links', '', '', 1, 1, '2025-07-08 11:02:44.796310', '2025-07-08 11:02:44.796328', 9, 1),
(174, NULL, 'Publication and Presentation Experience', '', '', 1, 1, '2025-07-08 11:02:44.797058', '2025-07-08 11:02:44.797081', 9, 1),
(175, NULL, 'Examiners\' Background', '', '', 1, 1, '2025-07-08 11:02:44.797719', '2025-07-08 11:02:44.797747', 9, 1),
(176, NULL, 'Post-Viva Steps', '', '', 1, 1, '2025-07-08 11:02:44.798378', '2025-07-08 11:02:44.798408', 9, 1),
(177, NULL, 'Integrating Feedback', '', '', 1, 1, '2025-07-08 11:02:44.799015', '2025-07-08 11:02:44.799036', 9, 1),
(178, NULL, 'Career Development Post-Research', '', '', 1, 1, '2025-07-08 11:02:44.799620', '2025-07-08 11:02:44.799636', 9, 1),
(179, NULL, 'Any Specific Input', '', '', 1, 1, '2025-07-08 11:02:44.800242', '2025-07-08 11:02:44.800258', 9, 1),
(180, NULL, 'Additional Data - 1: (filename.pdf)', '', '', 0, 1, '2025-07-08 11:02:44.800855', '2025-07-08 11:02:44.800873', 9, 4),
(181, NULL, 'Additional Data - 2: (filename.csv)', '', '', 0, 1, '2025-07-08 11:02:44.801990', '2025-07-08 11:02:44.802010', 9, 5),
(182, NULL, 'Additional Data - 3: (filename.png)', '', '', 0, 1, '2025-07-08 11:02:44.802621', '2025-07-08 11:02:44.802637', 9, 6);

-- ------------------------------------------------------------------------------------------------------------------
-- 28 228 
INSERT INTO `_228_btngroups` (`id`, `deleted_at`, `name`, `description`, `status`, `created_at`, `updated_at`, `form_id`) VALUES
(21, NULL, 'Outputs: Bloom\'s Taxonomy -Cognitive- K3, and K4 Levels', '', 1, '2025-07-22 05:48:41.394024', '2025-07-22 05:48:41.394042', 28),
(22, NULL, 'Outputs: Bloom\'s Taxonomy - Cognitive - K5, K6, Meta-Cognitive Levels & New Research Ideas', '', 1, '2025-07-22 05:48:41.407910', '2025-07-22 05:48:41.407921', 28);

INSERT INTO `_228_groups` (`id`, `deleted_at`, `name`, `description`, `status`, `created_at`, `updated_at`, `form_id`) VALUES
(11, NULL, '', '', 1, '2025-07-22 05:48:41.382478', '2025-07-22 05:48:41.382507', 28);

INSERT INTO `_228_inputs` (`id`, `deleted_at`, `name`, `placeholder`, `remark`, `required`, `status`, `created_at`, `updated_at`, `group_id`, `input_type_id`) VALUES
(191, NULL, 'Tentative Research Problem Statement', '', '', 1, 1, '2025-07-22 05:48:41.383373', '2025-07-22 05:48:41.383389', 11, 1),
(192, NULL, 'Preliminary Research Questions', '', '', 1, 1, '2025-07-22 05:48:41.383966', '2025-07-22 05:48:41.383983', 11, 1),
(193, NULL, 'Draft List of Keywords', '', '', 1, 1, '2025-07-22 05:48:41.384545', '2025-07-22 05:48:41.384561', 11, 1),
(194, NULL, 'Names Databases/Search Engines (JSTOR, PubMed)', '', '', 1, 1, '2025-07-22 05:48:41.385103', '2025-07-22 05:48:41.385117', 11, 1),
(195, NULL, 'Scope of the Review (Geography/Duration etc)', '', '', 1, 1, '2025-07-22 05:48:41.385627', '2025-07-22 05:48:41.385643', 11, 1),
(196, NULL, 'List of Renowned Journals/Publications', '', '', 1, 1, '2025-07-22 05:48:41.386223', '2025-07-22 05:48:41.386239', 11, 1),
(197, NULL, 'Preliminary Theoretical and Conceptual Ideas', '', '', 1, 1, '2025-07-22 05:48:41.386749', '2025-07-22 05:48:41.386762', 11, 1),
(198, NULL, 'Existing Literature Reviews', '', '', 1, 1, '2025-07-22 05:48:41.387240', '2025-07-22 05:48:41.387257', 11, 1),
(199, NULL, 'Reference Management Software Tool', '', '', 1, 1, '2025-07-22 05:48:41.387782', '2025-07-22 05:48:41.387798', 11, 1),
(200, NULL, 'Feedback from Experts', '', '', 1, 1, '2025-07-22 05:48:41.388311', '2025-07-22 05:48:41.388326', 11, 1),
(201, NULL, 'Initial Operational Definitions', '', '', 1, 1, '2025-07-22 05:48:41.388799', '2025-07-22 05:48:41.388811', 11, 1),
(202, NULL, 'Preliminary Statistical Techniques', '', '', 1, 1, '2025-07-22 05:48:41.389318', '2025-07-22 05:48:41.389333', 11, 1),
(203, NULL, 'Preliminary Quantitative Data Sets', '', '', 1, 1, '2025-07-22 05:48:41.390017', '2025-07-22 05:48:41.390036', 11, 1),
(204, NULL, 'Philosophical Frameworks', '', '', 1, 1, '2025-07-22 05:48:41.390513', '2025-07-22 05:48:41.390525', 11, 1),
(205, NULL, 'Previous Qualitative Approaches', '', '', 1, 1, '2025-07-22 05:48:41.391007', '2025-07-22 05:48:41.391023', 11, 1),
(206, NULL, 'Additional Data - 1', '', '', 1, 1, '2025-07-22 05:48:41.391518', '2025-07-22 05:48:41.391533', 11, 1),
(207, NULL, 'Additional Data - 2: (filename.pdf)', '', '', 1, 1, '2025-07-22 05:48:41.392061', '2025-07-22 05:48:41.392078', 11, 4),
(208, NULL, 'Additional Data - 3: (filename.csv)', '', '', 1, 1, '2025-07-22 05:48:41.392574', '2025-07-22 05:48:41.392587', 11, 5),
(209, NULL, 'Additional Data - 4: (filename.csv)', '', '', 1, 1, '2025-07-22 05:48:41.393311', '2025-07-22 05:48:41.393329', 11, 5);

-- ------------------------------------------------------------------------------------------------------------------
-- citation
INSERT INTO `citation_groups` (`id`, `deleted_at`, `name`, `description`, `status`, `created_at`, `updated_at`) VALUES
(1, NULL, 'A. Semantic Contextual Expansion', 'Vigyana can expand on your research topic by exploring semantically related concepts and terminologies that may not be explicitly mentioned in the initial input. This method helps in identifying citations that are conceptually relevant but not directly linked by obvious keywords.', 1, '2025-06-30 05:28:53.763520', '2025-07-08 06:29:16.440378'),
(2, NULL, 'B. Citation Network Exploration', 'Utilize Vigyana to map out a citation network starting from a few known key papers, then dynamically explore outward by following cited and citing papers. This approach leverages the structure of existing research networks to discover seminal and peripheral works that are contextually relevant.', 1, '2025-06-30 05:29:42.480841', '2025-07-08 06:29:08.648718'),
(3, NULL, 'C. Cross-disciplinary Citation Mining', 'Vigyana can identify and extract citations from adjacent fields that may impact or enhance the understanding of the primary research topic. This method fosters interdisciplinary innovation by linking seemingly disparate research areas.', 1, '2025-06-30 05:30:10.735212', '2025-07-08 06:28:58.755073'),
(4, NULL, 'D. Authorship Pattern Analysis', 'By analyzing the patterns of authorship and collaboration, Vigyana can suggest potential citations based on authors’ previous works, collaboration networks, and influence in the field, providing a deeper layer of contextual relevance.', 1, '2025-06-30 05:30:37.359669', '2025-07-08 06:28:49.686615');

-- ------------------------------------------------------------------------------------------------------------------
-- ------------------------------------------------------------------------------------------------------------------
-- ------------------------------------------------------------------------------------------------------------------
-- ------------------------------------------------------------------------------------------------------------------
-- ------------------------------------------------------------------------------------------------------------------
-- ------------------------------------------------------------------------------------------------------------------
-- ------------------------------------------------------------------------------------------------------------------
-- ------------------------------------------------------------------------------------------------------------------
-- ------------------------------------------------------------------------------------------------------------------
-- ------------------------------------------------------------------------------------------------------------------
-- ------------------------------------------------------------------------------------------------------------------
-- ------------------------------------------------------------------------------------------------------------------
-- ------------------------------------------------------------------------------------------------------------------
-- ------------------------------------------------------------------------------------------------------------------
-- ------------------------------------------------------------------------------------------------------------------
-- ------------------------------------------------------------------------------------------------------------------
-- ------------------------------------------------------------------------------------------------------------------
-- ------------------------------------------------------------------------------------------------------------------
-- ------------------------------------------------------------------------------------------------------------------
-- ------------------------------------------------------------------------------------------------------------------
-- ------------------------------------------------------------------------------------------------------------------
-- ------------------------------------------------------------------------------------------------------------------
-- ------------------------------------------------------------------------------------------------------------------
-- ------------------------------------------------------------------------------------------------------------------
-- ------------------------------------------------------------------------------------------------------------------
-- ------------------------------------------------------------------------------------------------------------------